000
CDUS42 KTAE 210631
CLIVLD


CLIMATE REPORT
NATIONAL WEATHER SERVICE TALLAHASSEE FL
231 AM EDT THU JUN 21 2018


...................................

...THE VALDOSTA CLIMATE SUMMARY FOR JUNE 20 2018...

CLIMATE NORMAL PERIOD 1981 TO 2010
CLIMATE RECORD PERIOD 1948 TO 2018


WEATHER ITEM   OBSERVED TIME   NORMAL DEPARTURE LAST
                VALUE   (LST)  VALUE  FROM      YEAR
                                      NORMAL
......................................................
TEMPERATURE (F)
 YESTERDAY
  MAXIMUM         96    330 PM  91      5       78
  MINIMUM         73    520 AM  69      4       72
  AVERAGE         85            80      5       75

PRECIPITATION (IN)
  YESTERDAY        0.01          0.22  -0.21     0.92
  MONTH TO DATE    3.09          4.29  -1.20     7.46
  SINCE JUN 1      3.09          4.29  -1.20     7.46
  SINCE JAN 1     23.64         23.29   0.35    23.25

SNOWFALL (IN)
  YESTERDAY        0.0
  MONTH TO DATE    0.0
  SINCE JUN 1      0.0
  SINCE JUL 1      0.6

DEGREE DAYS
 COOLING
  YESTERDAY       20            15      5       10
  MONTH TO DATE  286           277      9      250
  SINCE JUN 1    286           277      9      250
  SINCE JAN 1    764           689     75      791
......................................................


WIND (MPH)
  HIGHEST WIND SPEED    16   HIGHEST WIND DIRECTION     S (170)
  HIGHEST GUST SPEED    21   HIGHEST GUST DIRECTION     S (190)
  AVERAGE WIND SPEED     2.3




RELATIVE HUMIDITY (PERCENT)
 HIGHEST   100
 LOWEST     46
 AVERAGE    73

..........................................................




SUNRISE AND SUNSET
JUNE 21 2018..........SUNRISE   631 AM EDT   SUNSET   839 PM EDT
JUNE 22 2018..........SUNRISE   631 AM EDT   SUNSET   839 PM EDT


-  INDICATES NEGATIVE NUMBERS.
R  INDICATES RECORD WAS SET OR TIED.
MM INDICATES DATA IS MISSING.
T  INDICATES TRACE AMOUNT.




$$
