000
CDUS42 KTAE 102134
CLIVLD

CLIMATE REPORT
NATIONAL WEATHER SERVICE TALLAHASSEE FL
534 PM EDT MON MAY 10 2021

...................................

...THE VALDOSTA CLIMATE SUMMARY FOR MAY 10 2021...
VALID TODAY AS OF 0500 PM LOCAL TIME.

CLIMATE NORMAL PERIOD 1991 TO 2020
CLIMATE RECORD PERIOD 1948 TO 2021


WEATHER ITEM   OBSERVED TIME   NORMAL DEPARTURE LAST
                VALUE   (LST)  VALUE  FROM      YEAR
                                      NORMAL
.......................................................
TEMPERATURE (F)
 TODAY
  MAXIMUM         82    252 PM  86     -4       81
  MINIMUM         61    131 AM  59      2       55
  AVERAGE         72            72      0       68

PRECIPITATION (IN)
  TODAY            T             0.07  -0.07     0.00
  MONTH TO DATE    0.11          0.77  -0.66      T
  SINCE MAR 1      6.93          8.16  -1.23    11.18
  SINCE JAN 1     17.86         15.30   2.56    18.97

SNOWFALL (IN)
  TODAY            0.0

DEGREE DAYS
 HEATING
  TODAY            0                    0
  MONTH TO DATE    2                    1
  SINCE MAR 1    194                  -59
  SINCE JUL 1   1330                 -314

 COOLING
  TODAY            7                    0
  MONTH TO DATE   74                   11
  SINCE MAR 1    269                   71
  SINCE JAN 1    311                   95
.......................................................


WIND (MPH)
  HIGHEST WIND SPEED    10   HIGHEST WIND DIRECTION     S (190)
  HIGHEST GUST SPEED    13   HIGHEST GUST DIRECTION     S (200)
  AVERAGE WIND SPEED     3.7


RELATIVE HUMIDITY (PERCENT)
 HIGHEST    93
 LOWEST     64
 AVERAGE    79

..........................................................


THE VALDOSTA CLIMATE NORMALS FOR TOMORROW
                         NORMAL




SUNRISE AND SUNSET
MAY 10 2021...........SUNRISE   641 AM EDT   SUNSET   818 PM EDT
MAY 11 2021...........SUNRISE   641 AM EDT   SUNSET   819 PM EDT


-  INDICATES NEGATIVE NUMBERS.
R  INDICATES RECORD WAS SET OR TIED.
MM INDICATES DATA IS MISSING.
T  INDICATES TRACE AMOUNT.




$$
