000
CDUS42 KTAE 172135
CLIVLD


CLIMATE REPORT
NATIONAL WEATHER SERVICE TALLAHASSEE FL
535 PM EDT THU OCT 17 2019


...................................

...THE VALDOSTA CLIMATE SUMMARY FOR OCTOBER 17 2019...
VALID TODAY AS OF 0500 PM LOCAL TIME.

CLIMATE NORMAL PERIOD 1981 TO 2010
CLIMATE RECORD PERIOD 1948 TO 2019


WEATHER ITEM   OBSERVED TIME   NORMAL DEPARTURE LAST
                VALUE   (LST)  VALUE  FROM      YEAR
                                      NORMAL
......................................................
TEMPERATURE (F)
 TODAY
  MAXIMUM         75    211 PM  80     -5       92
  MINIMUM         51    639 AM  56     -5       67
  AVERAGE         63            68     -5       80

PRECIPITATION (IN)
  TODAY            0.00          0.11  -0.11     0.00
  MONTH TO DATE    1.57          1.75  -0.18     1.76
  SINCE SEP 1      1.59          6.39  -4.80     5.19
  SINCE JAN 1     36.12         43.42  -7.30    46.17

SNOWFALL (IN)
  TODAY            0.0

DEGREE DAYS
 HEATING
  TODAY            2                    1
  MONTH TO DATE    2                   -5
  SINCE SEP 1      2                   -6
  SINCE JUL 1      2                   -6

 COOLING
  TODAY            0                   -4
  MONTH TO DATE  200                   93
  SINCE SEP 1    702                  224
  SINCE JAN 1   2889                  557
......................................................


WIND (MPH)
  HIGHEST WIND SPEED    12   HIGHEST WIND DIRECTION     N (360)
  HIGHEST GUST SPEED    15   HIGHEST GUST DIRECTION     N (360)
  AVERAGE WIND SPEED     1.8




RELATIVE HUMIDITY (PERCENT)
 HIGHEST    89
 LOWEST     33
 AVERAGE    61

..........................................................


THE VALDOSTA CLIMATE NORMALS FOR TOMORROW
                         NORMAL
 MAXIMUM TEMPERATURE (F)   80
 MINIMUM TEMPERATURE (F)   56


SUNRISE AND SUNSET
OCTOBER 17 2019.......SUNRISE   737 AM EDT   SUNSET   700 PM EDT
OCTOBER 18 2019.......SUNRISE   737 AM EDT   SUNSET   659 PM EDT


-  INDICATES NEGATIVE NUMBERS.
R  INDICATES RECORD WAS SET OR TIED.
MM INDICATES DATA IS MISSING.
T  INDICATES TRACE AMOUNT.




$$
