000
CDUS42 KTAE 090631
CLIVLD


CLIMATE REPORT
NATIONAL WEATHER SERVICE TALLAHASSEE FL
231 AM EDT SUN AUG 9 2020


...................................

...THE VALDOSTA CLIMATE SUMMARY FOR AUGUST 8 2020...

CLIMATE NORMAL PERIOD 1981 TO 2010
CLIMATE RECORD PERIOD 1948 TO 2020


WEATHER ITEM   OBSERVED TIME   NORMAL DEPARTURE LAST
                VALUE   (LST)  VALUE  FROM      YEAR
                                      NORMAL
......................................................
TEMPERATURE (F)
 YESTERDAY
  MAXIMUM         95    127 PM  92      3       97
  MINIMUM         73    157 AM  72      1       73
  AVERAGE         84            82      2       85

PRECIPITATION (IN)
  YESTERDAY        0.00          0.17  -0.17     0.00
  MONTH TO DATE    0.06          1.64  -1.58     1.17
  SINCE JUN 1     14.90         14.33   0.57    11.05
  SINCE JAN 1     36.18         33.33   2.85    23.66

SNOWFALL (IN)
  YESTERDAY        0.0

DEGREE DAYS
 HEATING
  YESTERDAY        0                    0
  MONTH TO DATE    0                    0
  SINCE JUN 1      0                    0
  SINCE JUL 1      0                    0

 COOLING
  YESTERDAY       19                    3
  MONTH TO DATE  150                   15
  SINCE JUN 1   1148                   73
  SINCE JAN 1   1856                  369
......................................................


WIND (MPH)
  HIGHEST WIND SPEED    14   HIGHEST WIND DIRECTION     S (180)
  HIGHEST GUST SPEED    18   HIGHEST GUST DIRECTION     S (170)
  AVERAGE WIND SPEED     3.4




..........................................................


THE VALDOSTA CLIMATE NORMALS FOR TODAY
                         NORMAL
 MAXIMUM TEMPERATURE (F)   92
 MINIMUM TEMPERATURE (F)   72


SUNRISE AND SUNSET
AUGUST  9 2020........SUNRISE   656 AM EDT   SUNSET   821 PM EDT
AUGUST 10 2020........SUNRISE   657 AM EDT   SUNSET   820 PM EDT


-  INDICATES NEGATIVE NUMBERS.
R  INDICATES RECORD WAS SET OR TIED.
MM INDICATES DATA IS MISSING.
T  INDICATES TRACE AMOUNT.




$$
