000
CDUS42 KFFC 220819
CLIVPC

CLIMATE REPORT
NATIONAL WEATHER SERVICE PEACHTREE CITY GA
419 AM EDT THU OCT 22 2020

...................................

...THE CARTERSVILLE CLIMATE SUMMARY FOR OCTOBER 21 2020...

CLIMATE NORMAL PERIOD: 1981 TO 2010
CLIMATE RECORD PERIOD: 9999 TO 9999


WEATHER ITEM   OBSERVED TIME   RECORD YEAR NORMAL DEPARTURE LAST
                VALUE   (LST)  VALUE       VALUE  FROM      YEAR
                                                  NORMAL
...................................................................
TEMPERATURE (F)
 YESTERDAY
  MAXIMUM         84   3:32 PM  MM      MM  72     12       76
  MINIMUM         58   3:48 AM  MM      MM  46     12       52
  AVERAGE         71                        59     12       64

PRECIPITATION (IN)
  YESTERDAY        0.00         MM      MM   0.10  -0.10     0.04
  MONTH TO DATE    1.50                      2.33  -0.83     2.21
  SINCE SEP 1      7.52                      5.95   1.57     2.35
  SINCE JAN 1     51.13                     40.54  10.59    33.89

SNOWFALL (IN)
  YESTERDAY       MM            MM      MM  MM     MM        0.0
  MONTH TO DATE   MM                         0.0   MM        0.0
  SINCE SEP 1      0.0                      MM     MM        0.0
  SINCE JUL 1      0.0                      MM     MM        0.0
  SNOW DEPTH      MM

DEGREE DAYS
 HEATING
  YESTERDAY        0                         7     -7        1
  MONTH TO DATE   46                        92    -46       39
  SINCE SEP 1     63                       110    -47       39
  SINCE JUL 1     63                       110    -47       39

 COOLING
  YESTERDAY        6                         1      5        0
  MONTH TO DATE   51                        31     20      129
  SINCE SEP 1    323                       238     85      586
  SINCE JAN 1   1898                      1503    395     2158
...................................................................


WIND (MPH)
  RESULTANT WIND SPEED   2   RESULTANT WIND DIRECTION   E (80)
  HIGHEST WIND SPEED     9   HIGHEST WIND DIRECTION    NE (60)
  HIGHEST GUST SPEED    13   HIGHEST GUST DIRECTION     E (100)
  AVERAGE WIND SPEED     2.0


SKY COVER
  AVERAGE SKY COVER 0.3


WEATHER CONDITIONS
THE FOLLOWING WEATHER WAS RECORDED YESTERDAY.
  FOG


RELATIVE HUMIDITY (PERCENT)
 HIGHEST    90           9:00 PM
 LOWEST     54           4:00 PM
 AVERAGE    72

..........................................................


THE CARTERSVILLE CLIMATE NORMALS FOR TODAY
                         NORMAL    RECORD    YEAR
 MAXIMUM TEMPERATURE (F)   72        MM        MM
 MINIMUM TEMPERATURE (F)   46        MM        MM


SUNRISE AND SUNSET
OCTOBER 22 2020.......SUNRISE   7:51 AM EDT   SUNSET   6:56 PM EDT
OCTOBER 23 2020.......SUNRISE   7:52 AM EDT   SUNSET   6:55 PM EDT


-  INDICATES NEGATIVE NUMBERS.
R  INDICATES RECORD WAS SET OR TIED.
MM INDICATES DATA IS MISSING.
T  INDICATES TRACE AMOUNT.




$$
