000
CDUS42 KFFC 230832
CLIVPC


CLIMATE REPORT
NATIONAL WEATHER SERVICE PEACHTREE CITY GA
432 AM EDT MON APR 23 2018


...................................

...THE CARTERSVILLE CLIMATE SUMMARY FOR APRIL 22 2018...

CLIMATE NORMAL PERIOD 1981 TO 2010
CLIMATE RECORD PERIOD 9999 TO 9999


WEATHER ITEM   OBSERVED TIME   RECORD YEAR NORMAL DEPARTURE LAST
                VALUE   (LST)  VALUE       VALUE  FROM      YEAR
                                                  NORMAL
..................................................................
TEMPERATURE (F)
 YESTERDAY
  MAXIMUM         61   1044 AM  MM      MM  74    -13       82
  MINIMUM         56   1232 AM  MM      MM  48      8       56
  AVERAGE         59                        61     -2       69

PRECIPITATION (IN)
  YESTERDAY        1.25         MM      MM   0.16   1.09     0.46
  MONTH TO DATE    2.53                      2.74  -0.21     2.91
  SINCE MAR 1      7.83                      7.46   0.37     6.33
  SINCE JAN 1     17.85                     16.96   0.89    14.87

SNOWFALL (IN)
  YESTERDAY        0.0          MM      MM  MM     MM        0.0
  MONTH TO DATE    0.0                      MM     MM        0.0
  SINCE MAR 1      0.0                      MM     MM        0.0
  SINCE JUL 1      0.0                      MM     MM         T
  SNOW DEPTH       0

DEGREE DAYS
 HEATING
  YESTERDAY        6                         5      1        0
  MONTH TO DATE  191                       164     27       63
  SINCE MAR 1    634                       580     54      381
  SINCE JUL 1   3013                      3192   -179     2211

 COOLING
  YESTERDAY        0                         1     -1        4
  MONTH TO DATE    6                        11     -5       51
  SINCE MAR 1      6                        15     -9       72
  SINCE JAN 1     26                        15     11       72
..................................................................


WIND (MPH)
  RESULTANT WIND SPEED   7   RESULTANT WIND DIRECTION   E (90)
  HIGHEST WIND SPEED    18   HIGHEST WIND DIRECTION     E (110)
  HIGHEST GUST SPEED    32   HIGHEST GUST DIRECTION    SE (140)
  AVERAGE WIND SPEED     8.3


SKY COVER
  AVERAGE SKY COVER 1.0


WEATHER CONDITIONS
 THE FOLLOWING WEATHER WAS RECORDED YESTERDAY.
  HEAVY RAIN
  RAIN
  LIGHT RAIN
  FOG


RELATIVE HUMIDITY (PERCENT)
 HIGHEST   100          1200 PM
 LOWEST     62          1200 AM
 AVERAGE    81

..........................................................


THE CARTERSVILLE CLIMATE NORMALS FOR TODAY
                         NORMAL    RECORD    YEAR
 MAXIMUM TEMPERATURE (F)   74        MM        MM
 MINIMUM TEMPERATURE (F)   48        MM        MM


SUNRISE AND SUNSET
APRIL 23 2018.........SUNRISE   659 AM EDT   SUNSET   817 PM EDT
APRIL 24 2018.........SUNRISE   658 AM EDT   SUNSET   818 PM EDT


-  INDICATES NEGATIVE NUMBERS.
R  INDICATES RECORD WAS SET OR TIED.
MM INDICATES DATA IS MISSING.
T  INDICATES TRACE AMOUNT.




$$
