000
CDUS42 KFFC 262035
CLIVPC

CLIMATE REPORT
NATIONAL WEATHER SERVICE NATIONAL WEATHER SERVICE PEACHTREE CITY GA
435 PM EDT TUE MAY 26 2020

...................................

...THE CARTERSVILLE CLIMATE SUMMARY FOR MAY 26 2020...
VALID TODAY AS OF 0400 PM LOCAL TIME.

CLIMATE NORMAL PERIOD: 1981 TO 2010
CLIMATE RECORD PERIOD: 9999 TO 9999


WEATHER ITEM   OBSERVED TIME   RECORD YEAR NORMAL DEPARTURE LAST
                VALUE   (LST)  VALUE       VALUE  FROM      YEAR
                                                  NORMAL
...................................................................
TEMPERATURE (F)
 TODAY
  MAXIMUM         79   2:52 PM  MM      MM  82     M3       94
  MINIMUM         69   3:14 AM  MM      MM  58     11       63
  AVERAGE         74                        70      4       79

PRECIPITATION (IN)
  TODAY            T            MM      MM   0.13  M0.13     0.00
  MONTH TO DATE    1.72                      3.39  M1.67     1.89
  SINCE MAR 1     15.90                     12.02   3.88     9.29
  SINCE JAN 1     33.02                     21.52  11.50    21.55

DEGREE DAYS
 COOLING
  TODAY            9                         6      3       14
  MONTH TO DATE  111                        93     18      186
  SINCE MAR 1    161                       118     43      234
  SINCE JAN 1    163                       118     45      238
...................................................................


WIND (MPH)
  RESULTANT WIND SPEED   4   RESULTANT WIND DIRECTION   E (100)
  HIGHEST WIND SPEED    14   HIGHEST WIND DIRECTION    SE (130)
  HIGHEST GUST SPEED    20   HIGHEST GUST DIRECTION    SE (130)
  AVERAGE WIND SPEED     4.4


SKY COVER
  AVERAGE SKY COVER 0.5


WEATHER CONDITIONS
THE FOLLOWING WEATHER WAS RECORDED TODAY.
  NO SIGNIFICANT WEATHER WAS OBSERVED.


RELATIVE HUMIDITY (PERCENT)
 HIGHEST    90           1:00 AM
 LOWEST     60           3:00 PM
 AVERAGE    75

..........................................................


THE CARTERSVILLE CLIMATE NORMALS FOR TOMORROW
                         NORMAL    RECORD    YEAR
 MAXIMUM TEMPERATURE (F)   83        MM        MM
 MINIMUM TEMPERATURE (F)   58        MM        MM


SUNRISE AND SUNSET
MAY 26 2020...........SUNRISE   6:31 AM EDT   SUNSET   8:42 PM EDT
MAY 27 2020...........SUNRISE   6:30 AM EDT   SUNSET   8:43 PM EDT


M  INDICATES NEGATIVE NUMBERS.
R  INDICATES RECORD WAS SET OR TIED.
MM INDICATES DATA IS MISSING.
T  INDICATES TRACE AMOUNT.




$$
