000
CDUS42 KFFC 160823
CLIVPC


CLIMATE REPORT
NATIONAL WEATHER SERVICE PEACHTREE CITY GA
422 AM EDT MON JUL 16 2018


...................................

...THE CARTERSVILLE CLIMATE SUMMARY FOR JULY 15 2018...

CLIMATE NORMAL PERIOD 1981 TO 2010
CLIMATE RECORD PERIOD 9999 TO 9999


WEATHER ITEM   OBSERVED TIME   RECORD YEAR NORMAL DEPARTURE LAST
                VALUE   (LST)  VALUE       VALUE  FROM      YEAR
                                                  NORMAL
..................................................................
TEMPERATURE (F)
 YESTERDAY
  MAXIMUM         90    424 PM  MM      MM  89      1       89
  MINIMUM         70    619 AM  MM      MM  68      2       69
  AVERAGE         80                        78      2       79

PRECIPITATION (IN)
  YESTERDAY        0.12         MM      MM   0.16  -0.04     1.13
  MONTH TO DATE    0.95                      2.66  -1.71     3.63
  SINCE JUN 1      4.98                      6.50  -1.52     9.22
  SINCE JAN 1     27.36                     28.66  -1.30    35.19

DEGREE DAYS
 COOLING
  YESTERDAY       15                        13      2       14
  MONTH TO DATE  209                       193     16      205
  SINCE JUN 1    589                       488    101      510
  SINCE JAN 1    870                       637    233      755
..................................................................


WIND (MPH)
  RESULTANT WIND SPEED   1   RESULTANT WIND DIRECTION  NE (60)
  HIGHEST WIND SPEED    10   HIGHEST WIND DIRECTION     S (190)
  HIGHEST GUST SPEED    14   HIGHEST GUST DIRECTION     N (20)
  AVERAGE WIND SPEED     1.6


SKY COVER
  AVERAGE SKY COVER 0.5


WEATHER CONDITIONS
 THE FOLLOWING WEATHER WAS RECORDED YESTERDAY.
  THUNDERSTORM
  RAIN
  LIGHT RAIN
  FOG
  HAZE


RELATIVE HUMIDITY (PERCENT)
 HIGHEST   100          1200 AM
 LOWEST     59           400 PM
 AVERAGE    80

..........................................................


THE CARTERSVILLE CLIMATE NORMALS FOR TODAY
                         NORMAL    RECORD    YEAR
 MAXIMUM TEMPERATURE (F)   89        MM        MM
 MINIMUM TEMPERATURE (F)   68        MM        MM


SUNRISE AND SUNSET
JULY 16 2018..........SUNRISE   640 AM EDT   SUNSET   851 PM EDT
JULY 17 2018..........SUNRISE   640 AM EDT   SUNSET   851 PM EDT


-  INDICATES NEGATIVE NUMBERS.
R  INDICATES RECORD WAS SET OR TIED.
MM INDICATES DATA IS MISSING.
T  INDICATES TRACE AMOUNT.




$$
