000
CDUS42 KFFC 170830
CLIVPC


CLIMATE REPORT
NATIONAL WEATHER SERVICE PEACHTREE CITY GA
429 AM EDT WED OCT 17 2018


...................................

...THE CARTERSVILLE CLIMATE SUMMARY FOR OCTOBER 16 2018...

CLIMATE NORMAL PERIOD 1981 TO 2010
CLIMATE RECORD PERIOD 9999 TO 9999


WEATHER ITEM   OBSERVED TIME   RECORD YEAR NORMAL DEPARTURE LAST
                VALUE   (LST)  VALUE       VALUE  FROM      YEAR
                                                  NORMAL
..................................................................
TEMPERATURE (F)
 YESTERDAY
  MAXIMUM         70    126 PM  MM      MM  73     -3       68
  MINIMUM         62    707 AM  MM      MM  48     14       48
  AVERAGE         66                        60      6       58

PRECIPITATION (IN)
  YESTERDAY        0.09         MM      MM   0.09   0.00     0.21
  MONTH TO DATE    4.02                      1.84   2.18     2.31
  SINCE SEP 1      7.42                      5.46   1.96     7.10
  SINCE JAN 1     40.74                     40.05   0.69    48.27

SNOWFALL (IN)
  YESTERDAY        0.0          MM      MM  MM     MM       MM
  MONTH TO DATE    0.0                      MM     MM        0.0
  SINCE SEP 1      0.0                      MM     MM        0.0
  SINCE JUL 1      0.0                      MM     MM        0.0
  SNOW DEPTH       0

DEGREE DAYS
 HEATING
  YESTERDAY        0                         5     -5        7
  MONTH TO DATE    8                        61    -53        8
  SINCE SEP 1      8                        79    -71       22
  SINCE JUL 1      8                        79    -71       22

 COOLING
  YESTERDAY        1                         1      0        0
  MONTH TO DATE  128                        26    102       91
  SINCE SEP 1    543                       233    310      293
  SINCE JAN 1   2022                      1498    524     1669
..................................................................


WIND (MPH)
  RESULTANT WIND SPEED   2   RESULTANT WIND DIRECTION   N (0)
  HIGHEST WIND SPEED    13   HIGHEST WIND DIRECTION     N (10)
  HIGHEST GUST SPEED    17   HIGHEST GUST DIRECTION     N (10)
  AVERAGE WIND SPEED     1.8


SKY COVER
  AVERAGE SKY COVER 0.9


WEATHER CONDITIONS
 THE FOLLOWING WEATHER WAS RECORDED YESTERDAY.
  HEAVY RAIN
  LIGHT RAIN
  FOG


RELATIVE HUMIDITY (PERCENT)
 HIGHEST   100          1200 AM
 LOWEST     81          1200 PM
 AVERAGE    91

..........................................................


THE CARTERSVILLE CLIMATE NORMALS FOR TODAY
                         NORMAL    RECORD    YEAR
 MAXIMUM TEMPERATURE (F)   73        MM        MM
 MINIMUM TEMPERATURE (F)   48        MM        MM


SUNRISE AND SUNSET
OCTOBER 17 2018.......SUNRISE   746 AM EDT   SUNSET   703 PM EDT
OCTOBER 18 2018.......SUNRISE   747 AM EDT   SUNSET   702 PM EDT


-  INDICATES NEGATIVE NUMBERS.
R  INDICATES RECORD WAS SET OR TIED.
MM INDICATES DATA IS MISSING.
T  INDICATES TRACE AMOUNT.




$$
