000
CDUS43 KLOT 040643
CLIVPZ


CLIMATE REPORT
NATIONAL WEATHER SERVICE CHICAGO IL
143 AM CDT THU JUN 4 2020


...................................

...THE VALPARAISO CLIMATE SUMMARY FOR JUNE 3 2020...

CLIMATE NORMAL PERIOD 1981 TO 2010
CLIMATE RECORD PERIOD 1998 TO 2020


WEATHER ITEM   OBSERVED TIME   RECORD YEAR NORMAL DEPARTURE LAST
                VALUE   (LST)  VALUE       VALUE  FROM      YEAR
                                                  NORMAL
..................................................................
TEMPERATURE (F)
 YESTERDAY
  MAXIMUM         82    448 PM  89    2017  76      6       74
  MINIMUM         63    331 AM  42    2013  54      9       49
  AVERAGE         73                        65      8       62

PRECIPITATION (IN)
  YESTERDAY        T             0.44 2003   0.13  -0.13     0.00
  MONTH TO DATE    T                         0.39  -0.39     0.08
  SINCE JUN 1      T                         0.39  -0.39     0.08
  SINCE JAN 1     18.96                     13.37   5.59    14.94

DEGREE DAYS
 HEATING
  YESTERDAY        0                         3     -3        3
  MONTH TO DATE    5                         9     -4        7
  SINCE JUN 1      5                         9     -4        7
  SINCE JUL 1   5807                      6288   -481     5926

 COOLING
  YESTERDAY        8                         3      5        0
  MONTH TO DATE   22                         9     13        6
  SINCE JUN 1     22                         9     13        6
  SINCE JAN 1     80                        56     24       46
..................................................................


WIND (MPH)
  RESULTANT WIND SPEED   2   RESULTANT WIND DIRECTION   W (250)
  HIGHEST WIND SPEED    17   HIGHEST WIND DIRECTION     W (280)
  HIGHEST GUST SPEED    25   HIGHEST GUST DIRECTION    NW (300)
  AVERAGE WIND SPEED     4.5



WEATHER CONDITIONS
 THE FOLLOWING WEATHER WAS RECORDED YESTERDAY.
  LIGHT RAIN


..........................................................


THE VALPARAISO CLIMATE NORMALS FOR TODAY
                         NORMAL    RECORD    YEAR
 MAXIMUM TEMPERATURE (F)   76        92      2011
 MINIMUM TEMPERATURE (F)   55        42      2009


SUNRISE AND SUNSET
JUNE  4 2020..........SUNRISE   515 AM CDT   SUNSET   818 PM CDT
JUNE  5 2020..........SUNRISE   515 AM CDT   SUNSET   818 PM CDT


-  INDICATES NEGATIVE NUMBERS.
R  INDICATES RECORD WAS SET OR TIED.
MM INDICATES DATA IS MISSING.
T  INDICATES TRACE AMOUNT.




$$
