000
CDUS43 KLOT 140632
CLIVPZ


CLIMATE REPORT
NATIONAL WEATHER SERVICE CHICAGO IL
1232 AM CST FRI DEC 14 2018


...................................

...THE VALPARAISO CLIMATE SUMMARY FOR DECEMBER 13 2018...

CLIMATE NORMAL PERIOD 1981 TO 2010
CLIMATE RECORD PERIOD 1998 TO 2018


WEATHER ITEM   OBSERVED TIME   RECORD YEAR NORMAL DEPARTURE LAST
                VALUE   (LST)  VALUE       VALUE  FROM      YEAR
                                                  NORMAL
..................................................................
TEMPERATURE (F)
 YESTERDAY
  MAXIMUM         46    128 PM  63    2015  35     11       39
  MINIMUM         23    703 AM -10    2000  22      1       19
  AVERAGE         35                        29      6       29

PRECIPITATION (IN)
  YESTERDAY        0.27          0.32 2015   0.06   0.21      T
  MONTH TO DATE    1.06                      1.03   0.03     0.03
  SINCE DEC 1      1.06                      1.03   0.03     0.03
  SINCE JAN 1     31.92                     36.36  -4.44    34.52

DEGREE DAYS
 HEATING
  YESTERDAY       30                        36     -6       36
  MONTH TO DATE  429                       444    -15      403
  SINCE DEC 1    429                       444    -15      403
  SINCE JUL 1   1694                      1702     -8     1402

 COOLING
  YESTERDAY        0                         0      0        0
  MONTH TO DATE    0                         0      0        0
  SINCE DEC 1      0                         0      0        0
  SINCE JAN 1   1308                       713    595      968
..................................................................


WIND (MPH)
  RESULTANT WIND SPEED   3   RESULTANT WIND DIRECTION   E (110)
  HIGHEST WIND SPEED    14   HIGHEST WIND DIRECTION     S (170)
  HIGHEST GUST SPEED    19   HIGHEST GUST DIRECTION     S (190)
  AVERAGE WIND SPEED     4.9



WEATHER CONDITIONS
 THE FOLLOWING WEATHER WAS RECORDED YESTERDAY.
  LIGHT RAIN
  FOG
  FOG W/VISIBILITY <= 1/4 MILE
  HAZE


..........................................................


THE VALPARAISO CLIMATE NORMALS FOR TODAY
                         NORMAL    RECORD    YEAR
 MAXIMUM TEMPERATURE (F)   35        63      2015
 MINIMUM TEMPERATURE (F)   22         0      2016


SUNRISE AND SUNSET
DECEMBER 14 2018......SUNRISE   706 AM CST   SUNSET   419 PM CST
DECEMBER 15 2018......SUNRISE   707 AM CST   SUNSET   419 PM CST


-  INDICATES NEGATIVE NUMBERS.
R  INDICATES RECORD WAS SET OR TIED.
MM INDICATES DATA IS MISSING.
T  INDICATES TRACE AMOUNT.




$$
