000
CDUS43 KLOT 210634
CLIVPZ


CLIMATE REPORT
NATIONAL WEATHER SERVICE CHICAGO IL
133 AM CDT FRI SEP 21 2018


...................................

...THE VALPARAISO CLIMATE SUMMARY FOR SEPTEMBER 20 2018...

CLIMATE NORMAL PERIOD 1981 TO 2010
CLIMATE RECORD PERIOD 1998 TO 2018


WEATHER ITEM   OBSERVED TIME   RECORD YEAR NORMAL DEPARTURE LAST
                VALUE   (LST)  VALUE       VALUE  FROM      YEAR
                                                  NORMAL
..................................................................
TEMPERATURE (F)
 YESTERDAY
  MAXIMUM         95R   410 PM  91    2017  73     22       91
  MINIMUM         68    117 AM  42    2006  51     17       58
  AVERAGE         82                        62     20       75

PRECIPITATION (IN)
  YESTERDAY        T             0.30 2000   0.10  -0.10     0.00
  MONTH TO DATE    1.84                      2.16  -0.32     1.39
  SINCE SEP 1      1.84                      2.16  -0.32     1.39
  SINCE JAN 1     24.06                     27.70  -3.64    25.44

DEGREE DAYS
 HEATING
  YESTERDAY        0                         5     -5        0
  MONTH TO DATE    2                        48    -46       46
  SINCE SEP 1      2                        48    -46       46
  SINCE JUL 1      2                        65    -63       52

 COOLING
  YESTERDAY       17                         1     16       10
  MONTH TO DATE  184                        55    129       68
  SINCE SEP 1    184                        55    129       68
  SINCE JAN 1   1243                       691    552      832
..................................................................


WIND (MPH)
  RESULTANT WIND SPEED   8   RESULTANT WIND DIRECTION   S (190)
  HIGHEST WIND SPEED    20   HIGHEST WIND DIRECTION     S (200)
  HIGHEST GUST SPEED    30   HIGHEST GUST DIRECTION     S (200)
  AVERAGE WIND SPEED     9.0



WEATHER CONDITIONS
 THE FOLLOWING WEATHER WAS RECORDED YESTERDAY.
  THUNDERSTORM
  LIGHT RAIN


..........................................................


THE VALPARAISO CLIMATE NORMALS FOR TODAY
                         NORMAL    RECORD    YEAR
 MAXIMUM TEMPERATURE (F)   73        94      2017
 MINIMUM TEMPERATURE (F)   50        37      2006


SUNRISE AND SUNSET
SEPTEMBER 21 2018.....SUNRISE   634 AM CDT   SUNSET   647 PM CDT
SEPTEMBER 22 2018.....SUNRISE   635 AM CDT   SUNSET   645 PM CDT


-  INDICATES NEGATIVE NUMBERS.
R  INDICATES RECORD WAS SET OR TIED.
MM INDICATES DATA IS MISSING.
T  INDICATES TRACE AMOUNT.




$$
