000
CDUS43 KLOT 310632
CLIVPZ


CLIMATE REPORT
NATIONAL WEATHER SERVICE CHICAGO IL
132 AM CDT SAT OCT 31 2020


...................................

...THE VALPARAISO CLIMATE SUMMARY FOR OCTOBER 30 2020...

CLIMATE NORMAL PERIOD 1981 TO 2010
CLIMATE RECORD PERIOD 1998 TO 2020


WEATHER ITEM   OBSERVED TIME   RECORD YEAR NORMAL DEPARTURE LAST
                VALUE   (LST)  VALUE       VALUE  FROM      YEAR
                                                  NORMAL
..................................................................
TEMPERATURE (F)
 YESTERDAY
  MAXIMUM         43    237 PM  76    1999  57    -14       43
  MINIMUM         25R  1158 PM  26    2011  39    -14       38
  AVERAGE         34                        48    -14       41

PRECIPITATION (IN)
  YESTERDAY        0.02          2.32 2011   0.08  -0.06     0.82
  MONTH TO DATE    2.05                      3.16  -1.11     3.65
  SINCE SEP 1      4.42                      6.37  -1.95    10.00
  SINCE JAN 1     30.24                     31.91  -1.67    34.70

DEGREE DAYS
 HEATING
  YESTERDAY       31                        17     14       24
  MONTH TO DATE  412                       384     28      343
  SINCE SEP 1    495                       497     -2      352
  SINCE JUL 1    498                       514    -16      352

 COOLING
  YESTERDAY        0                         0      0        0
  MONTH TO DATE    1                        11    -10       22
  SINCE SEP 1     51                        77    -26      204
  SINCE JAN 1    802                       713     89     1042
..................................................................


WIND (MPH)
  RESULTANT WIND SPEED   6   RESULTANT WIND DIRECTION  NW (330)
  HIGHEST WIND SPEED    16   HIGHEST WIND DIRECTION    NW (320)
  HIGHEST GUST SPEED    28   HIGHEST GUST DIRECTION    NW (320)
  AVERAGE WIND SPEED     6.6



WEATHER CONDITIONS
 THE FOLLOWING WEATHER WAS RECORDED YESTERDAY.
  LIGHT RAIN
  LIGHT SNOW


..........................................................


THE VALPARAISO CLIMATE NORMALS FOR TODAY
                         NORMAL    RECORD    YEAR
 MAXIMUM TEMPERATURE (F)   57        71      2008
 MINIMUM TEMPERATURE (F)   38        27      2019


SUNRISE AND SUNSET
OCTOBER 31 2020.......SUNRISE   719 AM CDT   SUNSET   544 PM CDT
NOVEMBER  1 2020......SUNRISE   620 AM CST   SUNSET   442 PM CST


-  INDICATES NEGATIVE NUMBERS.
R  INDICATES RECORD WAS SET OR TIED.
MM INDICATES DATA IS MISSING.
T  INDICATES TRACE AMOUNT.




$$
