000
CDUS41 KBTV 040638
CLIVSF

CLIMATE REPORT
NATIONAL WEATHER SERVICE BURLINGTON VT
238 AM EDT THU JUN 04 2020

...................................

...THE SPRINGFIELD VT CLIMATE SUMMARY FOR JUNE 3 2020...

CLIMATE NORMAL PERIOD: 1981 TO 2010
CLIMATE RECORD PERIOD: 9999 TO 9999


WEATHER ITEM   OBSERVED TIME   NORMAL DEPARTURE LAST
                VALUE   (LST)  VALUE  FROM      YEAR
                                      NORMAL
.......................................................
TEMPERATURE (F)
 YESTERDAY
  MAXIMUM         74   2:54 PM  72      2       63
  MINIMUM         52   4:51 AM  48      4       40
  AVERAGE         63            60      3       52

PRECIPITATION (IN)
  YESTERDAY        0.08          0.16  -0.08      T
  MONTH TO DATE    0.15          0.47  -0.32     0.04
  SINCE JUN 1      0.15          0.47  -0.32     0.04
  SINCE JAN 1     15.58         16.74  -1.16    17.28

DEGREE DAYS
 HEATING
  YESTERDAY        2             6     -4       13
  MONTH TO DATE   30            18     12       21
  SINCE JUN 1     30            18     12       21
  SINCE JUL 1   7105          7441   -336     7520

 COOLING
  YESTERDAY        0             1     -1        0
  MONTH TO DATE    0             3     -3        0
  SINCE JUN 1      0             3     -3        0
  SINCE JAN 1     34            15     19        7
.......................................................


WIND (MPH)
  HIGHEST WIND SPEED     9   HIGHEST WIND DIRECTION    SW (240)
  HIGHEST GUST SPEED    13   HIGHEST GUST DIRECTION     W (250)
  AVERAGE WIND SPEED     1.3


SKY COVER
  AVERAGE SKY COVER 0.7


WEATHER CONDITIONS
THE FOLLOWING WEATHER WAS RECORDED YESTERDAY.
  LIGHT RAIN
  FOG
  FOG W/VISIBILITY <= 1/4 MILE


RELATIVE HUMIDITY (PERCENT)
 HIGHEST   100           8:00 PM
 LOWEST     60           3:00 PM
 AVERAGE    80

..........................................................


THE SPRINGFIELD VT CLIMATE NORMALS FOR TODAY
                         NORMAL    RECORD    YEAR
 MAXIMUM TEMPERATURE (F)   73        87      2005
 MINIMUM TEMPERATURE (F)   48        33      2002


SUNRISE AND SUNSET
JUNE  4 2020..........SUNRISE   5:11 AM EDT   SUNSET   8:26 PM EDT
JUNE  5 2020..........SUNRISE   5:11 AM EDT   SUNSET   8:27 PM EDT


-  INDICATES NEGATIVE NUMBERS.
R  INDICATES RECORD WAS SET OR TIED.
MM INDICATES DATA IS MISSING.
T  INDICATES TRACE AMOUNT.




$$
