000
CDUS41 KBTV 170559
CLIVSF

CLIMATE REPORT
NATIONAL WEATHER SERVICE BURLINGTON VT
159 AM EDT THU OCT 17 2019

...................................

...THE SPRINGFIELD VT CLIMATE SUMMARY FOR OCTOBER 16 2019...

CLIMATE NORMAL PERIOD: 1981 TO 2010
CLIMATE RECORD PERIOD: 9999 TO 9999


WEATHER ITEM   OBSERVED TIME   NORMAL DEPARTURE LAST
                VALUE   (LST)  VALUE  FROM      YEAR
                                      NORMAL
.......................................................
TEMPERATURE (F)
 YESTERDAY
  MAXIMUM         61   1:23 PM  58      3       54
  MINIMUM         28   6:48 AM  35     -7       33
  AVERAGE         45            47     -2       44

PRECIPITATION (IN)
  YESTERDAY        0.13          0.16  -0.03      T
  MONTH TO DATE    0.79          2.46  -1.67     2.43
  SINCE SEP 1      2.06          6.22  -4.16     6.03
  SINCE JAN 1     27.49         34.59  -7.10    32.99

DEGREE DAYS
 HEATING
  YESTERDAY       20            18      2       21
  MONTH TO DATE  237           249    -12      180
  SINCE SEP 1    417           446    -29      323
  SINCE JUL 1    450           501    -51      331

 COOLING
  YESTERDAY        0             0      0        0
  MONTH TO DATE    0             0      0        6
  SINCE SEP 1     19            23     -4       90
  SINCE JAN 1    409           344     65      569
.......................................................


WIND (MPH)
  HIGHEST WIND SPEED    16   HIGHEST WIND DIRECTION    NE (60)
  HIGHEST GUST SPEED    24   HIGHEST GUST DIRECTION    SE (140)
  AVERAGE WIND SPEED     5.2


SKY COVER
  AVERAGE SKY COVER 0.5


WEATHER CONDITIONS
THE FOLLOWING WEATHER WAS RECORDED YESTERDAY.
  RAIN
  LIGHT RAIN
  FOG
  FOG W/VISIBILITY <= 1/4 MILE


RELATIVE HUMIDITY (PERCENT)
 HIGHEST   100           7:00 AM
 LOWEST     47           1:00 PM
 AVERAGE    74

..........................................................


THE SPRINGFIELD VT CLIMATE NORMALS FOR TODAY
                         NORMAL    RECORD    YEAR
 MAXIMUM TEMPERATURE (F)   58        76      2016
 MINIMUM TEMPERATURE (F)   35        22      2009


SUNRISE AND SUNSET
OCTOBER 17 2019.......SUNRISE   7:06 AM EDT   SUNSET   6:04 PM EDT
OCTOBER 18 2019.......SUNRISE   7:07 AM EDT   SUNSET   6:03 PM EDT


-  INDICATES NEGATIVE NUMBERS.
R  INDICATES RECORD WAS SET OR TIED.
MM INDICATES DATA IS MISSING.
T  INDICATES TRACE AMOUNT.




$$
