000
CDUS41 KBTV 180551
CLIVSF


CLIMATE REPORT
NATIONAL WEATHER SERVICE BURLINGTON VT
150 AM EDT THU OCT 18 2018


...................................

...THE SPRINGFIELD VT CLIMATE SUMMARY FOR OCTOBER 17 2018...

CLIMATE NORMAL PERIOD 1981 TO 2010
CLIMATE RECORD PERIOD 9999 TO 9999


WEATHER ITEM   OBSERVED TIME   NORMAL DEPARTURE LAST
                VALUE   (LST)  VALUE  FROM      YEAR
                                      NORMAL
......................................................
TEMPERATURE (F)
 YESTERDAY
  MAXIMUM         55   1208 PM  58     -3       57
  MINIMUM         30    229 AM  35     -5       27
  AVERAGE         43            46     -3       42

PRECIPITATION (IN)
  YESTERDAY        0.09          0.15  -0.06     0.00
  MONTH TO DATE    2.52          2.61  -0.09     0.97
  SINCE SEP 1      6.12          6.37  -0.25     3.40
  SINCE JAN 1     33.08         34.74  -1.66    31.69

DEGREE DAYS
 HEATING
  YESTERDAY       22            19      3       23
  MONTH TO DATE  202           268    -66      152
  SINCE SEP 1    345           465   -120      272
  SINCE JUL 1    353           520   -167      337

 COOLING
  YESTERDAY        0             0      0        0
  MONTH TO DATE    6             0      6        5
  SINCE SEP 1     90            23     67       86
  SINCE JAN 1    569           344    225      386
......................................................


WIND (MPH)
  HIGHEST WIND SPEED    28   HIGHEST WIND DIRECTION     W (280)
  HIGHEST GUST SPEED    39   HIGHEST GUST DIRECTION     W (290)
  AVERAGE WIND SPEED     5.3


SKY COVER
  AVERAGE SKY COVER 0.6


WEATHER CONDITIONS
 THE FOLLOWING WEATHER WAS RECORDED YESTERDAY.
  RAIN
  LIGHT RAIN
  LIGHT SNOW
  FOG


RELATIVE HUMIDITY (PERCENT)
 HIGHEST   100           100 AM
 LOWEST     46           100 PM
 AVERAGE    73

..........................................................


THE SPRINGFIELD VT CLIMATE NORMALS FOR TODAY
                         NORMAL    RECORD    YEAR
 MAXIMUM TEMPERATURE (F)   58        74      1998
 MINIMUM TEMPERATURE (F)   35        24      2015


SUNRISE AND SUNSET
OCTOBER 18 2018.......SUNRISE   708 AM EDT   SUNSET   602 PM EDT
OCTOBER 19 2018.......SUNRISE   709 AM EDT   SUNSET   601 PM EDT


-  INDICATES NEGATIVE NUMBERS.
R  INDICATES RECORD WAS SET OR TIED.
MM INDICATES DATA IS MISSING.
T  INDICATES TRACE AMOUNT.




$$
