000
CDUS41 KBTV 310541
CLIVSF

CLIMATE REPORT
NATIONAL WEATHER SERVICE BURLINGTON VT
141 AM EDT SAT OCT 31 2020

...................................

...THE SPRINGFIELD VT CLIMATE SUMMARY FOR OCTOBER 30 2020...

CLIMATE NORMAL PERIOD: 1981 TO 2010
CLIMATE RECORD PERIOD: 9999 TO 9999


WEATHER ITEM   OBSERVED TIME   NORMAL DEPARTURE LAST
                VALUE   (LST)  VALUE  FROM      YEAR
                                      NORMAL
.......................................................
TEMPERATURE (F)
 YESTERDAY
  MAXIMUM         37  11:47 PM  53    -16       60
  MINIMUM         32   6:00 AM  32      0       51
  AVERAGE         35            43     -8       56

PRECIPITATION (IN)
  YESTERDAY        0.13          0.10   0.03     0.03
  MONTH TO DATE    4.30          4.33  -0.03     2.88
  SINCE SEP 1      7.14          8.09  -0.95     4.15
  SINCE JAN 1     32.85         36.46  -3.61    29.58

DEGREE DAYS
 HEATING
  YESTERDAY       30            22      8        9
  MONTH TO DATE  466           535    -69      476
  SINCE SEP 1    650           732    -82      656
  SINCE JUL 1    693           787    -94      689

 COOLING
  YESTERDAY        0             0      0        0
  MONTH TO DATE    0             0      0        0
  SINCE SEP 1     35            23     12       19
  SINCE JAN 1    617           344    273      409
.......................................................


WIND (MPH)
  HIGHEST WIND SPEED     7   HIGHEST WIND DIRECTION     E (99)
  HIGHEST GUST SPEED    MM   HIGHEST GUST DIRECTION    MM
  AVERAGE WIND SPEED     4.6


SKY COVER
  AVERAGE SKY COVER 1.0


WEATHER CONDITIONS
THE FOLLOWING WEATHER WAS RECORDED YESTERDAY.
  LIGHT RAIN
  LIGHT SNOW
  FOG


RELATIVE HUMIDITY (PERCENT)
 HIGHEST    92           1:00 AM
 LOWEST     88           5:00 AM
 AVERAGE    90

..........................................................


THE SPRINGFIELD VT CLIMATE NORMALS FOR TODAY
                         NORMAL    RECORD    YEAR
 MAXIMUM TEMPERATURE (F)   53        70      2009
 MINIMUM TEMPERATURE (F)   32        19      2002


SUNRISE AND SUNSET
OCTOBER 31 2020.......SUNRISE   7:25 AM EDT   SUNSET   5:42 PM EDT
NOVEMBER  1 2020......SUNRISE   6:26 AM EST   SUNSET   4:41 PM EST


-  INDICATES NEGATIVE NUMBERS.
R  INDICATES RECORD WAS SET OR TIED.
MM INDICATES DATA IS MISSING.
T  INDICATES TRACE AMOUNT.




$$
