494
CDUS41 KBTV 190527
CLIVSF


CLIMATE REPORT
NATIONAL WEATHER SERVICE BURLINGTON VT
1226 AM EST SAT JAN 19 2019


...................................

...THE SPRINGFIELD VT CLIMATE SUMMARY FOR JANUARY 18 2019...

CLIMATE NORMAL PERIOD 1981 TO 2010
CLIMATE RECORD PERIOD 9999 TO 9999


WEATHER ITEM   OBSERVED TIME   NORMAL DEPARTURE LAST
                VALUE   (LST)  VALUE  FROM      YEAR
                                      NORMAL
......................................................
TEMPERATURE (F)
 YESTERDAY
  MAXIMUM         33    815 PM  29      4       27
  MINIMUM         15    107 AM   9      6        3
  AVERAGE         24            19      5       15

PRECIPITATION (IN)
  YESTERDAY        T             0.09  -0.09      T
  MONTH TO DATE    1.28          1.92  -0.64     1.97
  SINCE DEC 1      5.40          5.19   0.21     5.38
  SINCE JAN 1      1.28          1.92  -0.64     1.97

DEGREE DAYS
 HEATING
  YESTERDAY       41            46     -5       50
  MONTH TO DATE  761           817    -56      919
  SINCE DEC 1   1947          2037    -90     2291
  SINCE JUL 1   3629          3680    -51     3683

 COOLING
  YESTERDAY        0             0      0        0
  MONTH TO DATE    0             0      0        0
  SINCE DEC 1      0             0      0        0
  SINCE JAN 1      0             0      0        0
......................................................


WIND (MPH)
  HIGHEST WIND SPEED    14   HIGHEST WIND DIRECTION     W (290)
  HIGHEST GUST SPEED    20   HIGHEST GUST DIRECTION    NW (310)
  AVERAGE WIND SPEED     2.4


SKY COVER
  AVERAGE SKY COVER 1.0


WEATHER CONDITIONS
 THE FOLLOWING WEATHER WAS RECORDED YESTERDAY.
  LIGHT SNOW
  HAZE


RELATIVE HUMIDITY (PERCENT)
 HIGHEST    92           700 PM
 LOWEST     53          1000 PM
 AVERAGE    73

..........................................................


THE SPRINGFIELD VT CLIMATE NORMALS FOR TODAY
                         NORMAL    RECORD    YEAR
 MAXIMUM TEMPERATURE (F)   29        42      2013
 MINIMUM TEMPERATURE (F)    9       -17      1997


SUNRISE AND SUNSET
JANUARY 19 2019.......SUNRISE   717 AM EST   SUNSET   445 PM EST
JANUARY 20 2019.......SUNRISE   717 AM EST   SUNSET   446 PM EST


-  INDICATES NEGATIVE NUMBERS.
R  INDICATES RECORD WAS SET OR TIED.
MM INDICATES DATA IS MISSING.
T  INDICATES TRACE AMOUNT.




$$
