000
CDUS41 KBTV 180533
CLIVSF


CLIMATE REPORT
NATIONAL WEATHER SERVICE BURLINGTON VT
133 AM EDT WED JUL 18 2018


...................................

...THE SPRINGFIELD VT CLIMATE SUMMARY FOR JULY 17 2018...

CLIMATE NORMAL PERIOD 1981 TO 2010
CLIMATE RECORD PERIOD 9999 TO 9999


WEATHER ITEM   OBSERVED TIME   NORMAL DEPARTURE LAST
                VALUE   (LST)  VALUE  FROM      YEAR
                                      NORMAL
......................................................
TEMPERATURE (F)
 YESTERDAY
  MAXIMUM         76    133 AM  81     -5       86
  MINIMUM         66   1136 PM  57      9       58
  AVERAGE         71            69      2       72

PRECIPITATION (IN)
  YESTERDAY        1.22          0.15   1.07     0.46
  MONTH TO DATE    2.20          2.36  -0.16     2.78
  SINCE JUN 1      5.78          6.25  -0.47     7.26
  SINCE JAN 1     19.01         22.52  -3.51    24.85

DEGREE DAYS
 HEATING
  YESTERDAY        0             0      0        0
  MONTH TO DATE    2             9     -7        6
  SINCE JUN 1    102           105     -3      104
  SINCE JUL 1      2             9     -7        6

 COOLING
  YESTERDAY        6             5      1        7
  MONTH TO DATE  135            78     57       76
  SINCE JUN 1    182           142     40      158
  SINCE JAN 1    205           154     51      172
......................................................


WIND (MPH)
  HIGHEST WIND SPEED     9   HIGHEST WIND DIRECTION    SW (220)
  HIGHEST GUST SPEED    12   HIGHEST GUST DIRECTION     W (250)
  AVERAGE WIND SPEED     1.8


SKY COVER
  AVERAGE SKY COVER 0.9


WEATHER CONDITIONS
 THE FOLLOWING WEATHER WAS RECORDED YESTERDAY.
  THUNDERSTORM
  HEAVY RAIN
  RAIN
  LIGHT RAIN
  FOG


RELATIVE HUMIDITY (PERCENT)
 HIGHEST   100           500 AM
 LOWEST     87          1200 AM
 AVERAGE    94

..........................................................


THE SPRINGFIELD VT CLIMATE NORMALS FOR TODAY
                         NORMAL    RECORD    YEAR
 MAXIMUM TEMPERATURE (F)   81        93      2013
 MINIMUM TEMPERATURE (F)   57        53      2014


SUNRISE AND SUNSET
JULY 18 2018..........SUNRISE   526 AM EDT   SUNSET   826 PM EDT
JULY 19 2018..........SUNRISE   527 AM EDT   SUNSET   825 PM EDT


-  INDICATES NEGATIVE NUMBERS.
R  INDICATES RECORD WAS SET OR TIED.
MM INDICATES DATA IS MISSING.
T  INDICATES TRACE AMOUNT.




$$
