769
CDUS43 KLBF 230916
CLIVTN


CLIMATE REPORT
NATIONAL WEATHER SERVICE NORTH PLATTE
415 AM CDT SUN SEP 23 2018


...................................

...THE VALENTINE NE CLIMATE SUMMARY FOR SEPTEMBER 22 2018...

CLIMATE NORMAL PERIOD 1981 TO 2010
CLIMATE RECORD PERIOD 1885 TO 2018


WEATHER ITEM   OBSERVED TIME   RECORD YEAR NORMAL DEPARTURE LAST
                VALUE   (LST)  VALUE       VALUE  FROM      YEAR
                                                  NORMAL
..................................................................
TEMPERATURE (F)
 YESTERDAY
  MAXIMUM         86    455 PM  95    1922  74     12       75
  MINIMUM         49    107 AM  23    1995  44      5       51
  AVERAGE         68                        59      9       63

PRECIPITATION (IN)
  YESTERDAY        0.00          0.97 1960   0.06  -0.06     0.02
  MONTH TO DATE    1.19                      1.20  -0.01     0.81
  SINCE SEP 1      1.19                      1.20  -0.01     0.81
  SINCE JAN 1     25.05                     17.31   7.74    13.99

SNOWFALL (IN)
  YESTERDAY        0.0           0.0    MM   0.0    0.0      0.0
  MONTH TO DATE    0.0                       0.3   -0.3      0.0
  SINCE SEP 1      0.0                       0.3   -0.3      0.0
  SINCE JUL 1      0.0                       0.3   -0.3      0.0
  SNOW DEPTH       0

DEGREE DAYS
 HEATING
  YESTERDAY        0                         7     -7        2
  MONTH TO DATE   18                        89    -71       48
  SINCE SEP 1     18                        89    -71       48
  SINCE JUL 1     31                       114    -83       55

 COOLING
  YESTERDAY        3                         1      2        0
  MONTH TO DATE  141                        74     67      124
  SINCE SEP 1    141                        74     67      124
  SINCE JAN 1   1051                       810    241     1058
..................................................................


WIND (MPH)
  HIGHEST WIND SPEED    29   HIGHEST WIND DIRECTION     S (200)
  HIGHEST GUST SPEED    38   HIGHEST GUST DIRECTION    SW (210)
  AVERAGE WIND SPEED    14.6


SKY COVER
  POSSIBLE SUNSHINE  MM
  AVERAGE SKY COVER 0.0


WEATHER CONDITIONS
 THE FOLLOWING WEATHER WAS RECORDED YESTERDAY.
  NO SIGNIFICANT WEATHER WAS OBSERVED.


RELATIVE HUMIDITY (PERCENT)
 HIGHEST    80           700 AM
 LOWEST     25           400 PM
 AVERAGE    53

..........................................................


THE VALENTINE NE CLIMATE NORMALS FOR TODAY
                         NORMAL    RECORD    YEAR
 MAXIMUM TEMPERATURE (F)   74        96      1905
 MINIMUM TEMPERATURE (F)   44        23      1989


SUNRISE AND SUNSET
SEPTEMBER 23 2018.....SUNRISE   731 AM CDT   SUNSET   738 PM CDT
SEPTEMBER 24 2018.....SUNRISE   732 AM CDT   SUNSET   736 PM CDT


-  INDICATES NEGATIVE NUMBERS.
R  INDICATES RECORD WAS SET OR TIED.
MM INDICATES DATA IS MISSING.
T  INDICATES TRACE AMOUNT.




$$
