000
CDUS43 KLBF 151029
CLIVTN


CLIMATE REPORT
NATIONAL WEATHER SERVICE NORTH PLATTE
428 AM CST SAT DEC 15 2018


...................................

...THE VALENTINE NE CLIMATE SUMMARY FOR DECEMBER 14 2018...

CLIMATE NORMAL PERIOD 1981 TO 2010
CLIMATE RECORD PERIOD 1885 TO 2018


WEATHER ITEM   OBSERVED TIME   RECORD YEAR NORMAL DEPARTURE LAST
                VALUE   (LST)  VALUE       VALUE  FROM      YEAR
                                                  NORMAL
..................................................................
TEMPERATURE (F)
 YESTERDAY
  MAXIMUM         45    327 PM  70    1998  36      9       37
  MINIMUM         20    831 AM -34    1901  11      9       25
  AVERAGE         33                        23     10       31

PRECIPITATION (IN)
  YESTERDAY        0.00          0.39 1902   0.01  -0.01     0.06
  MONTH TO DATE    0.71                      0.18   0.53     0.14
  SINCE DEC 1      0.71                      0.18   0.53     0.14
  SINCE JAN 1     29.24                     19.83   9.41    17.80

SNOWFALL (IN)
  YESTERDAY        0.0           3.9  1902   0.2   -0.2      0.6
  MONTH TO DATE    6.3                       2.3    4.0      1.8
  SINCE DEC 1      6.3                       2.3    4.0      1.8
  SINCE JUL 1     12.3                       9.9    2.4      3.1
  SNOW DEPTH       1

DEGREE DAYS
 HEATING
  YESTERDAY       32                        42    -10       34
  MONTH TO DATE  583                       561     22      415
  SINCE DEC 1    583                       561     22      415
  SINCE JUL 1   2148                      2179    -31     1714

 COOLING
  YESTERDAY        0                         0      0        0
  MONTH TO DATE    0                         0      0        0
  SINCE DEC 1      0                         0      0        0
  SINCE JAN 1   1058                       821    237     1060
..................................................................


WIND (MPH)
  HIGHEST WIND SPEED    13   HIGHEST WIND DIRECTION    SW (240)
  HIGHEST GUST SPEED    15   HIGHEST GUST DIRECTION     W (250)
  AVERAGE WIND SPEED     6.9


SKY COVER
  POSSIBLE SUNSHINE  MM
  AVERAGE SKY COVER 0.0


WEATHER CONDITIONS
 THE FOLLOWING WEATHER WAS RECORDED YESTERDAY.
  NO SIGNIFICANT WEATHER WAS OBSERVED.


RELATIVE HUMIDITY (PERCENT)
 HIGHEST    92          1000 PM
 LOWEST     53           400 PM
 AVERAGE    73

..........................................................


THE VALENTINE NE CLIMATE NORMALS FOR TODAY
                         NORMAL    RECORD    YEAR
 MAXIMUM TEMPERATURE (F)   36        65      2002
 MINIMUM TEMPERATURE (F)   11       -31      1901


SUNRISE AND SUNSET
DECEMBER 15 2018......SUNRISE   806 AM CST   SUNSET   509 PM CST
DECEMBER 16 2018......SUNRISE   807 AM CST   SUNSET   509 PM CST


-  INDICATES NEGATIVE NUMBERS.
R  INDICATES RECORD WAS SET OR TIED.
MM INDICATES DATA IS MISSING.
T  INDICATES TRACE AMOUNT.




$$
