509
CDUS43 KLBF 200908
CLIVTN


CLIMATE REPORT
NATIONAL WEATHER SERVICE NORTH PLATTE
407 AM CDT SUN OCT 20 2019


...................................

...THE VALENTINE NE CLIMATE SUMMARY FOR OCTOBER 19 2019...

CLIMATE NORMAL PERIOD 1981 TO 2010
CLIMATE RECORD PERIOD 1885 TO 2019


WEATHER ITEM   OBSERVED TIME   RECORD YEAR NORMAL DEPARTURE LAST
                VALUE   (LST)  VALUE       VALUE  FROM      YEAR
                                                  NORMAL
..................................................................
TEMPERATURE (F)
 YESTERDAY
  MAXIMUM         65    422 PM  91    1958  62      3       67
  MINIMUM         30    709 AM  13    1989  33     -3       39
  AVERAGE         48                        47      1       53

PRECIPITATION (IN)
  YESTERDAY        0.00          1.71 1908   0.04  -0.04     0.00
  MONTH TO DATE    0.67                      0.86  -0.19     1.76
  SINCE SEP 1      3.36                      2.50   0.86     3.90
  SINCE JAN 1     27.57                     18.61   8.96    27.76

SNOWFALL (IN)
  YESTERDAY        0.0           3.3  1905   0.0    0.0      0.0
  MONTH TO DATE    1.9                       0.6    1.3      3.0
  SINCE SEP 1      1.9                       1.3    0.6      3.0
  SINCE JUL 1      1.9                       1.3    0.6      3.0
  SNOW DEPTH       0

DEGREE DAYS
 HEATING
  YESTERDAY       17                        18     -1       12
  MONTH TO DATE  352                       273     79      390
  SINCE SEP 1    394                       433    -39      498
  SINCE JUL 1    405                       458    -53      511

 COOLING
  YESTERDAY        0                         0      0        0
  MONTH TO DATE    0                         1     -1        0
  SINCE SEP 1    132                        82     50      148
  SINCE JAN 1    930                       818    112     1058
..................................................................


WIND (MPH)
  HIGHEST WIND SPEED    13   HIGHEST WIND DIRECTION     W (250)
  HIGHEST GUST SPEED    17   HIGHEST GUST DIRECTION    SW (220)
  AVERAGE WIND SPEED     5.9


SKY COVER
  POSSIBLE SUNSHINE  MM
  AVERAGE SKY COVER 0.0


WEATHER CONDITIONS
 THE FOLLOWING WEATHER WAS RECORDED YESTERDAY.
  NO SIGNIFICANT WEATHER WAS OBSERVED.


RELATIVE HUMIDITY (PERCENT)
 HIGHEST    89           200 AM
 LOWEST     23           500 PM
 AVERAGE    56

..........................................................


THE VALENTINE NE CLIMATE NORMALS FOR TODAY
                         NORMAL    RECORD    YEAR
 MAXIMUM TEMPERATURE (F)   61        91      1947
 MINIMUM TEMPERATURE (F)   32        10      1905


SUNRISE AND SUNSET
OCTOBER 20 2019.......SUNRISE   801 AM CDT   SUNSET   652 PM CDT
OCTOBER 21 2019.......SUNRISE   803 AM CDT   SUNSET   650 PM CDT


-  INDICATES NEGATIVE NUMBERS.
R  INDICATES RECORD WAS SET OR TIED.
MM INDICATES DATA IS MISSING.
T  INDICATES TRACE AMOUNT.




$$
