000
CDUS43 KLBF 220737
CLIVTN


CLIMATE REPORT
NATIONAL WEATHER SERVICE NORTH PLATTE
234 AM CDT THU OCT 22 2020


...................................

...THE VALENTINE NE CLIMATE SUMMARY FOR OCTOBER 21 2020...

CLIMATE NORMAL PERIOD 1981 TO 2010
CLIMATE RECORD PERIOD 1885 TO 2020


WEATHER ITEM   OBSERVED TIME   RECORD YEAR NORMAL DEPARTURE LAST
                VALUE   (LST)  VALUE       VALUE  FROM      YEAR
                                                  NORMAL
..................................................................
TEMPERATURE (F)
 YESTERDAY
  MAXIMUM         50    332 PM  90    1947  61    -11       49
  MINIMUM         36    811 AM  12    1987  32      4       33
  AVERAGE         43                        46     -3       41

PRECIPITATION (IN)
  YESTERDAY        T             0.45 2019   0.04  -0.04     0.45
  MONTH TO DATE    0.26                      0.93  -0.67     1.12
  SINCE SEP 1      0.89                      2.57  -1.68     3.81
  SINCE JAN 1     16.30                     18.68  -2.38    28.02

SNOWFALL (IN)
  YESTERDAY        T             1.1  1981   0.0    0.0       T
  MONTH TO DATE    0.6                       0.7   -0.1      1.9
  SINCE SEP 1      0.6                       1.4   -0.8      1.9
  SINCE JUL 1      0.6                       1.4   -0.8      1.9
  SNOW DEPTH       0

DEGREE DAYS
 HEATING
  YESTERDAY       22                        19      3       24
  MONTH TO DATE  263                       310    -47      393
  SINCE SEP 1    381                       470    -89      435
  SINCE JUL 1    386                       495   -109      446

 COOLING
  YESTERDAY        0                         0      0        0
  MONTH TO DATE    4                         1      3        0
  SINCE SEP 1    108                        82     26      132
  SINCE JAN 1   1155                       818    337      930
..................................................................


WIND (MPH)
  HIGHEST WIND SPEED    22   HIGHEST WIND DIRECTION    SE (120)
  HIGHEST GUST SPEED    29   HIGHEST GUST DIRECTION    SE (120)
  AVERAGE WIND SPEED    13.2


SKY COVER
  POSSIBLE SUNSHINE  MM
  AVERAGE SKY COVER 1.0


WEATHER CONDITIONS
 THE FOLLOWING WEATHER WAS RECORDED YESTERDAY.
  HAZE


RELATIVE HUMIDITY (PERCENT)
 HIGHEST    89           800 AM
 LOWEST     61           400 PM
 AVERAGE    75

..........................................................


THE VALENTINE NE CLIMATE NORMALS FOR TODAY
                         NORMAL    RECORD    YEAR
 MAXIMUM TEMPERATURE (F)   61        87      2003
 MINIMUM TEMPERATURE (F)   32        10      1917


SUNRISE AND SUNSET
OCTOBER 22 2020.......SUNRISE   805 AM CDT   SUNSET   648 PM CDT
OCTOBER 23 2020.......SUNRISE   806 AM CDT   SUNSET   646 PM CDT


-  INDICATES NEGATIVE NUMBERS.
R  INDICATES RECORD WAS SET OR TIED.
MM INDICATES DATA IS MISSING.
T  INDICATES TRACE AMOUNT.




$$
