000
CDUS43 KLBF 300726
CLIVTN


CLIMATE REPORT
NATIONAL WEATHER SERVICE NORTH PLATTE
225 AM CDT SAT MAY 30 2020


...................................

...THE VALENTINE NE CLIMATE SUMMARY FOR MAY 29 2020...

CLIMATE NORMAL PERIOD 1981 TO 2010
CLIMATE RECORD PERIOD 1885 TO 2020


WEATHER ITEM   OBSERVED TIME   RECORD YEAR NORMAL DEPARTURE LAST
                VALUE   (LST)  VALUE       VALUE  FROM      YEAR
                                                  NORMAL
..................................................................
TEMPERATURE (F)
 YESTERDAY
  MAXIMUM         76    541 PM 102    1934  75      1       73
  MINIMUM         45    324 AM  26    1947  49     -4       48
  AVERAGE         61                        62     -1       61

PRECIPITATION (IN)
  YESTERDAY        0.00          3.76 1949   0.11  -0.11     0.18
  MONTH TO DATE    2.48                      2.88  -0.40     7.35
  SINCE MAR 1      4.92                      6.17  -1.25    11.22
  SINCE JAN 1      5.62                      6.91  -1.29    12.44

SNOWFALL (IN)
  YESTERDAY        0.0           0.0    MM   0.0    0.0      0.0
  MONTH TO DATE    0.0                       0.1   -0.1       T
  SINCE MAR 1     11.2                      11.2    0.0     17.4
  SINCE JUL 1     39.0                      33.3    5.7     46.0
  SNOW DEPTH       0

DEGREE DAYS
 HEATING
  YESTERDAY        4                         5     -1        4
  MONTH TO DATE  246                       252     -6      358
  SINCE MAR 1   1580                      1699   -119     1961
  SINCE JUL 1   6498                      6935   -437     7292

 COOLING
  YESTERDAY        0                         2     -2        0
  MONTH TO DATE    9                        27    -18       10
  SINCE MAR 1      9                        31    -22       10
  SINCE JAN 1      9                        31    -22       10
..................................................................


WIND (MPH)
  HIGHEST WIND SPEED    18   HIGHEST WIND DIRECTION     E (70)
  HIGHEST GUST SPEED    24   HIGHEST GUST DIRECTION     E (80)
  AVERAGE WIND SPEED     7.5


SKY COVER
  POSSIBLE SUNSHINE  MM
  AVERAGE SKY COVER 0.4


WEATHER CONDITIONS
 THE FOLLOWING WEATHER WAS RECORDED YESTERDAY.
  NO SIGNIFICANT WEATHER WAS OBSERVED.


RELATIVE HUMIDITY (PERCENT)
 HIGHEST    80           500 AM
 LOWEST     33           200 PM
 AVERAGE    57

..........................................................


THE VALENTINE NE CLIMATE NORMALS FOR TODAY
                         NORMAL    RECORD    YEAR
 MAXIMUM TEMPERATURE (F)   75        98      1934
 MINIMUM TEMPERATURE (F)   49        32      1947


SUNRISE AND SUNSET
MAY 30 2020...........SUNRISE   607 AM CDT   SUNSET   913 PM CDT
MAY 31 2020...........SUNRISE   607 AM CDT   SUNSET   914 PM CDT


-  INDICATES NEGATIVE NUMBERS.
R  INDICATES RECORD WAS SET OR TIED.
MM INDICATES DATA IS MISSING.
T  INDICATES TRACE AMOUNT.




$$
