870
CDUS43 KLBF 222148
CLIVTN

CLIMATE REPORT
NATIONAL WEATHER SERVICE NORTH PLATTE
445 PM CDT FRI JUN 22 2018


...................................

...THE VALENTINE NE CLIMATE SUMMARY FOR JUNE 22 2018...
VALID TODAY AS OF 0400 PM LOCAL TIME.

CLIMATE NORMAL PERIOD 1981 TO 2010
CLIMATE RECORD PERIOD 1885 TO 2018


WEATHER ITEM   OBSERVED TIME   RECORD YEAR NORMAL DEPARTURE LAST
                VALUE   (LST)  VALUE       VALUE  FROM      YEAR
                                                  NORMAL
..................................................................
TEMPERATURE (F)
 TODAY
  MAXIMUM         82    334 PM 107    1937  84     -2       81
  MINIMUM         52    524 AM  42    1986  56     -4       55
  AVERAGE         67                        70     -3       68

PRECIPITATION (IN)
  TODAY            0.00          1.81 1995   0.12  -0.12      T
  MONTH TO DATE    5.28                      2.66   2.62     0.24
  SINCE JUN 1      5.28                      2.66   2.62     0.24
  SINCE JAN 1     14.17                      9.82   4.35     9.84

SNOWFALL (IN)
  TODAY            0.0           0.0    MM   0.0    0.0      0.0
  MONTH TO DATE    0.0                       0.0    0.0      0.0
  SINCE JUN 1      0.0                       0.0    0.0      0.0
  SINCE JUL 1     45.5                      33.3   12.2     44.5
  SNOW DEPTH       0

DEGREE DAYS
 HEATING
  TODAY            0                         1     -1        0
  MONTH TO DATE    3                        53    -50        4
  SINCE JUN 1      3                        53    -50        4
  SINCE JUL 1   6813                      6995   -182     6238

 COOLING
  TODAY            2                         6     -4        3
  MONTH TO DATE  166                        80     86      169
  SINCE JUN 1    166                        80     86      169
  SINCE JAN 1    277                       114    163      192
..................................................................


WIND (MPH)
  HIGHEST WIND SPEED    22   HIGHEST WIND DIRECTION    SE (140)
  HIGHEST GUST SPEED    28   HIGHEST GUST DIRECTION    SE (150)
  AVERAGE WIND SPEED     8.6


SKY COVER
  POSSIBLE SUNSHINE  MM
  AVERAGE SKY COVER 0.2


WEATHER CONDITIONS
 THE FOLLOWING WEATHER WAS RECORDED TODAY.
  NO SIGNIFICANT WEATHER WAS OBSERVED.


RELATIVE HUMIDITY (PERCENT)
 HIGHEST   100           200 AM
 LOWEST     39           200 PM
 AVERAGE    70

..........................................................


THE VALENTINE NE CLIMATE NORMALS FOR TOMORROW
                         NORMAL    RECORD    YEAR
 MAXIMUM TEMPERATURE (F)   84       107      1937
 MINIMUM TEMPERATURE (F)   56        42      1899


SUNRISE AND SUNSET
JUNE 22 2018..........SUNRISE   604 AM CDT   SUNSET   925 PM CDT
JUNE 23 2018..........SUNRISE   604 AM CDT   SUNSET   925 PM CDT


-  INDICATES NEGATIVE NUMBERS.
R  INDICATES RECORD WAS SET OR TIED.
MM INDICATES DATA IS MISSING.
T  INDICATES TRACE AMOUNT.




$$
