000
CDUS46 KPQR 231147
CLIVUO


CLIMATE REPORT
NATIONAL WEATHER SERVICE PORTLAND OREGON
447 AM PDT TUE OCT 23 2018


...................................

...THE VANCOUVER WA CLIMATE SUMMARY FOR OCTOBER 22 2018...

CLIMATE NORMAL PERIOD 1981 TO 2010
CLIMATE RECORD PERIOD 1891 TO 2018


WEATHER ITEM   OBSERVED TIME   RECORD YEAR NORMAL DEPARTURE LAST
                VALUE   (LST)  VALUE       VALUE  FROM      YEAR
                                                  NORMAL
..................................................................
TEMPERATURE (F)
 YESTERDAY
  MAXIMUM         69    332 PM  80    1929  61      8       62
  MINIMUM         40    335 AM  25    1980  43     -3       46
  AVERAGE         55                        52      3       54

PRECIPITATION (IN)
  YESTERDAY        0.00                      0.11  -0.11     0.46
  MONTH TO DATE    0.82                      2.06  -1.24     4.55
  SINCE OCT 1      0.82                      2.06  -1.24     4.55
  SINCE JAN 1     16.76                     25.45  -8.69    36.23

DEGREE DAYS
 HEATING
  YESTERDAY       10                                        11
  MONTH TO DATE  211                                       256
  SINCE JUL 1    315                                       338

 COOLING
  YESTERDAY        0                                         0
  MONTH TO DATE    0                                         0
  SINCE JAN 1    543                                       639
..................................................................


WIND (MPH)
  HIGHEST WIND SPEED     6   HIGHEST WIND DIRECTION    NW (310)
  HIGHEST GUST SPEED    10   HIGHEST GUST DIRECTION     N (340)
  AVERAGE WIND SPEED     0.8


SKY COVER
  POSSIBLE SUNSHINE  MM
  AVERAGE SKY COVER 0.3


WEATHER CONDITIONS
 THE FOLLOWING WEATHER WAS RECORDED YESTERDAY.
  FOG
  FOG W/VISIBILITY <= 1/4 MILE


RELATIVE HUMIDITY (PERCENT)
 HIGHEST   100           500 AM
 LOWEST     42           400 PM
 AVERAGE    71

..........................................................




SUNRISE AND SUNSET
OCTOBER 23 2018.......SUNRISE   738 AM PDT   SUNSET   611 PM PDT
OCTOBER 24 2018.......SUNRISE   739 AM PDT   SUNSET   609 PM PDT


-  INDICATES NEGATIVE NUMBERS.
R  INDICATES RECORD WAS SET OR TIED.
MM INDICATES DATA IS MISSING.
T  INDICATES TRACE AMOUNT.




$$
