000
CDUS46 KPQR 181144
CLIVUO


CLIMATE REPORT
NATIONAL WEATHER SERVICE PORTLAND OREGON
343 AM PST MON FEB 18 2019


...................................

...THE VANCOUVER WA CLIMATE SUMMARY FOR FEBRUARY 17 2019...

CLIMATE NORMAL PERIOD 1981 TO 2010
CLIMATE RECORD PERIOD 1891 TO 2019


WEATHER ITEM   OBSERVED TIME   RECORD YEAR NORMAL DEPARTURE LAST
                VALUE   (LST)  VALUE       VALUE  FROM      YEAR
                                                  NORMAL
..................................................................
TEMPERATURE (F)
 YESTERDAY
  MAXIMUM         44    127 PM  66    1948  52     -8       56
  MINIMUM         29   1141 PM  17    1936  35     -6       42
  AVERAGE         37                        44     -7       49

PRECIPITATION (IN)
  YESTERDAY        0.00                      0.10  -0.10     0.07
  MONTH TO DATE    3.07                      2.61   0.46     0.67
  SINCE OCT 1     16.56                     23.86  -7.30    20.45
  SINCE JAN 1      5.90                      8.11  -2.21     6.26

DEGREE DAYS
 HEATING
  YESTERDAY       28                                        16
  MONTH TO DATE  471                                       335
  SINCE JUL 1   2791                                      2722

 COOLING
  YESTERDAY        0                                         0
  MONTH TO DATE    0                                         0
  SINCE JAN 1      0                                         0
..................................................................


WIND (MPH)
  HIGHEST WIND SPEED     9   HIGHEST WIND DIRECTION     W (270)
  HIGHEST GUST SPEED    13   HIGHEST GUST DIRECTION     W (290)
  AVERAGE WIND SPEED     1.8


SKY COVER
  POSSIBLE SUNSHINE  MM
  AVERAGE SKY COVER 0.8


WEATHER CONDITIONS
 THE FOLLOWING WEATHER WAS RECORDED YESTERDAY.
  FOG


RELATIVE HUMIDITY (PERCENT)
 HIGHEST   100           200 AM
 LOWEST     62           200 PM
 AVERAGE    81

..........................................................




SUNRISE AND SUNSET
FEBRUARY 18 2019......SUNRISE   708 AM PST   SUNSET   542 PM PST
FEBRUARY 19 2019......SUNRISE   706 AM PST   SUNSET   543 PM PST


-  INDICATES NEGATIVE NUMBERS.
R  INDICATES RECORD WAS SET OR TIED.
MM INDICATES DATA IS MISSING.
T  INDICATES TRACE AMOUNT.




$$
