000
CDUS46 KPQR 240224
CLIVUO


CLIMATE REPORT
NATIONAL WEATHER SERVICE PORTLAND OREGON
624 PM PST FRI FEB 23 2018


...................................

...THE VANCOUVER WA CLIMATE SUMMARY FOR FEBRUARY 23 2018...
VALID TODAY AS OF 0600 PM LOCAL TIME.

CLIMATE NORMAL PERIOD 1981 TO 2010
CLIMATE RECORD PERIOD 1891 TO 2018


WEATHER ITEM   OBSERVED TIME   RECORD YEAR NORMAL DEPARTURE LAST
                VALUE   (LST)  VALUE       VALUE  FROM      YEAR
                                                  NORMAL
..................................................................
TEMPERATURE (F)
 TODAY
  MAXIMUM         39    559 PM  67    1995  53    -14       46
                                      1958
  MINIMUM         22R   337 AM  22    1993  36    -14       31
  AVERAGE         31                        44    -13       39

PRECIPITATION (IN)
  TODAY            0.00                      0.12  -0.12      T
  MONTH TO DATE    1.17                      3.29  -2.12     9.94
  SINCE OCT 1     20.95                     24.54  -3.59    34.11
  SINCE JAN 1      6.76                      8.79  -2.03    14.25

DEGREE DAYS
 HEATING
  TODAY           34                                        26
  MONTH TO DATE  527                                       543
  SINCE DEC 1   1953                                      2388
  SINCE JUL 1   2914                                      3176

 COOLING
  TODAY            0                                         0
  MONTH TO DATE    0                                         0
  SINCE DEC 1      0                                         0
  SINCE JAN 1      0                                         0
..................................................................


WIND (MPH)
  HIGHEST WIND SPEED    13   HIGHEST WIND DIRECTION     S (190)
  HIGHEST GUST SPEED    22   HIGHEST GUST DIRECTION     S (190)
  AVERAGE WIND SPEED     3.8


SKY COVER
  POSSIBLE SUNSHINE  MM
  AVERAGE SKY COVER 0.5


WEATHER CONDITIONS
 THE FOLLOWING WEATHER WAS RECORDED TODAY.
  NO SIGNIFICANT WEATHER WAS OBSERVED.


RELATIVE HUMIDITY (PERCENT)
 HIGHEST    96           300 AM
 LOWEST     64           200 PM
 AVERAGE    80

..........................................................


THE VANCOUVER WA CLIMATE NORMALS FOR TOMORROW
                         NORMAL    RECORD    YEAR
 MAXIMUM TEMPERATURE (F)   53        69      1905
 MINIMUM TEMPERATURE (F)   36        22      1962


SUNRISE AND SUNSET
FEBRUARY 23 2018......SUNRISE   659 AM PST   SUNSET   549 PM PST
FEBRUARY 24 2018......SUNRISE   658 AM PST   SUNSET   551 PM PST


-  INDICATES NEGATIVE NUMBERS.
R  INDICATES RECORD WAS SET OR TIED.
MM INDICATES DATA IS MISSING.
T  INDICATES TRACE AMOUNT.




$$
