000
CDUS46 KPQR 202323
CLIVUO


CLIMATE REPORT
NATIONAL WEATHER SERVICE PORTLAND OREGON
423 PM PDT FRI JUL 20 2018


...................................

...THE VANCOUVER WA CLIMATE SUMMARY FOR JULY 20 2018...
VALID TODAY AS OF 0400 PM LOCAL TIME.

CLIMATE NORMAL PERIOD 1981 TO 2010
CLIMATE RECORD PERIOD 1891 TO 2018


WEATHER ITEM   OBSERVED TIME   RECORD YEAR NORMAL DEPARTURE LAST
                VALUE   (LST)  VALUE       VALUE  FROM      YEAR
                                                  NORMAL
..................................................................
TEMPERATURE (F)
 TODAY
  MAXIMUM         78    249 PM 101    1938  81     -3       75
  MINIMUM         48    411 AM  43    1901  58    -10       58
  AVERAGE         63                        69     -6       67

PRECIPITATION (IN)
  TODAY            0.00                      0.02  -0.02      T
  MONTH TO DATE    0.02                      0.54  -0.52      T
  SINCE OCT 1     28.82                     36.66  -7.84    48.88
  SINCE JAN 1     14.63                     20.91  -6.28    29.02

DEGREE DAYS
 HEATING
  TODAY            2                                         0
  MONTH TO DATE    8                                         1
  SINCE JUN 1     74                                        71
  SINCE JUL 1      8                                         1

 COOLING
  TODAY            0                                         2
  MONTH TO DATE  125                                        67
  SINCE JUN 1    175                                       145
  SINCE JAN 1    198                                       185
..................................................................


WIND (MPH)
  HIGHEST WIND SPEED    13   HIGHEST WIND DIRECTION     N (360)
  HIGHEST GUST SPEED    19   HIGHEST GUST DIRECTION    NW (320)
  AVERAGE WIND SPEED     5.0


SKY COVER
  POSSIBLE SUNSHINE  MM
  AVERAGE SKY COVER 0.2


WEATHER CONDITIONS
 THE FOLLOWING WEATHER WAS RECORDED TODAY.
  NO SIGNIFICANT WEATHER WAS OBSERVED.


RELATIVE HUMIDITY (PERCENT)
 HIGHEST    83           300 AM
 LOWEST     33           300 PM
 AVERAGE    58

..........................................................


THE VANCOUVER WA CLIMATE NORMALS FOR TOMORROW
                         NORMAL    RECORD    YEAR
 MAXIMUM TEMPERATURE (F)   81       104      2006
 MINIMUM TEMPERATURE (F)   58        42      1984


SUNRISE AND SUNSET
JULY 20 2018..........SUNRISE   541 AM PDT   SUNSET   852 PM PDT
JULY 21 2018..........SUNRISE   542 AM PDT   SUNSET   851 PM PDT


-  INDICATES NEGATIVE NUMBERS.
R  INDICATES RECORD WAS SET OR TIED.
MM INDICATES DATA IS MISSING.
T  INDICATES TRACE AMOUNT.




$$
