531
CDUS41 KAKQ 170645
CLIWAL


CLIMATE REPORT
NATIONAL WEATHER SERVICE WAKEFIELD, VA
145 AM EST SAT FEB 17 2018


...................................

...THE WALLOPS ISLAND VA CLIMATE SUMMARY FOR FEBRUARY 16 2018...

CLIMATE NORMAL PERIOD 1981 TO 2010
CLIMATE RECORD PERIOD 1963 TO 2018


WEATHER ITEM   OBSERVED TIME   RECORD YEAR NORMAL DEPARTURE
                VALUE   (LST)  VALUE       VALUE  FROM
                                                  NORMAL
...............................................................
TEMPERATURE (F)
 YESTERDAY
  MAXIMUM         70    556 AM  72    1976  47     23
  MINIMUM         46   1159 PM   8    2015  31     15
  AVERAGE         58                        39     19

PRECIPITATION (IN)
  YESTERDAY        0.05          1.17        0.10  -0.05
  MONTH TO DATE    1.31                      1.51  -0.20
  SINCE DEC 1      6.87                      7.98  -1.11
  SINCE JAN 1      4.98                      4.55   0.43

SNOWFALL (IN)
  YESTERDAY       MM             3.7  2015   0.1   MM
  MONTH TO DATE    0.0                       2.0   -2.0
  SINCE NOV 1     11.8                       6.0    5.8
  SINCE JUL 1     11.8                       6.0    5.8

DEGREE DAYS
 HEATING
  YESTERDAY        7                              -19
  MONTH TO DATE  348                              -88
  SINCE DEC 1   2061                              -15
  SINCE JUL 1   2664                             -116

 COOLING
  YESTERDAY        0                                0
  MONTH TO DATE    0                                0
  SINCE DEC 1      0                                0
  SINCE JAN 1      0                                0
...............................................................


WIND (MPH)
  HIGHEST WIND SPEED    25   HIGHEST WIND DIRECTION     W (250)
  HIGHEST GUST SPEED    41   HIGHEST GUST DIRECTION     W (250)
  AVERAGE WIND SPEED    11.6




RELATIVE HUMIDITY (PERCENT)
 HIGHEST    90
 LOWEST     61
 AVERAGE    76

..........................................................


THE WALLOPS ISLAND VA CLIMATE NORMALS FOR TODAY
                         NORMAL    RECORD    YEAR
 MAXIMUM TEMPERATURE (F)   47        79      1976
 MINIMUM TEMPERATURE (F)   31         7      1979


SUNRISE AND SUNSET
FEBRUARY 17 2018......SUNRISE   649 AM EST   SUNSET   543 PM EST
FEBRUARY 18 2018......SUNRISE   648 AM EST   SUNSET   544 PM EST


-  INDICATES NEGATIVE NUMBERS.
R  INDICATES RECORD WAS SET OR TIED.
MM INDICATES DATA IS MISSING.
T  INDICATES TRACE AMOUNT.




$$
