000
CDUS41 KAKQ 150531
CLIWAL


CLIMATE REPORT
NATIONAL WEATHER SERVICE WAKEFIELD, VA
131 AM EDT MON OCT 15 2018


...................................

...THE WALLOPS ISLAND VA CLIMATE SUMMARY FOR OCTOBER 14 2018...

CLIMATE NORMAL PERIOD 1981 TO 2010
CLIMATE RECORD PERIOD 1963 TO 2018


WEATHER ITEM   OBSERVED TIME   RECORD YEAR NORMAL DEPARTURE
                VALUE   (LST)  VALUE       VALUE  FROM
                                                  NORMAL
...............................................................
TEMPERATURE (F)
 YESTERDAY
  MAXIMUM         68    305 PM  85    1990  69     -1
  MINIMUM         46   1214 AM  34    1988  51     -5
  AVERAGE         57                        60     -3

PRECIPITATION (IN)
  YESTERDAY        T             0.96        0.10  -0.10
  MONTH TO DATE    1.03                      1.44  -0.41
  SINCE SEP 1      5.10                      5.42  -0.32
  SINCE JAN 1     35.89                     32.81   3.08

SNOWFALL (IN)
  YESTERDAY        0.0           0.0    MM   0.0    0.0
  MONTH TO DATE    0.0                       0.0    0.0
  SINCE NOV 1     11.8                       7.9    3.9
  SINCE JUL 1      0.0                       0.0    0.0

DEGREE DAYS
 HEATING
  YESTERDAY        8                                2
  MONTH TO DATE   17                              -49
  SINCE SEP 1     17                              -79
  SINCE JUL 1     17                              -80

 COOLING
  YESTERDAY        0                               -1
  MONTH TO DATE  128                              106
  SINCE SEP 1    493                              307
  SINCE JAN 1   1894                              708
...............................................................


WIND (MPH)
  HIGHEST WIND SPEED     9   HIGHEST WIND DIRECTION     S (160)
  HIGHEST GUST SPEED    33   HIGHEST GUST DIRECTION     E (80)
  AVERAGE WIND SPEED     4.7




RELATIVE HUMIDITY (PERCENT)
 HIGHEST    86
 LOWEST     52
 AVERAGE    69

..........................................................


THE WALLOPS ISLAND VA CLIMATE NORMALS FOR TODAY
                         NORMAL    RECORD    YEAR
 MAXIMUM TEMPERATURE (F)   68        86      1985
 MINIMUM TEMPERATURE (F)   50        36      2006


SUNRISE AND SUNSET
OCTOBER 15 2018.......SUNRISE   710 AM EDT   SUNSET   624 PM EDT
OCTOBER 16 2018.......SUNRISE   711 AM EDT   SUNSET   623 PM EDT


-  INDICATES NEGATIVE NUMBERS.
R  INDICATES RECORD WAS SET OR TIED.
MM INDICATES DATA IS MISSING.
T  INDICATES TRACE AMOUNT.




$$
