000
CDUS41 KAKQ 200526
CLIWAL


CLIMATE REPORT
NATIONAL WEATHER SERVICE WAKEFIELD, VA
126 AM EDT SUN OCT 20 2019


...................................

...THE WALLOPS ISLAND VA CLIMATE SUMMARY FOR OCTOBER 19 2019...

CLIMATE NORMAL PERIOD 1981 TO 2010
CLIMATE RECORD PERIOD 1963 TO 2019


WEATHER ITEM   OBSERVED TIME   RECORD YEAR NORMAL DEPARTURE
                VALUE   (LST)  VALUE       VALUE  FROM
                                                  NORMAL
...............................................................
TEMPERATURE (F)
 YESTERDAY
  MAXIMUM         66    209 PM  84    2016  67     -1
  MINIMUM         42    552 AM  34    2015  49     -7
  AVERAGE         54                        58     -4

PRECIPITATION (IN)
  YESTERDAY        0.00          2.27        0.10  -0.10
  MONTH TO DATE    2.65                      1.93   0.72
  SINCE SEP 1      4.64                      5.91  -1.27
  SINCE JAN 1     36.98                     33.30   3.68

SNOWFALL (IN)
  YESTERDAY        0.0           0.0    MM   0.0    0.0
  MONTH TO DATE    0.0                       0.0    0.0
  SINCE NOV 1      5.7                       7.9   -2.2
  SINCE JUL 1      0.0                       0.0    0.0

DEGREE DAYS
 HEATING
  YESTERDAY       11                                3
  MONTH TO DATE   58                              -43
  SINCE SEP 1     67                              -64
  SINCE JUL 1     67                              -65

 COOLING
  YESTERDAY        0                               -1
  MONTH TO DATE   53                               26
  SINCE SEP 1    318                              127
  SINCE JAN 1   1800                              609
...............................................................


WIND (MPH)
  HIGHEST WIND SPEED    16   HIGHEST WIND DIRECTION     S (180)
  HIGHEST GUST SPEED    23   HIGHEST GUST DIRECTION     E (80)
  AVERAGE WIND SPEED     4.7




RELATIVE HUMIDITY (PERCENT)
 HIGHEST    83
 LOWEST     44
 AVERAGE    64

..........................................................


THE WALLOPS ISLAND VA CLIMATE NORMALS FOR TODAY
                         NORMAL    RECORD    YEAR
 MAXIMUM TEMPERATURE (F)   67        80      1984
 MINIMUM TEMPERATURE (F)   49        29      1974


SUNRISE AND SUNSET
OCTOBER 20 2019.......SUNRISE   715 AM EDT   SUNSET   618 PM EDT
OCTOBER 21 2019.......SUNRISE   716 AM EDT   SUNSET   616 PM EDT


-  INDICATES NEGATIVE NUMBERS.
R  INDICATES RECORD WAS SET OR TIED.
MM INDICATES DATA IS MISSING.
T  INDICATES TRACE AMOUNT.




$$
