000
CDUS41 KAKQ 220529
CLIWAL


CLIMATE REPORT
NATIONAL WEATHER SERVICE WAKEFIELD, VA
128 AM EDT THU OCT 22 2020


...................................

...THE WALLOPS ISLAND VA CLIMATE SUMMARY FOR OCTOBER 21 2020...

CLIMATE NORMAL PERIOD 1981 TO 2010
CLIMATE RECORD PERIOD 1963 TO 2020


WEATHER ITEM   OBSERVED TIME   RECORD YEAR NORMAL DEPARTURE
                VALUE   (LST)  VALUE       VALUE  FROM
                                                  NORMAL
...............................................................
TEMPERATURE (F)
 YESTERDAY
  MAXIMUM         77   1110 AM  81    1984  67     10
  MINIMUM         62   1158 PM  31    1974  48     14
  AVERAGE         70                        57     13

PRECIPITATION (IN)
  YESTERDAY        0.00          1.18        0.10  -0.10
  MONTH TO DATE    2.66                      2.12   0.54
  SINCE SEP 1      6.61                      6.10   0.51
  SINCE JAN 1     36.62                     33.49   3.13

SNOWFALL (IN)
  YESTERDAY        0.0           0.0    MM   0.0    0.0
  MONTH TO DATE    0.0                       0.0    0.0
  SINCE NOV 1      2.2                       7.9   -5.7
  SINCE JUL 1      0.0                       0.0    0.0

DEGREE DAYS
 HEATING
  YESTERDAY        0                               -8
  MONTH TO DATE   61                              -56
  SINCE SEP 1     86                              -61
  SINCE JUL 1     86                              -62

 COOLING
  YESTERDAY        5                                5
  MONTH TO DATE   22                               -6
  SINCE SEP 1    233                               41
  SINCE JAN 1   1466                              274
...............................................................


WIND (MPH)
  HIGHEST WIND SPEED    12   HIGHEST WIND DIRECTION     S (190)
  HIGHEST GUST SPEED    26   HIGHEST GUST DIRECTION     S (160)
  AVERAGE WIND SPEED     3.7




RELATIVE HUMIDITY (PERCENT)
 HIGHEST   100
 LOWEST     76
 AVERAGE    88

..........................................................


THE WALLOPS ISLAND VA CLIMATE NORMALS FOR TODAY
                         NORMAL    RECORD    YEAR
 MAXIMUM TEMPERATURE (F)   66        79      2001
                                             1975
 MINIMUM TEMPERATURE (F)   48        30      1974


SUNRISE AND SUNSET
OCTOBER 22 2020.......SUNRISE   718 AM EDT   SUNSET   614 PM EDT
OCTOBER 23 2020.......SUNRISE   719 AM EDT   SUNSET   613 PM EDT


-  INDICATES NEGATIVE NUMBERS.
R  INDICATES RECORD WAS SET OR TIED.
MM INDICATES DATA IS MISSING.
T  INDICATES TRACE AMOUNT.




$$
