000
CDUS41 KAKQ 250531
CLIWAL


CLIMATE REPORT
NATIONAL WEATHER SERVICE WAKEFIELD, VA
130 AM EDT WED APR 25 2018


...................................

...THE WALLOPS ISLAND VA CLIMATE SUMMARY FOR APRIL 24 2018...

CLIMATE NORMAL PERIOD 1981 TO 2010
CLIMATE RECORD PERIOD 1963 TO 2018


WEATHER ITEM   OBSERVED TIME   RECORD YEAR NORMAL DEPARTURE
                VALUE   (LST)  VALUE       VALUE  FROM
                                                  NORMAL
...............................................................
TEMPERATURE (F)
 YESTERDAY
  MAXIMUM         62    119 PM  85    2011  65     -3
  MINIMUM         55    535 AM  36    2003  47      8
  AVERAGE         59                        56      3

PRECIPITATION (IN)
  YESTERDAY        0.06          1.44        0.09  -0.03
  MONTH TO DATE    1.91                      2.54  -0.63
  SINCE MAR 1      5.43                      6.54  -1.11
  SINCE JAN 1     10.95                     12.34  -1.39

SNOWFALL (IN)
  YESTERDAY        0.0           0.0    MM   0.0    0.0
  MONTH TO DATE    T                         0.1   -0.1
  SINCE NOV 1     11.8                       7.9    3.9
  SINCE JUL 1     11.8                       7.9    3.9

DEGREE DAYS
 HEATING
  YESTERDAY        6                               -3
  MONTH TO DATE  305                               11
  SINCE MAR 1    976                               63
  SINCE JUL 1   3803                             -190

 COOLING
  YESTERDAY        0                               -1
  MONTH TO DATE    3                                1
  SINCE MAR 1      3                                0
  SINCE JAN 1      4                                1
...............................................................


WIND (MPH)
  HIGHEST WIND SPEED    23   HIGHEST WIND DIRECTION    SE (120)
  HIGHEST GUST SPEED    31   HIGHEST GUST DIRECTION     E (110)
  AVERAGE WIND SPEED    16.2




RELATIVE HUMIDITY (PERCENT)
 HIGHEST    93
 LOWEST     59
 AVERAGE    76

..........................................................


THE WALLOPS ISLAND VA CLIMATE NORMALS FOR TODAY
                         NORMAL    RECORD    YEAR
 MAXIMUM TEMPERATURE (F)   66        85      2009
 MINIMUM TEMPERATURE (F)   48        37      1999


SUNRISE AND SUNSET
APRIL 25 2018.........SUNRISE   613 AM EDT   SUNSET   747 PM EDT
APRIL 26 2018.........SUNRISE   612 AM EDT   SUNSET   748 PM EDT


-  INDICATES NEGATIVE NUMBERS.
R  INDICATES RECORD WAS SET OR TIED.
MM INDICATES DATA IS MISSING.
T  INDICATES TRACE AMOUNT.




$$
