000
CDUS41 KAKQ 230645
CLIWAL


CLIMATE REPORT
NATIONAL WEATHER SERVICE WAKEFIELD, VA
145 AM EST WED JAN 23 2019


...................................

...THE WALLOPS ISLAND VA CLIMATE SUMMARY FOR JANUARY 22 2019...

CLIMATE NORMAL PERIOD 1981 TO 2010
CLIMATE RECORD PERIOD 1963 TO 2019


WEATHER ITEM   OBSERVED TIME   RECORD YEAR NORMAL DEPARTURE
                VALUE   (LST)  VALUE       VALUE  FROM
                                                  NORMAL
...............................................................
TEMPERATURE (F)
 YESTERDAY
  MAXIMUM         37    235 PM  64    2018  45     -8
  MINIMUM         17    730 AM   7    2014  28    -11
  AVERAGE         27                        36     -9

PRECIPITATION (IN)
  YESTERDAY        0.00          1.40        0.10  -0.10
  MONTH TO DATE    2.39                      2.16   0.23
  SINCE DEC 1      6.40                      5.59   0.81
  SINCE JAN 1      2.39                      2.16   0.23

SNOWFALL (IN)
  YESTERDAY        0.0           5.0  2016   0.1   -0.1
  MONTH TO DATE    4.2                       1.3    2.9
  SINCE NOV 1      4.2                       3.3    0.9
  SINCE JUL 1      4.2                       3.3    0.9

DEGREE DAYS
 HEATING
  YESTERDAY       38                                9
  MONTH TO DATE  539                              -90
  SINCE DEC 1   1171                             -216
  SINCE JUL 1   1820                             -271

 COOLING
  YESTERDAY        0                                0
  MONTH TO DATE    0                                0
  SINCE DEC 1      0                                0
  SINCE JAN 1      0                                0
...............................................................


WIND (MPH)
  HIGHEST WIND SPEED    15   HIGHEST WIND DIRECTION    NW (330)
  HIGHEST GUST SPEED    21   HIGHEST GUST DIRECTION    NW (320)
  AVERAGE WIND SPEED     6.2




RELATIVE HUMIDITY (PERCENT)
 HIGHEST    69
 LOWEST     23
 AVERAGE    46

..........................................................


THE WALLOPS ISLAND VA CLIMATE NORMALS FOR TODAY
                         NORMAL    RECORD    YEAR
 MAXIMUM TEMPERATURE (F)   45        65      1999
 MINIMUM TEMPERATURE (F)   28         7      2014


SUNRISE AND SUNSET
JANUARY 23 2019.......SUNRISE   713 AM EST   SUNSET   515 PM EST
JANUARY 24 2019.......SUNRISE   712 AM EST   SUNSET   516 PM EST


-  INDICATES NEGATIVE NUMBERS.
R  INDICATES RECORD WAS SET OR TIED.
MM INDICATES DATA IS MISSING.
T  INDICATES TRACE AMOUNT.




$$
