000
CDUS46 KLOX 220915
CLIWJF


CLIMATE REPORT
NATIONAL WEATHER SERVICE LOS ANGELES/OXNARD CA
215 AM PDT THU OCT 22 2020


...................................

...THE LANCASTER FOX FIELD CA CLIMATE SUMMARY FOR OCTOBER 21 2020...

CLIMATE NORMAL PERIOD 1981 TO 2010
CLIMATE RECORD PERIOD 1945 TO 2020


WEATHER ITEM   OBSERVED TIME   RECORD YEAR NORMAL DEPARTURE
                VALUE   (LST)  VALUE       VALUE  FROM
                                                  NORMAL
...............................................................
TEMPERATURE (F)
 YESTERDAY
  MAXIMUM         91    225 PM  93    2003  78     13
  MINIMUM         44    604 AM  24    1949  44      0
  AVERAGE         68                        61      7

PRECIPITATION (IN)
  YESTERDAY        0.00          0.22 1957   0.02  -0.02
  MONTH TO DATE    0.00                      0.25  -0.25
  SINCE OCT 1      0.00                      0.25  -0.25
  SINCE JAN 1      5.50                      5.50   0.00

SNOWFALL (IN)
  YESTERDAY        0.0           0.0    MM
  MONTH TO DATE    0.0
  SINCE SEP 1      0.0
  SINCE JUL 1      0.0
  SNOW DEPTH       0

DEGREE DAYS
 HEATING
  YESTERDAY        0                               -5
  MONTH TO DATE    0                              -60
  SINCE SEP 1      0                              -72
  SINCE JUL 1      0                              -72

 COOLING
  YESTERDAY        3                                2
  MONTH TO DATE  144                               97
  SINCE SEP 1    503                              185
  SINCE JAN 1   2204                              327
...............................................................


WIND (MPH)
  HIGHEST WIND SPEED    21   HIGHEST WIND DIRECTION     W (280)
  HIGHEST GUST SPEED    23   HIGHEST GUST DIRECTION     W (280)
  AVERAGE WIND SPEED     6.8




RELATIVE HUMIDITY (PERCENT)
 HIGHEST    53
 LOWEST     11
 AVERAGE    32

..........................................................


THE LANCASTER FOX FIELD CA CLIMATE NORMALS FOR TODAY
                         NORMAL    RECORD    YEAR
 MAXIMUM TEMPERATURE (F)   77        95      2003
 MINIMUM TEMPERATURE (F)   44        25      1996


SUNRISE AND SUNSET
OCTOBER 22 2020.......SUNRISE   705 AM PDT   SUNSET   609 PM PDT
OCTOBER 23 2020.......SUNRISE   706 AM PDT   SUNSET   608 PM PDT


-  INDICATES NEGATIVE NUMBERS.
R  INDICATES RECORD WAS SET OR TIED.
MM INDICATES DATA IS MISSING.
T  INDICATES TRACE AMOUNT.




$$
