000
CDUS46 KLOX 160919
CLIWJF


CLIMATE REPORT
NATIONAL WEATHER SERVICE LOS ANGELES/OXNARD CA
118 AM PST SUN DEC 16 2018


...................................

...THE LANCASTER FOX FIELD CA CLIMATE SUMMARY FOR DECEMBER 15 2018...

CLIMATE NORMAL PERIOD 1981 TO 2010
CLIMATE RECORD PERIOD 1948 TO 2018


WEATHER ITEM   OBSERVED TIME   RECORD YEAR NORMAL DEPARTURE
                VALUE   (LST)  VALUE       VALUE  FROM
                                                  NORMAL
...............................................................
TEMPERATURE (F)
 YESTERDAY
  MAXIMUM         56    404 PM  72    1998  57     -1
  MINIMUM         27    629 AM  18    1990  29     -2
  AVERAGE         42                        43     -1

PRECIPITATION (IN)
  YESTERDAY        0.00          0.98 1957   0.03  -0.03
  MONTH TO DATE    1.58                      0.45   1.13
  SINCE OCT 1      1.75                      1.43   0.32
  SINCE JAN 1      4.51                      6.68  -2.17

SNOWFALL (IN)
  YESTERDAY        0.0           T    1984
  MONTH TO DATE    0.0
  SINCE DEC 1      0.0
  SINCE JUL 1      0.0
  SNOW DEPTH       0

DEGREE DAYS
 HEATING
  YESTERDAY       23                                1
  MONTH TO DATE  301                               -8
  SINCE DEC 1    301                               -8
  SINCE JUL 1    803                              -51

 COOLING
  YESTERDAY        0                                0
  MONTH TO DATE    0                                0
  SINCE DEC 1      0                                0
  SINCE JAN 1   2204                              322
...............................................................


WIND (MPH)
  HIGHEST WIND SPEED     8   HIGHEST WIND DIRECTION     W (260)
  HIGHEST GUST SPEED     8   HIGHEST GUST DIRECTION     W (260)
  AVERAGE WIND SPEED     2.6




RELATIVE HUMIDITY (PERCENT)
 HIGHEST    92
 LOWEST     30
 AVERAGE    61

..........................................................


THE LANCASTER FOX FIELD CA CLIMATE NORMALS FOR TODAY
                         NORMAL    RECORD    YEAR
 MAXIMUM TEMPERATURE (F)   57        75      1998
 MINIMUM TEMPERATURE (F)   29        14      1975


SUNRISE AND SUNSET
DECEMBER 16 2018......SUNRISE   653 AM PST   SUNSET   444 PM PST
DECEMBER 17 2018......SUNRISE   654 AM PST   SUNSET   444 PM PST


-  INDICATES NEGATIVE NUMBERS.
R  INDICATES RECORD WAS SET OR TIED.
MM INDICATES DATA IS MISSING.
T  INDICATES TRACE AMOUNT.




$$
