000
CDUS46 KLOX 200909
CLIWJF


CLIMATE REPORT
NATIONAL WEATHER SERVICE LOS ANGELES/OXNARD CA
108 AM PST TUE FEB 20 2018


...................................

...THE LANCASTER FOX FIELD CA CLIMATE SUMMARY FOR FEBRUARY 19 2018...

CLIMATE NORMAL PERIOD 1981 TO 2010
CLIMATE RECORD PERIOD 1948 TO 2018


WEATHER ITEM   OBSERVED TIME   RECORD YEAR NORMAL DEPARTURE
                VALUE   (LST)  VALUE       VALUE  FROM
                                                  NORMAL
...............................................................
TEMPERATURE (F)
 YESTERDAY
  MAXIMUM         46    150 PM  80    1981  62    -16
  MINIMUM         33   1159 PM  19    1955  36     -3
  AVERAGE         40                        49     -9

PRECIPITATION (IN)
  YESTERDAY        0.00          1.35 2005   0.07  -0.07
  MONTH TO DATE    0.01                      1.23  -1.22
  SINCE OCT 1      0.98                      4.86  -3.88
  SINCE JAN 1      0.96                      2.73  -1.77

SNOWFALL (IN)
  YESTERDAY        0.0           0.0    MM
  MONTH TO DATE    0.0
  SINCE DEC 1      0.0
  SINCE JUL 1      0.0
  SNOW DEPTH       0

DEGREE DAYS
 HEATING
  YESTERDAY       25                                9
  MONTH TO DATE  269                              -63
  SINCE DEC 1   1393                             -219
  SINCE JUL 1   1755                             -402

 COOLING
  YESTERDAY        0                                0
  MONTH TO DATE    0                                0
  SINCE DEC 1      0                                0
  SINCE JAN 1      0                                0
...............................................................


WIND (MPH)
  HIGHEST WIND SPEED    38   HIGHEST WIND DIRECTION     W (280)
  HIGHEST GUST SPEED    45   HIGHEST GUST DIRECTION     W (280)
  AVERAGE WIND SPEED    20.7




RELATIVE HUMIDITY (PERCENT)
 HIGHEST    64
 LOWEST     27
 AVERAGE    46

..........................................................


THE LANCASTER FOX FIELD CA CLIMATE NORMALS FOR TODAY
                         NORMAL    RECORD    YEAR
 MAXIMUM TEMPERATURE (F)   63        79      1977
 MINIMUM TEMPERATURE (F)   36        14      1953


SUNRISE AND SUNSET
FEBRUARY 20 2018......SUNRISE   633 AM PST   SUNSET   541 PM PST
FEBRUARY 21 2018......SUNRISE   632 AM PST   SUNSET   542 PM PST


-  INDICATES NEGATIVE NUMBERS.
R  INDICATES RECORD WAS SET OR TIED.
MM INDICATES DATA IS MISSING.
T  INDICATES TRACE AMOUNT.




$$
