000
CDUS46 KLOX 210112
CLIWJF


CLIMATE REPORT
NATIONAL WEATHER SERVICE LOS ANGELES/OXNARD CA
611 PM PDT SUN OCT 20 2019


...................................

...THE LANCASTER CLIMATE SUMMARY FOR OCTOBER 20 2019...
VALID TODAY AS OF 0600 PM LOCAL TIME.

CLIMATE NORMAL PERIOD 1981 TO 2010
CLIMATE RECORD PERIOD 1945 TO 2019


WEATHER ITEM   OBSERVED TIME   RECORD YEAR NORMAL DEPARTURE LAST
                VALUE   (LST)  VALUE       VALUE  FROM      YEAR
                                                  NORMAL
..................................................................
TEMPERATURE (F)
 TODAY
  MAXIMUM         77    346 PM  95    2003  78     -1       82
  MINIMUM         56    636 AM  31    1949  45     11       37
  AVERAGE         67                        61      6       60

PRECIPITATION (IN)
  TODAY            0.00          0.23 2004   0.02  -0.02     0.00
  MONTH TO DATE    0.00                      0.23  -0.23      T
  SINCE OCT 1      0.00                      0.23  -0.23      T
  SINCE JAN 1      5.51                      5.48   0.03     2.76

SNOWFALL (IN)
  TODAY            0.0           0.0    MM   0.0             0.0
  MONTH TO DATE    0.0                       0.0             0.0
  SINCE SEP 1      0.0                       0.0             0.0
  SINCE JUL 1      0.0                       0.0             0.0
  SNOW DEPTH       0

DEGREE DAYS
 HEATING
  TODAY            0                         5     -5        5
  MONTH TO DATE   86                        55     31       74
  SINCE SEP 1     99                        67     32       74
  SINCE JUL 1     99                        67     32       74

 COOLING
  TODAY            2                         1      1        0
  MONTH TO DATE   12                        46    -34       24
  SINCE SEP 1    282                       317    -35      367
  SINCE JAN 1   1814                      1876    -62     2200
..................................................................


WIND (MPH)
  HIGHEST WIND SPEED    32   HIGHEST WIND DIRECTION    NW (300)
  HIGHEST GUST SPEED    41   HIGHEST GUST DIRECTION    NW (300)
  AVERAGE WIND SPEED    15.3


SKY COVER
  POSSIBLE SUNSHINE  MM
  AVERAGE SKY COVER 0.0


WEATHER CONDITIONS
 THE FOLLOWING WEATHER WAS RECORDED TODAY.
  NO SIGNIFICANT WEATHER WAS OBSERVED.


RELATIVE HUMIDITY (PERCENT)
 HIGHEST    61           600 AM
 LOWEST     16           300 PM
 AVERAGE    39

..........................................................


THE LANCASTER CLIMATE NORMALS FOR TOMORROW
                         NORMAL    RECORD    YEAR
 MAXIMUM TEMPERATURE (F)   78        93      2003
 MINIMUM TEMPERATURE (F)   44        24      1949


SUNRISE AND SUNSET
OCTOBER 20 2019.......SUNRISE   703 AM PDT   SUNSET   612 PM PDT
OCTOBER 21 2019.......SUNRISE   703 AM PDT   SUNSET   611 PM PDT


-  INDICATES NEGATIVE NUMBERS.
R  INDICATES RECORD WAS SET OR TIED.
MM INDICATES DATA IS MISSING.
T  INDICATES TRACE AMOUNT.




$$
