000
CDUS46 KLOX 260917
CLIWJF


CLIMATE REPORT
NATIONAL WEATHER SERVICE LOS ANGELES/OXNARD CA
216 AM PDT TUE MAY 26 2020


...................................

...THE LANCASTER FOX FIELD CA CLIMATE SUMMARY FOR MAY 25 2020...

CLIMATE NORMAL PERIOD 1981 TO 2010
CLIMATE RECORD PERIOD 1945 TO 2020


WEATHER ITEM   OBSERVED TIME   RECORD YEAR NORMAL DEPARTURE
                VALUE   (LST)  VALUE       VALUE  FROM
                                                  NORMAL
...............................................................
TEMPERATURE (F)
 YESTERDAY
  MAXIMUM         94    325 PM 105    1951  85      9
  MINIMUM         49    443 AM  41    2010  56     -7
                                      1953
  AVERAGE         72                        71      1

PRECIPITATION (IN)
  YESTERDAY        0.00          0.05 1987   0.00   0.00
  MONTH TO DATE    0.02                      0.08  -0.06
  SINCE OCT 1     10.66                      6.98   3.68
  SINCE JAN 1      5.50                      4.85   0.65

SNOWFALL (IN)
  YESTERDAY       MM             0.0    MM
  MONTH TO DATE    0.0
  SINCE MAR 1      0.0
  SINCE JUL 1      0.0
  SNOW DEPTH       0

DEGREE DAYS
 HEATING
  YESTERDAY        0                               -1
  MONTH TO DATE   18                              -36
  SINCE MAR 1    666                               37
  SINCE JUL 1   2937                               15

 COOLING
  YESTERDAY        7                                0
  MONTH TO DATE  105                               -9
  SINCE MAR 1    164                               20
  SINCE JAN 1    164                               20
...............................................................


WIND (MPH)
  HIGHEST WIND SPEED    18   HIGHEST WIND DIRECTION    SW (240)
  HIGHEST GUST SPEED    22   HIGHEST GUST DIRECTION    SW (240)
  AVERAGE WIND SPEED     6.2




RELATIVE HUMIDITY (PERCENT)
 HIGHEST    54
 LOWEST     10
 AVERAGE    32

..........................................................


THE LANCASTER FOX FIELD CA CLIMATE NORMALS FOR TODAY
                         NORMAL    RECORD    YEAR
 MAXIMUM TEMPERATURE (F)   85       104      1974
 MINIMUM TEMPERATURE (F)   57        37      1953


SUNRISE AND SUNSET
MAY 26 2020...........SUNRISE   543 AM PDT   SUNSET   757 PM PDT
MAY 27 2020...........SUNRISE   542 AM PDT   SUNSET   758 PM PDT


-  INDICATES NEGATIVE NUMBERS.
R  INDICATES RECORD WAS SET OR TIED.
MM INDICATES DATA IS MISSING.
T  INDICATES TRACE AMOUNT.




$$
