401
CDUS46 KLOX 240921
CLIWJF


CLIMATE REPORT
NATIONAL WEATHER SERVICE LOS ANGELES/OXNARD CA
221 AM PDT SUN JUN 24 2018


...................................

...THE LANCASTER FOX FIELD CA CLIMATE SUMMARY FOR JUNE 23 2018...

CLIMATE NORMAL PERIOD 1981 TO 2010
CLIMATE RECORD PERIOD 1948 TO 2018


WEATHER ITEM   OBSERVED TIME   RECORD YEAR NORMAL DEPARTURE
                VALUE   (LST)  VALUE       VALUE  FROM
                                                  NORMAL
...............................................................
TEMPERATURE (F)
 YESTERDAY
  MAXIMUM         96   1210 PM 110    1954  93      3
  MINIMUM         72   1159 PM  47    1955  63      9
  AVERAGE         84                        78      6

PRECIPITATION (IN)
  YESTERDAY        0.00          0.00   MM   0.00   0.00
  MONTH TO DATE    0.00                      0.04  -0.04
  SINCE OCT 1      2.76                      7.03  -4.27
  SINCE JAN 1      2.74                      4.90  -2.16

SNOWFALL (IN)
  YESTERDAY        0.0           0.0    MM
  MONTH TO DATE    0.0
  SINCE JUN 1      0.0
  SINCE JUL 1      0.0
  SNOW DEPTH       0

DEGREE DAYS
 HEATING
  YESTERDAY        0                                0
  MONTH TO DATE    4                               -2
  SINCE JUN 1      4                               -2
  SINCE JUL 1   2535                             -400

 COOLING
  YESTERDAY       19                                6
  MONTH TO DATE  269                               28
  SINCE JUN 1    269                               28
  SINCE JAN 1    431                                1
...............................................................


WIND (MPH)
  HIGHEST WIND SPEED    29   HIGHEST WIND DIRECTION    SW (230)
  HIGHEST GUST SPEED    36   HIGHEST GUST DIRECTION    SW (240)
  AVERAGE WIND SPEED    15.6




RELATIVE HUMIDITY (PERCENT)
 HIGHEST    41
 LOWEST     12
 AVERAGE    27

..........................................................


THE LANCASTER FOX FIELD CA CLIMATE NORMALS FOR TODAY
                         NORMAL    RECORD    YEAR
 MAXIMUM TEMPERATURE (F)   93       110      2017
 MINIMUM TEMPERATURE (F)   64        50      2003


SUNRISE AND SUNSET
JUNE 24 2018..........SUNRISE   541 AM PDT   SUNSET   810 PM PDT
JUNE 25 2018..........SUNRISE   541 AM PDT   SUNSET   810 PM PDT


-  INDICATES NEGATIVE NUMBERS.
R  INDICATES RECORD WAS SET OR TIED.
MM INDICATES DATA IS MISSING.
T  INDICATES TRACE AMOUNT.




$$
