000
CDUS45 KLKN 200927
CLIWMC


CLIMATE REPORT
NATIONAL WEATHER SERVICE ELKO NV
127 AM PST TUE NOV 20 2018


...................................

...THE WINNEMUCCA AIRPORT NV CLIMATE SUMMARY FOR NOVEMBER 19 2018...

CLIMATE NORMAL PERIOD 1981 TO 2010
CLIMATE RECORD PERIOD 1877 TO 2018


WEATHER ITEM   OBSERVED TIME   RECORD YEAR NORMAL DEPARTURE LAST
                VALUE   (LST)  VALUE       VALUE  FROM      YEAR
                                                  NORMAL
..................................................................
TEMPERATURE (F)
 YESTERDAY
  MAXIMUM         52    304 PM  68    1996  49      3       47
  MINIMUM          6    600 AM  -3    1964  22    -16       15
  AVERAGE         29                        36     -7       31

PRECIPITATION (IN)
  YESTERDAY        0.00          0.44 1898   0.03  -0.03      T
  MONTH TO DATE    0.00                      0.54  -0.54     0.54
  SINCE OCT 1      0.52                      1.21  -0.69     0.62
  SINCE JAN 1      7.08                      7.01   0.07     7.70

SNOWFALL (IN)
  YESTERDAY        0.0           3.0  1898   0.2   -0.2      0.0
  MONTH TO DATE    0.0                       1.5   -1.5       T
  SINCE SEP 1      0.0                       2.0   -2.0       T
  SINCE JUL 1      0.0                       2.0   -2.0       T
  SNOW DEPTH       0

DEGREE DAYS
 HEATING
  YESTERDAY       36                        29      7       34
  MONTH TO DATE  570                       497     73      427
  SINCE SEP 1   1222                      1192     30     1236
  SINCE JUL 1   1226                      1222      4     1236

 COOLING
  YESTERDAY        0                         0      0        0
  MONTH TO DATE    0                         0      0        0
  SINCE SEP 1     31                        31      0      120
  SINCE JAN 1    779                       541    238      927
..................................................................


WIND (MPH)
  HIGHEST WIND SPEED    14   HIGHEST WIND DIRECTION    NE (30)
  HIGHEST GUST SPEED    16   HIGHEST GUST DIRECTION    NE (40)
  AVERAGE WIND SPEED     5.7



WEATHER CONDITIONS
 THE FOLLOWING WEATHER WAS RECORDED YESTERDAY.
  NO SIGNIFICANT WEATHER WAS OBSERVED.


RELATIVE HUMIDITY (PERCENT)
 HIGHEST    84           200 AM
 LOWEST     26           200 PM
 AVERAGE    55

..........................................................


THE WINNEMUCCA AIRPORT NV CLIMATE NORMALS FOR TODAY
                         NORMAL    RECORD    YEAR
 MAXIMUM TEMPERATURE (F)   49        68      1986
 MINIMUM TEMPERATURE (F)   21        -7      1977


SUNRISE AND SUNSET
NOVEMBER 20 2018......SUNRISE   644 AM PST   SUNSET   429 PM PST
NOVEMBER 21 2018......SUNRISE   646 AM PST   SUNSET   428 PM PST


-  INDICATES NEGATIVE NUMBERS.
R  INDICATES RECORD WAS SET OR TIED.
MM INDICATES DATA IS MISSING.
T  INDICATES TRACE AMOUNT.




$$
