000
CDUS45 KLKN 040929
CLIWMC


CLIMATE REPORT
NATIONAL WEATHER SERVICE ELKO NV
227 AM PDT THU JUN 4 2020


...................................

...THE WINNEMUCCA AIRPORT NV CLIMATE SUMMARY FOR JUNE 3 2020...

CLIMATE NORMAL PERIOD 1981 TO 2010
CLIMATE RECORD PERIOD 1877 TO 2020


WEATHER ITEM   OBSERVED TIME   RECORD YEAR NORMAL DEPARTURE LAST
                VALUE   (LST)  VALUE       VALUE  FROM      YEAR
                                                  NORMAL
..................................................................
TEMPERATURE (F)
 YESTERDAY
  MAXIMUM         95    312 PM  97    1970  78     17       83
  MINIMUM         50    458 AM  28    2005  42      8       43
  AVERAGE         73                        60     13       63

PRECIPITATION (IN)
  YESTERDAY        0.00          0.71 1908   0.02  -0.02     0.00
  MONTH TO DATE    T                         0.08  -0.08     0.09
  SINCE OCT 1      4.58                      6.93  -2.35    10.35
  SINCE JAN 1      3.07                      4.45  -1.38     7.11

SNOWFALL (IN)
  YESTERDAY        0.0           3.1  1908   0.0    0.0      0.0
  MONTH TO DATE    0.0                       0.0    0.0      0.0
  SINCE JUN 1      0.0                       0.0    0.0      0.0
  SINCE JUL 1     11.2                      20.9   -9.7     41.4
  SNOW DEPTH       0

DEGREE DAYS
 HEATING
  YESTERDAY        0                         6     -6        2
  MONTH TO DATE    0                        19    -19       12
  SINCE JUN 1      0                        19    -19       12
  SINCE JUL 1   5873                      6219   -346     6016

 COOLING
  YESTERDAY        8                         1      7        0
  MONTH TO DATE   18                         3     15        0
  SINCE JUN 1     18                         3     15        0
  SINCE JAN 1     72                        14     58        0
..................................................................


WIND (MPH)
  HIGHEST WIND SPEED    28   HIGHEST WIND DIRECTION    SW (240)
  HIGHEST GUST SPEED    40   HIGHEST GUST DIRECTION    NW (300)
  AVERAGE WIND SPEED    11.8



WEATHER CONDITIONS
 THE FOLLOWING WEATHER WAS RECORDED YESTERDAY.
  NO SIGNIFICANT WEATHER WAS OBSERVED.


RELATIVE HUMIDITY (PERCENT)
 HIGHEST    50           300 AM
 LOWEST      7           200 PM
 AVERAGE    29

..........................................................


THE WINNEMUCCA AIRPORT NV CLIMATE NORMALS FOR TODAY
                         NORMAL    RECORD    YEAR
 MAXIMUM TEMPERATURE (F)   78        99      2000
 MINIMUM TEMPERATURE (F)   42        23      2001


SUNRISE AND SUNSET
JUNE  4 2020..........SUNRISE   520 AM PDT   SUNSET   819 PM PDT
JUNE  5 2020..........SUNRISE   520 AM PDT   SUNSET   820 PM PDT


-  INDICATES NEGATIVE NUMBERS.
R  INDICATES RECORD WAS SET OR TIED.
MM INDICATES DATA IS MISSING.
T  INDICATES TRACE AMOUNT.




$$
