429
CDUS45 KLKN 220934
CLIWMC


CLIMATE REPORT
NATIONAL WEATHER SERVICE ELKO NV
233 AM PDT TUE OCT 22 2019


...................................

...THE WINNEMUCCA AIRPORT NV CLIMATE SUMMARY FOR OCTOBER 21 2019...

CLIMATE NORMAL PERIOD 1981 TO 2010
CLIMATE RECORD PERIOD 1877 TO 2019


WEATHER ITEM   OBSERVED TIME   RECORD YEAR NORMAL DEPARTURE LAST
                VALUE   (LST)  VALUE       VALUE  FROM      YEAR
                                                  NORMAL
..................................................................
TEMPERATURE (F)
 YESTERDAY
  MAXIMUM         67    136 PM  85    2003  65      2       75
  MINIMUM         29    421 AM   5    1996  28      1       25
  AVERAGE         48                        46      2       50

PRECIPITATION (IN)
  YESTERDAY        0.00          0.26 1961   0.02  -0.02      T
  MONTH TO DATE    0.11                      0.44  -0.33     0.52
  SINCE OCT 1      0.11                      0.44  -0.33     0.52
  SINCE JAN 1      8.55                      6.24   2.31     7.08

SNOWFALL (IN)
  YESTERDAY        0.0           0.0  1877   0.1   -0.1      0.0
  MONTH TO DATE    0.0                       0.3   -0.3      0.0
  SINCE SEP 1      1.1                       0.3    0.8      0.0
  SINCE JUL 1      1.1                       0.3    0.8      0.0
  SNOW DEPTH       0

DEGREE DAYS
 HEATING
  YESTERDAY       17                        19     -2       15
  MONTH TO DATE  425                       313    112      349
  SINCE SEP 1    647                       487    160      484
  SINCE JUL 1    652                       517    135      488

 COOLING
  YESTERDAY        0                         0      0        0
  MONTH TO DATE    0                         0      0        0
  SINCE SEP 1     65                        31     34       31
  SINCE JAN 1    587                       541     46      779
..................................................................


WIND (MPH)
  HIGHEST WIND SPEED    15   HIGHEST WIND DIRECTION     W (270)
  HIGHEST GUST SPEED    19   HIGHEST GUST DIRECTION    NW (300)
  AVERAGE WIND SPEED     5.8



WEATHER CONDITIONS
 THE FOLLOWING WEATHER WAS RECORDED YESTERDAY.
  NO SIGNIFICANT WEATHER WAS OBSERVED.


RELATIVE HUMIDITY (PERCENT)
 HIGHEST    78           400 AM
 LOWEST     17          1200 PM
 AVERAGE    48

..........................................................


THE WINNEMUCCA AIRPORT NV CLIMATE NORMALS FOR TODAY
                         NORMAL    RECORD    YEAR
 MAXIMUM TEMPERATURE (F)   64        83      2003
 MINIMUM TEMPERATURE (F)   28        11      1996


SUNRISE AND SUNSET
OCTOBER 22 2019.......SUNRISE   710 AM PDT   SUNSET   601 PM PDT
OCTOBER 23 2019.......SUNRISE   711 AM PDT   SUNSET   559 PM PDT


-  INDICATES NEGATIVE NUMBERS.
R  INDICATES RECORD WAS SET OR TIED.
MM INDICATES DATA IS MISSING.
T  INDICATES TRACE AMOUNT.




$$
