000
CDUS45 KLKN 220157
CLIWMC


CLIMATE REPORT
NATIONAL WEATHER SERVICE ELKO NV
553 PM PST THU FEB 21 2019


...................................

...THE WINNEMUCCA AIRPORT NV CLIMATE SUMMARY FOR FEBRUARY 21 2019...
VALID TODAY AS OF 0500 PM LOCAL TIME.

CLIMATE NORMAL PERIOD 1981 TO 2010
CLIMATE RECORD PERIOD 1877 TO 2019


WEATHER ITEM   OBSERVED TIME   RECORD YEAR NORMAL DEPARTURE LAST
                VALUE   (LST)  VALUE       VALUE  FROM      YEAR
                                                  NORMAL
..................................................................
TEMPERATURE (F)
 TODAY
  MAXIMUM         31    340 PM  68    1982  49    -18       38
  MINIMUM         11    138 AM  -3    1903  24    -13       14
  AVERAGE         21                        37    -16       26

PRECIPITATION (IN)
  TODAY            0.06          0.46 1904   0.03   0.03     0.00
  MONTH TO DATE    1.62                      0.49   1.13     0.21
  SINCE OCT 1      5.86                      3.84   2.02     2.08
  SINCE JAN 1      2.62                      1.36   1.26     0.74

SNOWFALL (IN)
  TODAY            1.1           4.0  1909   0.1    1.0      0.0
  MONTH TO DATE   16.0                       2.7   13.3      3.0
  SINCE DEC 1     32.4                      11.8   20.6      6.5
  SINCE JUL 1     32.9                      15.3   17.6      6.5
  SNOW DEPTH       2

DEGREE DAYS
 HEATING
  TODAY           44                        28     16       39
  MONTH TO DATE  760                       644    116      642
  SINCE DEC 1   2776                      2829    -53     2528
  SINCE JUL 1   4309                      4397    -88     3964

 COOLING
  TODAY            0                         0      0        0
  MONTH TO DATE    0                         0      0        0
  SINCE DEC 1      0                         0      0        0
  SINCE JAN 1      0                         0      0        0
..................................................................


WIND (MPH)
  HIGHEST WIND SPEED    23   HIGHEST WIND DIRECTION     N (10)
  HIGHEST GUST SPEED    29   HIGHEST GUST DIRECTION     N (10)



WEATHER CONDITIONS
 THE FOLLOWING WEATHER WAS RECORDED TODAY.
  SNOW
  LIGHT SNOW
  FOG
  FOG W/VISIBILITY <= 1/4 MILE


RELATIVE HUMIDITY (PERCENT)
 HIGHEST    92           400 AM
 LOWEST     58           200 PM
 AVERAGE    75

..........................................................


THE WINNEMUCCA AIRPORT NV CLIMATE NORMALS FOR TOMORROW
                         NORMAL    RECORD    YEAR
 MAXIMUM TEMPERATURE (F)   50        67      1958
 MINIMUM TEMPERATURE (F)   24        -1      1894


SUNRISE AND SUNSET
FEBRUARY 21 2019......SUNRISE   637 AM PST   SUNSET   533 PM PST
FEBRUARY 22 2019......SUNRISE   636 AM PST   SUNSET   534 PM PST


-  INDICATES NEGATIVE NUMBERS.
R  INDICATES RECORD WAS SET OR TIED.
MM INDICATES DATA IS MISSING.
T  INDICATES TRACE AMOUNT.




$$
