000
CDUS45 KLKN 210934
CLIWMC


CLIMATE REPORT
NATIONAL WEATHER SERVICE ELKO NV
233 AM PDT TUE AUG 21 2018


...................................

...THE WINNEMUCCA AIRPORT NV CLIMATE SUMMARY FOR AUGUST 20 2018...

CLIMATE NORMAL PERIOD 1981 TO 2010
CLIMATE RECORD PERIOD 1877 TO 2018


WEATHER ITEM   OBSERVED TIME   RECORD YEAR NORMAL DEPARTURE LAST
                VALUE   (LST)  VALUE       VALUE  FROM      YEAR
                                                  NORMAL
..................................................................
TEMPERATURE (F)
 YESTERDAY
  MAXIMUM         89    403 PM 101    2009  91     -2       95
  MINIMUM         58   1023 PM  30    1974  48     10       57
  AVERAGE         74                        69      5       76

PRECIPITATION (IN)
  YESTERDAY        0.00          0.58 1990   0.00   0.00     0.00
  MONTH TO DATE    0.04                      0.11  -0.07     0.31
  SINCE OCT 1      7.90                      7.77   0.13    11.37
  SINCE JAN 1      6.56                      5.29   1.27     6.83

SNOWFALL (IN)
  YESTERDAY        0.0           0.0  1877   0.0    0.0      0.0
  MONTH TO DATE    0.0                       0.0    0.0      0.0
  SINCE JUN 1      0.0                       T      0.0      0.0
  SINCE JUL 1      0.0                       0.0    0.0      0.0
  SNOW DEPTH       0

DEGREE DAYS
 HEATING
  YESTERDAY        0                         1     -1        0
  MONTH TO DATE    0                         4     -4        0
  SINCE JUN 1     52                       119    -67       73
  SINCE JUL 1      0                        14    -14        0

 COOLING
  YESTERDAY        9                         5      4       11
  MONTH TO DATE  216                       136     80      193
  SINCE JUN 1    724                       458    266      695
  SINCE JAN 1    729                       469    260      702
..................................................................


WIND (MPH)
  HIGHEST WIND SPEED    18   HIGHEST WIND DIRECTION     W (260)
  HIGHEST GUST SPEED    26   HIGHEST GUST DIRECTION     W (270)
  AVERAGE WIND SPEED     7.6



WEATHER CONDITIONS
 THE FOLLOWING WEATHER WAS RECORDED YESTERDAY.
  HAZE


RELATIVE HUMIDITY (PERCENT)
 HIGHEST    32           300 AM
 LOWEST     11           100 PM
 AVERAGE    22

..........................................................


THE WINNEMUCCA AIRPORT NV CLIMATE NORMALS FOR TODAY
                         NORMAL    RECORD    YEAR
 MAXIMUM TEMPERATURE (F)   90       101      2009
                                             1969
 MINIMUM TEMPERATURE (F)   48        33      1974
                                             1918


SUNRISE AND SUNSET
AUGUST 21 2018........SUNRISE   607 AM PDT   SUNSET   741 PM PDT
AUGUST 22 2018........SUNRISE   608 AM PDT   SUNSET   739 PM PDT


-  INDICATES NEGATIVE NUMBERS.
R  INDICATES RECORD WAS SET OR TIED.
MM INDICATES DATA IS MISSING.
T  INDICATES TRACE AMOUNT.




$$
