000
CDUS45 KLKN 200929
CLIWMC


CLIMATE REPORT
NATIONAL WEATHER SERVICE ELKO NV
228 AM PDT SUN MAY 20 2018


...................................

...THE WINNEMUCCA AIRPORT NV CLIMATE SUMMARY FOR MAY 19 2018...

CLIMATE NORMAL PERIOD 1981 TO 2010
CLIMATE RECORD PERIOD 1877 TO 2018


WEATHER ITEM   OBSERVED TIME   RECORD YEAR NORMAL DEPARTURE LAST
                VALUE   (LST)  VALUE       VALUE  FROM      YEAR
                                                  NORMAL
..................................................................
TEMPERATURE (F)
 YESTERDAY
  MAXIMUM         76    310 PM  96    1954  73      3       72
  MINIMUM         41    355 AM  19    1960  39      2       28
  AVERAGE         59                        56      3       50

PRECIPITATION (IN)
  YESTERDAY        T             0.45 1981   0.04  -0.04     0.00
  MONTH TO DATE    0.98                      0.71   0.27     0.40
  SINCE OCT 1      6.94                      6.44   0.50     9.74
  SINCE JAN 1      5.60                      3.96   1.64     5.20

SNOWFALL (IN)
  YESTERDAY        0.0           0.0  1877   0.0    0.0      0.0
  MONTH TO DATE    0.0                       0.1   -0.1      0.2
  SINCE MAR 1     16.9                       4.9   12.0      2.4
  SINCE JUL 1     28.1                      20.9    7.2     18.5
  SNOW DEPTH       0

DEGREE DAYS
 HEATING
  YESTERDAY        6                         9     -3       15
  MONTH TO DATE  159                       224    -65      249
  SINCE MAR 1   1401                      1515   -114     1440
  SINCE JUL 1   5640                      6104   -464     5879

 COOLING
  YESTERDAY        0                         0      0        0
  MONTH TO DATE    0                         0      0        0
  SINCE MAR 1      0                         0      0        0
  SINCE JAN 1      0                         0      0        0
..................................................................


WIND (MPH)
  HIGHEST WIND SPEED    24   HIGHEST WIND DIRECTION    SE (140)
  HIGHEST GUST SPEED    32   HIGHEST GUST DIRECTION    SE (140)
  AVERAGE WIND SPEED     6.4



WEATHER CONDITIONS
 THE FOLLOWING WEATHER WAS RECORDED YESTERDAY.
  THUNDERSTORM


RELATIVE HUMIDITY (PERCENT)
 HIGHEST    89           300 AM
 LOWEST     23           300 PM
 AVERAGE    56

..........................................................


THE WINNEMUCCA AIRPORT NV CLIMATE NORMALS FOR TODAY
                         NORMAL    RECORD    YEAR
 MAXIMUM TEMPERATURE (F)   74        91      1954
 MINIMUM TEMPERATURE (F)   39        25      2003


SUNRISE AND SUNSET
MAY 20 2018...........SUNRISE   529 AM PDT   SUNSET   807 PM PDT
MAY 21 2018...........SUNRISE   528 AM PDT   SUNSET   808 PM PDT


-  INDICATES NEGATIVE NUMBERS.
R  INDICATES RECORD WAS SET OR TIED.
MM INDICATES DATA IS MISSING.
T  INDICATES TRACE AMOUNT.




$$
