000
CDUS45 KLKN 310926
CLIWMC


CLIMATE REPORT
NATIONAL WEATHER SERVICE ELKO NV
226 AM PDT SAT OCT 31 2020


...................................

...THE WINNEMUCCA AIRPORT NV CLIMATE SUMMARY FOR OCTOBER 30 2020...

CLIMATE NORMAL PERIOD 1981 TO 2010
CLIMATE RECORD PERIOD 1877 TO 2020


WEATHER ITEM   OBSERVED TIME   RECORD YEAR NORMAL DEPARTURE LAST
                VALUE   (LST)  VALUE       VALUE  FROM      YEAR
                                                  NORMAL
..................................................................
TEMPERATURE (F)
 YESTERDAY
  MAXIMUM         75    124 PM  77    1962  60     15       44
  MINIMUM         16    602 AM  -2    2019  26    -10       -2
  AVERAGE         46                        43      3       21

PRECIPITATION (IN)
  YESTERDAY        0.00          1.07 1933   0.02  -0.02     0.00
  MONTH TO DATE    0.03                      0.64  -0.61     0.11
  SINCE OCT 1      0.03                      0.64  -0.61     0.11
  SINCE JAN 1      4.64                      6.44  -1.80     8.55

SNOWFALL (IN)
  YESTERDAY        0.0           3.0  1946   0.1   -0.1      0.0
  MONTH TO DATE    0.0                       0.5   -0.5      0.0
  SINCE SEP 1      0.0                       0.5   -0.5      1.1
  SINCE JUL 1      0.0                       0.5   -0.5      1.1
  SNOW DEPTH       0

DEGREE DAYS
 HEATING
  YESTERDAY       19                        22     -3       44
  MONTH TO DATE  401                       498    -97      678
  SINCE SEP 1    468                       672   -204      902
  SINCE JUL 1    470                       702   -232      907

 COOLING
  YESTERDAY        0                         0      0        0
  MONTH TO DATE    0                         0      0        0
  SINCE SEP 1     67                        31     36       57
  SINCE JAN 1    895                       541    354      579
..................................................................


WIND (MPH)
  HIGHEST WIND SPEED    16   HIGHEST WIND DIRECTION     W (250)
  HIGHEST GUST SPEED    21   HIGHEST GUST DIRECTION     W (250)
  AVERAGE WIND SPEED     4.6



WEATHER CONDITIONS
 THE FOLLOWING WEATHER WAS RECORDED YESTERDAY.
  NO SIGNIFICANT WEATHER WAS OBSERVED.


RELATIVE HUMIDITY (PERCENT)
 HIGHEST    47           700 AM
 LOWEST      7           200 PM
 AVERAGE    27

..........................................................


THE WINNEMUCCA AIRPORT NV CLIMATE NORMALS FOR TODAY
                         NORMAL    RECORD    YEAR
 MAXIMUM TEMPERATURE (F)   59        76      1988
 MINIMUM TEMPERATURE (F)   26        -2      2002


SUNRISE AND SUNSET
OCTOBER 31 2020.......SUNRISE   721 AM PDT   SUNSET   548 PM PDT
NOVEMBER  1 2020......SUNRISE   623 AM PST   SUNSET   446 PM PST


-  INDICATES NEGATIVE NUMBERS.
R  INDICATES RECORD WAS SET OR TIED.
MM INDICATES DATA IS MISSING.
T  INDICATES TRACE AMOUNT.




$$
