000
CDUS45 KLKN 250029
CLIWMC


CLIMATE REPORT
NATIONAL WEATHER SERVICE ELKO NV
529 PM PDT THU MAY 24 2018


...................................

...THE WINNEMUCCA AIRPORT NV CLIMATE SUMMARY FOR MAY 24 2018...
VALID TODAY AS OF 0500 PM LOCAL TIME.

CLIMATE NORMAL PERIOD 1981 TO 2010
CLIMATE RECORD PERIOD 1877 TO 2018


WEATHER ITEM   OBSERVED TIME   RECORD YEAR NORMAL DEPARTURE LAST
                VALUE   (LST)  VALUE       VALUE  FROM      YEAR
                                                  NORMAL
..................................................................
TEMPERATURE (F)
 TODAY
  MAXIMUM         83    359 PM  97    2001  75      8       86
  MINIMUM         49    437 AM  27    2013  40      9       47
  AVERAGE         66                        57      9       67

PRECIPITATION (IN)
  TODAY            0.00          0.49 1955   0.03  -0.03     0.03
                                      1937
  MONTH TO DATE    1.41                      0.89   0.52     0.43
  SINCE OCT 1      7.37                      6.62   0.75     9.77
  SINCE JAN 1      6.03                      4.14   1.89     5.23

SNOWFALL (IN)
  TODAY            0.0           1.9  1978   0.0    0.0      0.0
  MONTH TO DATE    0.0                       0.1   -0.1      0.2
  SINCE MAR 1     16.9                       4.9   12.0      2.4
  SINCE JUL 1     28.1                      20.9    7.2     18.5
  SNOW DEPTH       0

DEGREE DAYS
 HEATING
  TODAY            0                         8     -8        0
  MONTH TO DATE  170                       268    -98      269
  SINCE MAR 1   1412                      1559   -147     1460
  SINCE JUL 1   5651                      6148   -497     5899

 COOLING
  TODAY            1                         1      0        2
  MONTH TO DATE    1                         2     -1        2
  SINCE MAR 1      1                         2     -1        2
  SINCE JAN 1      1                         2     -1        2
..................................................................


WIND (MPH)
  HIGHEST WIND SPEED    13   HIGHEST WIND DIRECTION    NE (30)
  HIGHEST GUST SPEED    19   HIGHEST GUST DIRECTION    NE (60)



WEATHER CONDITIONS
 THE FOLLOWING WEATHER WAS RECORDED TODAY.
  THUNDERSTORM


RELATIVE HUMIDITY (PERCENT)
 HIGHEST    93           600 AM
 LOWEST     28           300 PM
 AVERAGE    61

..........................................................


THE WINNEMUCCA AIRPORT NV CLIMATE NORMALS FOR TOMORROW
                         NORMAL    RECORD    YEAR
 MAXIMUM TEMPERATURE (F)   75        94      2001
                                             1992
 MINIMUM TEMPERATURE (F)   40        26      2010


SUNRISE AND SUNSET
MAY 24 2018...........SUNRISE   526 AM PDT   SUNSET   810 PM PDT
MAY 25 2018...........SUNRISE   525 AM PDT   SUNSET   811 PM PDT


-  INDICATES NEGATIVE NUMBERS.
R  INDICATES RECORD WAS SET OR TIED.
MM INDICATES DATA IS MISSING.
T  INDICATES TRACE AMOUNT.




$$
