000
CDUS45 KRIW 200732
CLIWRL


CLIMATE REPORT
NATIONAL WEATHER SERVICE RIVERTON WY
130 AM MDT WED JUN 20 2018


...................................

...THE WORLAND WY CLIMATE SUMMARY FOR JUNE 19 2018...

CLIMATE NORMAL PERIOD 1981 TO 2010
CLIMATE RECORD PERIOD 1947 TO 2018


WEATHER ITEM   OBSERVED TIME   RECORD YEAR NORMAL DEPARTURE LAST
                VALUE   (LST)  VALUE       VALUE  FROM      YEAR
                                                  NORMAL
..................................................................
TEMPERATURE (F)
 YESTERDAY
  MAXIMUM         78    306 PM 101    1989  82     -4       83
  MINIMUM         41    254 AM  40    2014  50     -9       49
                                      1979
  AVERAGE         60                        66     -6       66

PRECIPITATION (IN)
  YESTERDAY        0.01          0.52 1972   0.04  -0.03     0.00
  MONTH TO DATE    0.28                      0.85  -0.57     0.24
  SINCE JUN 1      0.28                      0.85  -0.57     0.24
  SINCE JAN 1      4.56                      4.01   0.55     5.04

DEGREE DAYS
 HEATING
  YESTERDAY        5                         2      3        0
  MONTH TO DATE   59                        76    -17       18
  SINCE JUN 1     59                        76    -17       18
  SINCE JUL 1   8167                      7852    315     7427

 COOLING
  YESTERDAY        0                         3     -3        1
  MONTH TO DATE   34                        37     -3       58
  SINCE JUN 1     34                        37     -3       58
  SINCE JAN 1     43                        49     -6       58
..................................................................


WIND (MPH)
  HIGHEST WIND SPEED    18   HIGHEST WIND DIRECTION    NW (330)
  HIGHEST GUST SPEED    22   HIGHEST GUST DIRECTION     N (340)
  AVERAGE WIND SPEED     5.2


SKY COVER
  POSSIBLE SUNSHINE  MM
  AVERAGE SKY COVER 0.2


WEATHER CONDITIONS
 THE FOLLOWING WEATHER WAS RECORDED YESTERDAY.
  THUNDERSTORM
  LIGHT RAIN


RELATIVE HUMIDITY (PERCENT)
 HIGHEST   100          1200 AM
 LOWEST     31           300 PM
 AVERAGE    66

..........................................................


THE WORLAND WY CLIMATE NORMALS FOR TODAY
                         NORMAL    RECORD    YEAR
 MAXIMUM TEMPERATURE (F)   82       103      1988
 MINIMUM TEMPERATURE (F)   50        40      1978


SUNRISE AND SUNSET
JUNE 20 2018..........SUNRISE   529 AM MDT   SUNSET   858 PM MDT
JUNE 21 2018..........SUNRISE   529 AM MDT   SUNSET   858 PM MDT


-  INDICATES NEGATIVE NUMBERS.
R  INDICATES RECORD WAS SET OR TIED.
MM INDICATES DATA IS MISSING.
T  INDICATES TRACE AMOUNT.




$$
