000
CDUS45 KRIW 150755
CLIWRL


CLIMATE REPORT
NATIONAL WEATHER SERVICE RIVERTON WY
152 AM MDT TUE OCT 15 2019


...................................

...THE WORLAND WY CLIMATE SUMMARY FOR OCTOBER 14 2019...

CLIMATE NORMAL PERIOD 1981 TO 2010
CLIMATE RECORD PERIOD 1947 TO 2019


WEATHER ITEM   OBSERVED TIME   RECORD YEAR NORMAL DEPARTURE LAST
                VALUE   (LST)  VALUE       VALUE  FROM      YEAR
                                                  NORMAL
..................................................................
TEMPERATURE (F)
 YESTERDAY
  MAXIMUM         67    204 PM  83    1964  61      6       35
  MINIMUM         28    418 AM  15    2008  31     -3       18
                                      1969
  AVERAGE         48                        46      2       27

PRECIPITATION (IN)
  YESTERDAY        0.00          0.39 1983   0.02  -0.02     0.00
  MONTH TO DATE    0.14                      0.40  -0.26     0.13
  SINCE SEP 1      2.21                      1.25   0.96     0.18
  SINCE JAN 1     10.70                      6.70   4.00     6.04

DEGREE DAYS
 HEATING
  YESTERDAY       17                        19     -2       38
  MONTH TO DATE  343                       227    116      303
  SINCE SEP 1    546                       448     98      498
  SINCE JUL 1    558                       484     74      528

 COOLING
  YESTERDAY        0                         0      0        0
  MONTH TO DATE    0                         0      0        0
  SINCE SEP 1     53                        29     24       18
  SINCE JAN 1    516                       535    -19      512
..................................................................


WIND (MPH)
  HIGHEST WIND SPEED    22   HIGHEST WIND DIRECTION     N (350)
  HIGHEST GUST SPEED    29   HIGHEST GUST DIRECTION     N (350)
  AVERAGE WIND SPEED     6.8


SKY COVER
  POSSIBLE SUNSHINE  MM
  AVERAGE SKY COVER 0.0


WEATHER CONDITIONS
 THE FOLLOWING WEATHER WAS RECORDED YESTERDAY.
  NO SIGNIFICANT WEATHER WAS OBSERVED.


RELATIVE HUMIDITY (PERCENT)
 HIGHEST    92           500 AM
 LOWEST     15           200 PM
 AVERAGE    54

..........................................................


THE WORLAND WY CLIMATE NORMALS FOR TODAY
                         NORMAL    RECORD    YEAR
 MAXIMUM TEMPERATURE (F)   61        80      2014
 MINIMUM TEMPERATURE (F)   31        13      2018


SUNRISE AND SUNSET
OCTOBER 15 2019.......SUNRISE   726 AM MDT   SUNSET   628 PM MDT
OCTOBER 16 2019.......SUNRISE   727 AM MDT   SUNSET   627 PM MDT


-  INDICATES NEGATIVE NUMBERS.
R  INDICATES RECORD WAS SET OR TIED.
MM INDICATES DATA IS MISSING.
T  INDICATES TRACE AMOUNT.




$$
