000
CDUS45 KRIW 230732
CLIWRL


CLIMATE REPORT
NATIONAL WEATHER SERVICE RIVERTON WY
131 AM MDT SUN SEP 23 2018


...................................

...THE WORLAND WY CLIMATE SUMMARY FOR SEPTEMBER 22 2018...

CLIMATE NORMAL PERIOD 1981 TO 2010
CLIMATE RECORD PERIOD 1947 TO 2018


WEATHER ITEM   OBSERVED TIME   RECORD YEAR NORMAL DEPARTURE LAST
                VALUE   (LST)  VALUE       VALUE  FROM      YEAR
                                                  NORMAL
..................................................................
TEMPERATURE (F)
 YESTERDAY
  MAXIMUM         86    421 PM  88    1966  71     15       48
  MINIMUM         37    418 AM  28    2000  40     -3       39
                                      1995
  AVERAGE         62                        55      7       44

PRECIPITATION (IN)
  YESTERDAY        0.00          0.74 1997   0.04  -0.04     0.37
  MONTH TO DATE    0.03                      0.59  -0.56     1.59
  SINCE SEP 1      0.03                      0.59  -0.56     1.59
  SINCE JAN 1      5.89                      6.04  -0.15     7.09

DEGREE DAYS
 HEATING
  YESTERDAY        3                        10     -7       21
  MONTH TO DATE   60                       127    -67      145
  SINCE SEP 1     60                       127    -67      145
  SINCE JUL 1     90                       163    -73      146

 COOLING
  YESTERDAY        0                         0      0        0
  MONTH TO DATE   18                        28    -10       52
  SINCE SEP 1     18                        28    -10       52
  SINCE JAN 1    512                       534    -22      588
..................................................................


WIND (MPH)
  HIGHEST WIND SPEED    16   HIGHEST WIND DIRECTION     S (190)
  HIGHEST GUST SPEED    21   HIGHEST GUST DIRECTION     S (200)
  AVERAGE WIND SPEED     4.6


SKY COVER
  POSSIBLE SUNSHINE  MM
  AVERAGE SKY COVER 0.0


WEATHER CONDITIONS
 THE FOLLOWING WEATHER WAS RECORDED YESTERDAY.
  NO SIGNIFICANT WEATHER WAS OBSERVED.


RELATIVE HUMIDITY (PERCENT)
 HIGHEST    64           400 AM
 LOWEST      8           400 PM
 AVERAGE    36

..........................................................


THE WORLAND WY CLIMATE NORMALS FOR TODAY
                         NORMAL    RECORD    YEAR
 MAXIMUM TEMPERATURE (F)   70        94      1992
 MINIMUM TEMPERATURE (F)   40        27      2000
                                             1984


SUNRISE AND SUNSET
SEPTEMBER 23 2018.....SUNRISE   700 AM MDT   SUNSET   707 PM MDT
SEPTEMBER 24 2018.....SUNRISE   701 AM MDT   SUNSET   705 PM MDT


-  INDICATES NEGATIVE NUMBERS.
R  INDICATES RECORD WAS SET OR TIED.
MM INDICATES DATA IS MISSING.
T  INDICATES TRACE AMOUNT.




$$
