000
CDUS45 KRIW 140733
CLIWRL


CLIMATE REPORT
NATIONAL WEATHER SERVICE RIVERTON WY
129 AM MDT FRI AUG 14 2020


...................................

...THE WORLAND WY CLIMATE SUMMARY FOR AUGUST 13 2020...

CLIMATE NORMAL PERIOD 1981 TO 2010
CLIMATE RECORD PERIOD 1947 TO 2020


WEATHER ITEM   OBSERVED TIME   RECORD YEAR NORMAL DEPARTURE LAST
                VALUE   (LST)  VALUE       VALUE  FROM      YEAR
                                                  NORMAL
..................................................................
TEMPERATURE (F)
 YESTERDAY
  MAXIMUM         95    222 PM 101    2000  89      6       86
  MINIMUM         59    219 AM  44    2004  54      5       48
  AVERAGE         77                        71      6       67

PRECIPITATION (IN)
  YESTERDAY        0.00          0.16 1979   0.01  -0.01     0.00
  MONTH TO DATE    0.03                      0.20  -0.17     0.23
  SINCE JUN 1      0.91                      2.06  -1.15     1.47
  SINCE JAN 1      2.50                      5.22  -2.72     7.72

DEGREE DAYS
 HEATING
  YESTERDAY        0                         0      0        0
  MONTH TO DATE    0                         0      0        0
  SINCE JUN 1     62                       106    -44      108
  SINCE JUL 1      1                        13    -12        4

 COOLING
  YESTERDAY       12                         7      5        2
  MONTH TO DATE  139                        97     42      123
  SINCE JUN 1    502                       410     92      381
  SINCE JAN 1    530                       422    108      381
..................................................................


WIND (MPH)
  HIGHEST WIND SPEED    29   HIGHEST WIND DIRECTION    SW (240)
  HIGHEST GUST SPEED    40   HIGHEST GUST DIRECTION    SW (230)
  AVERAGE WIND SPEED     6.8


SKY COVER
  POSSIBLE SUNSHINE  MM
  AVERAGE SKY COVER 0.0


WEATHER CONDITIONS
 THE FOLLOWING WEATHER WAS RECORDED YESTERDAY.
  NO SIGNIFICANT WEATHER WAS OBSERVED.


RELATIVE HUMIDITY (PERCENT)
 HIGHEST    48           400 AM
 LOWEST      9           100 PM
 AVERAGE    29

..........................................................


THE WORLAND WY CLIMATE NORMALS FOR TODAY
                         NORMAL    RECORD    YEAR
 MAXIMUM TEMPERATURE (F)   88       103      1971
 MINIMUM TEMPERATURE (F)   54        43      2005


SUNRISE AND SUNSET
AUGUST 14 2020........SUNRISE   615 AM MDT   SUNSET   817 PM MDT
AUGUST 15 2020........SUNRISE   616 AM MDT   SUNSET   815 PM MDT


-  INDICATES NEGATIVE NUMBERS.
R  INDICATES RECORD WAS SET OR TIED.
MM INDICATES DATA IS MISSING.
T  INDICATES TRACE AMOUNT.




$$
