000
CDAK47 PAJK 201126
CLIYAK
CLIMATE REPORT
NATIONAL WEATHER SERVICE JUNEAU, AK
326 AM AKDT FRI JUL 20 2018


...................................

...THE YAKUTAT CLIMATE SUMMARY FOR JULY 19 2018...

CLIMATE NORMAL PERIOD 1981 TO 2010
CLIMATE RECORD PERIOD 1917 TO 2018


WEATHER ITEM   OBSERVED RECORD YEAR NORMAL DEPARTURE LAST
                VALUE   VALUE       VALUE  FROM      YEAR
                                           NORMAL
...........................................................
TEMPERATURE (F)
 YESTERDAY
  MAXIMUM         62     75    1936  60      2       62
  MINIMUM         55     37    1968  49      6       54
  AVERAGE         59                 55      4       58

PRECIPITATION (IN)
  YESTERDAY        0.00   2.05 1940   0.26  -0.26     0.03
  MONTH TO DATE    6.65               4.21   2.44     3.09
  SINCE JAN 1     53.44              63.56 -10.12    47.05

DEGREE DAYS
 HEATING
  YESTERDAY        6                 10     -4        7
  MONTH TO DATE  159                212    -53      179
...........................................................


WIND (MPH)
  HIGHEST WIND SPEED    14   HIGHEST WIND DIRECTION     W (260)
  HIGHEST GUST SPEED    17   HIGHEST GUST DIRECTION     W (280)
  AVERAGE WIND SPEED     7.1


SKY COVER
  AVERAGE SKY COVER 1.0


WEATHER CONDITIONS
 THE FOLLOWING WEATHER WAS RECORDED YESTERDAY.
  NO SIGNIFICANT WEATHER WAS OBSERVED.


..........................................................


THE YAKUTAT CLIMATE NORMALS FOR TODAY
                         NORMAL    RECORD    YEAR
 MAXIMUM TEMPERATURE (F)   60        78      1990
 MINIMUM TEMPERATURE (F)   49        39      1952


SUNRISE AND SUNSET
JULY 20 2018..........SUNRISE   437 AM AKDT  SUNSET  1012 PM AKDT
JULY 21 2018..........SUNRISE   439 AM AKDT  SUNSET  1010 PM AKDT


-  INDICATES NEGATIVE NUMBERS.
R  INDICATES RECORD WAS SET OR TIED.
MM INDICATES DATA IS MISSING.
T  INDICATES TRACE AMOUNT.




$$
--------------------------------------------------------------

AMOUNT OF DAYLIGHT TODAY (HOUR:MIN)......... 17 HOURS 34 MINUTES
GAIN/LOSS SINCE YESTERDAY (HOUR:MIN:SEC).... -0:03:57

$$
