000
CDAK47 PAJK 251135
CLIYAK
CLIMATE REPORT
NATIONAL WEATHER SERVICE JUNEAU, AK
330 AM AKDT WED APR 25 2018


...................................

...THE YAKUTAT CLIMATE SUMMARY FOR APRIL 24 2018...

CLIMATE NORMAL PERIOD 1981 TO 2010
CLIMATE RECORD PERIOD 1917 TO 2018


WEATHER ITEM   OBSERVED RECORD YEAR NORMAL DEPARTURE LAST
                VALUE   VALUE       VALUE  FROM      YEAR
                                           NORMAL
...........................................................
TEMPERATURE (F)
 YESTERDAY
  MAXIMUM         45     68    1997  48     -3       49
                               1994
  MINIMUM         34     19    1967  32      2       44
  AVERAGE         40                 40      0       47

PRECIPITATION (IN)
  YESTERDAY        1.49   2.91 1922   0.30   1.19     0.22
  MONTH TO DATE    6.68               7.46  -0.78     2.56
  SINCE JAN 1     25.45              43.02 -17.57    31.16

DEGREE DAYS
 HEATING
  YESTERDAY       25                 25      0       18
  MONTH TO DATE  631                669    -38      570
...........................................................


WIND (MPH)
  HIGHEST WIND SPEED    18   HIGHEST WIND DIRECTION    SE (130)
  HIGHEST GUST SPEED    26   HIGHEST GUST DIRECTION    SE (150)
  AVERAGE WIND SPEED     9.0


SKY COVER
  AVERAGE SKY COVER 1.0


WEATHER CONDITIONS
 THE FOLLOWING WEATHER WAS RECORDED YESTERDAY.
  RAIN
  LIGHT RAIN
  LIGHT SNOW
  FOG


..........................................................


THE YAKUTAT CLIMATE NORMALS FOR TODAY
                         NORMAL    RECORD    YEAR
 MAXIMUM TEMPERATURE (F)   48        68      2005
 MINIMUM TEMPERATURE (F)   32        14      1948


SUNRISE AND SUNSET
APRIL 25 2018.........SUNRISE   535 AM AKDT  SUNSET   900 PM AKDT
APRIL 26 2018.........SUNRISE   532 AM AKDT  SUNSET   903 PM AKDT


-  INDICATES NEGATIVE NUMBERS.
R  INDICATES RECORD WAS SET OR TIED.
MM INDICATES DATA IS MISSING.
T  INDICATES TRACE AMOUNT.




$$
--------------------------------------------------------------

AMOUNT OF DAYLIGHT TODAY (HOUR:MIN)......... 15 HOURS 26 MINUTES
GAIN/LOSS SINCE YESTERDAY (HOUR:MIN:SEC).... +0:05:11

$$
