000
CDAK47 PAJK 231127
CLIYAK
CLIMATE REPORT
NATIONAL WEATHER SERVICE JUNEAU, AK
326 AM AKDT TUE OCT 23 2018


...................................

...THE YAKUTAT CLIMATE SUMMARY FOR OCTOBER 22 2018...

CLIMATE NORMAL PERIOD 1981 TO 2010
CLIMATE RECORD PERIOD 1917 TO 2018


WEATHER ITEM   OBSERVED RECORD YEAR NORMAL DEPARTURE LAST
                VALUE   VALUE       VALUE  FROM      YEAR
                                           NORMAL
...........................................................
TEMPERATURE (F)
 YESTERDAY
  MAXIMUM         51     55    1993  46      5       43
  MINIMUM         45     10    1996  33     12       27
  AVERAGE         48                 39      9       35

PRECIPITATION (IN)
  YESTERDAY        1.01   2.80 1984   0.65   0.36     0.46
  MONTH TO DATE   18.94              16.65   2.29    14.46
  SINCE JAN 1     95.84             119.06 -23.22   102.64

DEGREE DAYS
 HEATING
  YESTERDAY       17                 26     -9       30
  MONTH TO DATE  371                494   -123      469
...........................................................


WIND (MPH)
  HIGHEST WIND SPEED    18   HIGHEST WIND DIRECTION    NE (50)
  HIGHEST GUST SPEED    22   HIGHEST GUST DIRECTION     E (80)
  AVERAGE WIND SPEED     7.4


SKY COVER
  AVERAGE SKY COVER 1.0


WEATHER CONDITIONS
 THE FOLLOWING WEATHER WAS RECORDED YESTERDAY.
  RAIN
  LIGHT RAIN
  FOG


..........................................................


THE YAKUTAT CLIMATE NORMALS FOR TODAY
                         NORMAL    RECORD    YEAR
 MAXIMUM TEMPERATURE (F)   45        59      1980
 MINIMUM TEMPERATURE (F)   33         9      1966


SUNRISE AND SUNSET
OCTOBER 23 2018.......SUNRISE   817 AM AKDT  SUNSET   548 PM AKDT
OCTOBER 24 2018.......SUNRISE   819 AM AKDT  SUNSET   545 PM AKDT


-  INDICATES NEGATIVE NUMBERS.
R  INDICATES RECORD WAS SET OR TIED.
MM INDICATES DATA IS MISSING.
T  INDICATES TRACE AMOUNT.




$$
--------------------------------------------------------------

AMOUNT OF DAYLIGHT TODAY (HOUR:MIN)......... 9 HOURS 31 MINUTES
GAIN/LOSS SINCE YESTERDAY (HOUR:MIN:SEC).... -0:05:11

$$
