000
CDAK47 PAJK 181227
CLIYAK
CLIMATE REPORT
NATIONAL WEATHER SERVICE JUNEAU, AK
326 AM AKST MON FEB 18 2019


...................................

...THE YAKUTAT CLIMATE SUMMARY FOR FEBRUARY 17 2019...

CLIMATE NORMAL PERIOD 1981 TO 2010
CLIMATE RECORD PERIOD 1917 TO 2019


WEATHER ITEM   OBSERVED RECORD YEAR NORMAL DEPARTURE LAST
                VALUE   VALUE       VALUE  FROM      YEAR
                                           NORMAL
...........................................................
TEMPERATURE (F)
 YESTERDAY
  MAXIMUM         37     49    1998  37      0       40
  MINIMUM         28     -8    1954  23      5       15
  AVERAGE         33                 30      3       28

PRECIPITATION (IN)
  YESTERDAY        0.38   2.20 2008   0.40  -0.02     0.00
  MONTH TO DATE    1.14               6.58  -5.44     1.59
  SINCE JAN 1      9.11              20.24 -11.13    12.20

DEGREE DAYS
 HEATING
  YESTERDAY       32                 35     -3       37
  MONTH TO DATE  621                606     15      666
...........................................................


WIND (MPH)
  HIGHEST WIND SPEED    21   HIGHEST WIND DIRECTION    SE (130)
  HIGHEST GUST SPEED    34   HIGHEST GUST DIRECTION    SE (150)
  AVERAGE WIND SPEED     8.2


SKY COVER
  AVERAGE SKY COVER 1.0


WEATHER CONDITIONS
 THE FOLLOWING WEATHER WAS RECORDED YESTERDAY.
  LIGHT RAIN
  SNOW
  LIGHT SNOW
  FOG
  HAZE


..........................................................


THE YAKUTAT CLIMATE NORMALS FOR TODAY
                         NORMAL    RECORD    YEAR
 MAXIMUM TEMPERATURE (F)   37        49      2010
 MINIMUM TEMPERATURE (F)   23       -17      1949


SUNRISE AND SUNSET
FEBRUARY 18 2019......SUNRISE   747 AM AKST  SUNSET   519 PM AKST
FEBRUARY 19 2019......SUNRISE   744 AM AKST  SUNSET   522 PM AKST


-  INDICATES NEGATIVE NUMBERS.
R  INDICATES RECORD WAS SET OR TIED.
MM INDICATES DATA IS MISSING.
T  INDICATES TRACE AMOUNT.




$$
--------------------------------------------------------------

AMOUNT OF DAYLIGHT TODAY (HOUR:MIN)......... 9 HOURS 33 MINUTES
GAIN/LOSS SINCE YESTERDAY (HOUR:MIN:SEC).... +0:05:15

$$
