000
CDUS46 KPDT 210840
CLIYKM

CLIMATE REPORT
NATIONAL WEATHER SERVICE PENDLETON OR
140 AM PDT WED OCT 21 2020

...................................

...THE YAKIMA WA CLIMATE SUMMARY FOR OCTOBER 20 2020...

CLIMATE NORMAL PERIOD 1981 TO 2010
CLIMATE RECORD PERIOD 1946 TO 2020


WEATHER ITEM   OBSERVED TIME   RECORD YEAR NORMAL DEPARTURE LAST
                VALUE   (LST)  VALUE       VALUE  FROM      YEAR
                                                  NORMAL
...................................................................
TEMPERATURE (F)
 YESTERDAY
  MAXIMUM         62    340 PM  77    2003  62      0       53
  MINIMUM         37   1159 PM  18    1996  33      4       34
  AVERAGE         50                        47      3       44

PRECIPITATION (IN)
  YESTERDAY        0.00          0.16 1992   0.02  -0.02     0.07
  MONTH TO DATE    0.20                      0.29  -0.09     0.51
  SINCE SEP 1      0.26                      0.65  -0.39     1.03
  SINCE JAN 1      2.88                      5.42  -2.54     7.82

DEGREE DAYS
 HEATING
  YESTERDAY       15                        18     -3       21
  MONTH TO DATE  133                       277   -144      360
  SINCE SEP 1    202                       437   -235      517
  SINCE JUL 1    212                       485   -273      518

 COOLING
  YESTERDAY        0                         0      0        0
  MONTH TO DATE    3                         0      3        0
  SINCE SEP 1     69                        32     37       47
  SINCE JAN 1    728                       472    256      625
...................................................................


WIND (MPH)
  HIGHEST WIND SPEED    13   HIGHEST WIND DIRECTION     W (290)
  HIGHEST GUST SPEED    17   HIGHEST GUST DIRECTION     W (260)
  AVERAGE WIND SPEED     5.2


SKY COVER
  POSSIBLE SUNSHINE  MM
  AVERAGE SKY COVER 0.1


WEATHER CONDITIONS
THE FOLLOWING WEATHER WAS RECORDED YESTERDAY.
  NO SIGNIFICANT WEATHER WAS OBSERVED.


RELATIVE HUMIDITY (PERCENT)
 HIGHEST    76           100 AM
 LOWEST     39           400 PM
 AVERAGE    58

..........................................................


THE YAKIMA WA CLIMATE NORMALS FOR TODAY
                         NORMAL    RECORD    YEAR
 MAXIMUM TEMPERATURE (F)   61        83      2003
 MINIMUM TEMPERATURE (F)   33        21      1984
                                             1987


SUNRISE AND SUNSET
OCTOBER 21 2020.......SUNRISE   729 AM PDT   SUNSET   604 PM PDT
OCTOBER 22 2020.......SUNRISE   730 AM PDT   SUNSET   602 PM PDT


-  INDICATES NEGATIVE NUMBERS.
R  INDICATES RECORD WAS SET OR TIED.
MM INDICATES DATA IS MISSING.
T  INDICATES TRACE AMOUNT.




$$
