000
CDUS46 KPDT 190840 RRA
CLIYKM

CLIMATE REPORT
NATIONAL WEATHER SERVICE PENDLETON OR
138 AM PDT TUE JUN 19 2018


...................................

...THE YAKIMA WA CLIMATE SUMMARY FOR JUNE 18 2018...

CLIMATE NORMAL PERIOD 1981 TO 2010
CLIMATE RECORD PERIOD 1946 TO 2018


WEATHER ITEM   OBSERVED TIME   RECORD YEAR NORMAL DEPARTURE LAST
                VALUE   (LST)  VALUE       VALUE  FROM      YEAR
                                                  NORMAL
..................................................................
TEMPERATURE (F)
 YESTERDAY
  MAXIMUM         86   1235 PM 100    1961  80      6       89
  MINIMUM         55    432 AM  33    1954  49      6       59
  AVERAGE         71                        64      7       74

PRECIPITATION (IN)
  YESTERDAY        0.00          0.25 1956   0.02  -0.02     0.00
  MONTH TO DATE    0.53                      0.42   0.11     0.19
  SINCE OCT 1      5.17                      7.21  -2.04    11.49
  SINCE JAN 1      2.88                      4.09  -1.21     7.57

SNOWFALL (IN)
  YESTERDAY        0.0           0.0  2002   0.0    0.0      0.0
                                      2001
                                      2000
  MONTH TO DATE    0.0                       0.0    0.0      0.0
  SINCE JAN 1      0.8                       8.6   -7.8     29.1
  SINCE JUL 1      2.4                      21.6  -19.2     36.5
  SNOW DEPTH       0

DEGREE DAYS
 HEATING
  YESTERDAY        0                         3     -3        0
  MONTH TO DATE   65                        71     -6       51
  SINCE JUN 1     65                        71     -6       51
  SINCE JUL 1   4889                      6015  -1126     5671

 COOLING
  YESTERDAY        6                         2      4        9
  MONTH TO DATE   15                        26    -11       31
  SINCE JUN 1     15                        26    -11       31
  SINCE JAN 1    110                        46     64       88
..................................................................


WIND (MPH)
  HIGHEST WIND SPEED    24   HIGHEST WIND DIRECTION    NW (310)
  HIGHEST GUST SPEED    27   HIGHEST GUST DIRECTION    SW (220)
  AVERAGE WIND SPEED     6.5


SKY COVER
  POSSIBLE SUNSHINE  MM
  AVERAGE SKY COVER 0.1


WEATHER CONDITIONS
 THE FOLLOWING WEATHER WAS RECORDED YESTERDAY.
  NO SIGNIFICANT WEATHER WAS OBSERVED.


RELATIVE HUMIDITY (PERCENT)
 HIGHEST    78          1100 PM
 LOWEST     22           100 PM
 AVERAGE    50

..........................................................


THE YAKIMA WA CLIMATE NORMALS FOR TODAY
                         NORMAL    RECORD    YEAR
 MAXIMUM TEMPERATURE (F)   80        99      1985
 MINIMUM TEMPERATURE (F)   49        36      1996
                                             1986


SUNRISE AND SUNSET
JUNE 19 2018..........SUNRISE   509 AM PDT   SUNSET   859 PM PDT
JUNE 20 2018..........SUNRISE   509 AM PDT   SUNSET   859 PM PDT


-  INDICATES NEGATIVE NUMBERS.
R  INDICATES RECORD WAS SET OR TIED.
MM INDICATES DATA IS MISSING.
T  INDICATES TRACE AMOUNT.




$$
