000
CDUS46 KPDT 290028 RRA
CLIYKM

CLIMATE REPORT
NATIONAL WEATHER SERVICE PENDLETON OR
427 PM PST FRI FEB 28 2020


...................................

...THE YAKIMA WA CLIMATE SUMMARY FOR FEBRUARY 28 2020...
VALID TODAY AS OF 0400 PM LOCAL TIME.

CLIMATE NORMAL PERIOD 1981 TO 2010
CLIMATE RECORD PERIOD 1946 TO 2020


WEATHER ITEM   OBSERVED TIME   RECORD YEAR NORMAL DEPARTURE LAST
                VALUE   (LST)  VALUE       VALUE  FROM      YEAR
                                                  NORMAL
..................................................................
TEMPERATURE (F)
 TODAY
  MAXIMUM         66R   359 PM  65    1988  51     15       27
                                      1972
  MINIMUM         27    438 AM  10    1993  27      0       11
                                      1960
  AVERAGE         47                        39      8       19

PRECIPITATION (IN)
  TODAY            0.00          0.52 2006   0.03  -0.03      T
  MONTH TO DATE    0.11                      0.78  -0.67     2.41
  SINCE OCT 1      2.37                      5.04  -2.67     6.00
  SINCE JAN 1      1.16                      1.92  -0.76     3.83

DEGREE DAYS
 HEATING
  TODAY           18                        26     -8       46
  MONTH TO DATE  729                       809    -80     1152
  SINCE DEC 1   2602                      2994   -392     3049
  SINCE JUL 1   4212                      4527   -315     4512

 COOLING
  TODAY            0                         0      0        0
  MONTH TO DATE    0                         0      0        0
  SINCE DEC 1      0                         0      0        0
  SINCE JAN 1      0                         0      0        0
..................................................................


WIND (MPH)
  HIGHEST WIND SPEED    15   HIGHEST WIND DIRECTION     S (200)
  HIGHEST GUST SPEED    19   HIGHEST GUST DIRECTION     S (180)
  AVERAGE WIND SPEED     6.0


SKY COVER
  POSSIBLE SUNSHINE  MM
  AVERAGE SKY COVER 0.0


WEATHER CONDITIONS
 THE FOLLOWING WEATHER WAS RECORDED TODAY.
  NO SIGNIFICANT WEATHER WAS OBSERVED.


RELATIVE HUMIDITY (PERCENT)
 HIGHEST    85           400 AM
 LOWEST     36           300 PM
 AVERAGE    61

..........................................................


THE YAKIMA WA CLIMATE NORMALS FOR TOMORROW
                         NORMAL    RECORD    YEAR
 MAXIMUM TEMPERATURE (F)   51        64      2008
                                             1988
 MINIMUM TEMPERATURE (F)   28         8      1960


SUNRISE AND SUNSET
FEBRUARY 28 2020......SUNRISE   644 AM PST   SUNSET   546 PM PST
FEBRUARY 29 2020......SUNRISE   642 AM PST   SUNSET   548 PM PST


-  INDICATES NEGATIVE NUMBERS.
R  INDICATES RECORD WAS SET OR TIED.
MM INDICATES DATA IS MISSING.
T  INDICATES TRACE AMOUNT.




$$
