000
CDUS46 KPDT 210835 RRB
CLIYKM

CLIMATE REPORT
NATIONAL WEATHER SERVICE PENDLETON OR
133 AM PDT FRI SEP 21 2018


...................................

...THE YAKIMA WA CLIMATE SUMMARY FOR SEPTEMBER 20 2018...

CLIMATE NORMAL PERIOD 1981 TO 2010
CLIMATE RECORD PERIOD 1946 TO 2018


WEATHER ITEM   OBSERVED TIME   RECORD YEAR NORMAL DEPARTURE LAST
                VALUE   (LST)  VALUE       VALUE  FROM      YEAR
                                                  NORMAL
..................................................................
TEMPERATURE (F)
 YESTERDAY
  MAXIMUM         72    425 PM  90    2012  77     -5       60
                                      1994
                                      1952
  MINIMUM         37    532 AM  30    1993  42     -5       37
  AVERAGE         55                        59     -4       49

PRECIPITATION (IN)
  YESTERDAY        0.00          0.19 2008   0.01  -0.01     0.10
  MONTH TO DATE    0.01                      0.23  -0.22     0.13
  SINCE OCT 1      5.18                      8.12  -2.94    11.84
  SINCE JAN 1      2.89                      5.00  -2.11     7.92

SNOWFALL (IN)
  YESTERDAY        0.0           0.0  2002   0.0    0.0      0.0
                                      2001
                                      1999
  MONTH TO DATE    0.0                       0.0    0.0      0.0
  SINCE JAN 1      0.8                       8.6   -7.8     29.1
  SINCE JUL 1      0.0                       0.0    0.0      0.0
  SNOW DEPTH       0

DEGREE DAYS
 HEATING
  YESTERDAY       10                         6      4       16
  MONTH TO DATE   93                        78     15       50
  SINCE SEP 1     93                        78     15       50
  SINCE JUL 1    110                       126    -16       50

 COOLING
  YESTERDAY        0                         1     -1        0
  MONTH TO DATE   14                        29    -15      116
  SINCE SEP 1     14                        29    -15      116
  SINCE JAN 1    677                       469    208     1054
..................................................................


WIND (MPH)
  HIGHEST WIND SPEED    13   HIGHEST WIND DIRECTION     S (170)
  HIGHEST GUST SPEED    16   HIGHEST GUST DIRECTION     S (160)
  AVERAGE WIND SPEED     4.5


SKY COVER
  POSSIBLE SUNSHINE  MM
  AVERAGE SKY COVER 0.0


WEATHER CONDITIONS
 THE FOLLOWING WEATHER WAS RECORDED YESTERDAY.
  NO SIGNIFICANT WEATHER WAS OBSERVED.


RELATIVE HUMIDITY (PERCENT)
 HIGHEST    85           500 AM
 LOWEST     29           400 PM
 AVERAGE    57

..........................................................


THE YAKIMA WA CLIMATE NORMALS FOR TODAY
                         NORMAL    RECORD    YEAR
 MAXIMUM TEMPERATURE (F)   76        89      2014
                                             2012
                                             1967
 MINIMUM TEMPERATURE (F)   42        31      1971


SUNRISE AND SUNSET
SEPTEMBER 21 2018.....SUNRISE   648 AM PDT   SUNSET   701 PM PDT
SEPTEMBER 22 2018.....SUNRISE   649 AM PDT   SUNSET   659 PM PDT


-  INDICATES NEGATIVE NUMBERS.
R  INDICATES RECORD WAS SET OR TIED.
MM INDICATES DATA IS MISSING.
T  INDICATES TRACE AMOUNT.




$$
