745
CDUS46 KPDT 120049 RRA
CLIYKM

CLIMATE REPORT
NATIONAL WEATHER SERVICE PENDLETON OR
426 PM PST TUE DEC 11 2018


...................................

...THE YAKIMA WA CLIMATE SUMMARY FOR DECEMBER 11 2018...
VALID TODAY AS OF 0400 PM LOCAL TIME.

CLIMATE NORMAL PERIOD 1981 TO 2010
CLIMATE RECORD PERIOD 1946 TO 2018


WEATHER ITEM   OBSERVED TIME   RECORD YEAR NORMAL DEPARTURE LAST
                VALUE   (LST)  VALUE       VALUE  FROM      YEAR
                                                  NORMAL
..................................................................
TEMPERATURE (F)
 TODAY
  MAXIMUM         34    359 PM  59    2004  36     -2       34
  MINIMUM         29    334 AM  -3    2009  21      8       32
  AVERAGE         32                        29      3       33

PRECIPITATION (IN)
  TODAY            T             0.65 2010   0.05  -0.05     0.00
  MONTH TO DATE    0.12                      0.53  -0.41      T
  SINCE OCT 1      1.61                      2.12  -0.51     1.93
  SINCE JAN 1      4.50                      7.25  -2.75     9.88

SNOWFALL (IN)
  TODAY           MM             5.9  2010   0.4   MM        0.0
  MONTH TO DATE    0.0                       3.2   -3.2      0.0
  SINCE JAN 1      0.8                      15.4  -14.6     29.5
  SINCE JUL 1      T                         6.8   -6.8      0.4
  SNOW DEPTH       0

DEGREE DAYS
 HEATING
  TODAY           33                        36     -3       32
  MONTH TO DATE  368                       384    -16      348
  SINCE DEC 1    368                       384    -16      348
  SINCE JUL 1   1831                      1917    -86     1617

 COOLING
  TODAY            0                         0      0        0
  MONTH TO DATE    0                         0      0        0
  SINCE DEC 1      0                         0      0        0
  SINCE JAN 1    677                       472    205     1054
..................................................................


WIND (MPH)
  HIGHEST WIND SPEED     7   HIGHEST WIND DIRECTION     W (270)
  HIGHEST GUST SPEED     8   HIGHEST GUST DIRECTION    NE (50)
  AVERAGE WIND SPEED     2.2


SKY COVER
  POSSIBLE SUNSHINE  MM
  AVERAGE SKY COVER 1.0


WEATHER CONDITIONS
 THE FOLLOWING WEATHER WAS RECORDED TODAY.
  LIGHT RAIN
  LIGHT SNOW
  FOG
  FOG W/VISIBILITY <= 1/4 MILE


RELATIVE HUMIDITY (PERCENT)
 HIGHEST   100           100 AM
 LOWEST     89           100 PM
 AVERAGE    95

..........................................................


THE YAKIMA WA CLIMATE NORMALS FOR TOMORROW
                         NORMAL    RECORD    YEAR
 MAXIMUM TEMPERATURE (F)   36        56      1956
 MINIMUM TEMPERATURE (F)   21        -8      1972


SUNRISE AND SUNSET
DECEMBER 11 2018......SUNRISE   736 AM PST   SUNSET   415 PM PST
DECEMBER 12 2018......SUNRISE   737 AM PST   SUNSET   415 PM PST


-  INDICATES NEGATIVE NUMBERS.
R  INDICATES RECORD WAS SET OR TIED.
MM INDICATES DATA IS MISSING.
T  INDICATES TRACE AMOUNT.




$$
