147
CDUS41 KCLE 212113
CLIYNG


CLIMATE REPORT
NATIONAL WEATHER SERVICE CLEVELAND OH
512 PM EDT MON OCT 21 2019


...................................

...THE YOUNGSTOWN OH CLIMATE SUMMARY FOR OCTOBER 21 2019...
VALID TODAY AS OF 0500 PM LOCAL TIME.

CLIMATE NORMAL PERIOD 1981 TO 2010
CLIMATE RECORD PERIOD 1897 TO 2019


WEATHER ITEM   OBSERVED TIME   RECORD YEAR NORMAL DEPARTURE LAST
                VALUE   (LST)  VALUE       VALUE  FROM      YEAR
                                                  NORMAL
..................................................................
TEMPERATURE (F)
 TODAY
  MAXIMUM         71    336 PM  80    2007  59     12       41
                                      1979
                                      1947
  MINIMUM         43    312 AM  21    1952  40      3       30
  AVERAGE         57                        50      7       36

PRECIPITATION (IN)
  TODAY            0.00                      0.08  -0.08      T
  MONTH TO DATE    1.62                      1.90  -0.28     1.98
  SINCE SEP 1      6.14                      5.65   0.49     9.89
  SINCE JAN 1     40.66                     31.87   8.79    41.68

SNOWFALL (IN)
  TODAY            0.0                       0.0    0.0      0.0
  MONTH TO DATE    0.0                       0.3   -0.3      0.0
  SINCE SEP 1      0.0                       0.3   -0.3      0.0
  SINCE JUL 1      0.0                       0.3   -0.3      0.0
  SNOW DEPTH       0

DEGREE DAYS
 HEATING
  TODAY            8                        16     -8       29
  MONTH TO DATE  213                       268    -55      219
  SINCE SEP 1    237                       413   -176      289
  SINCE JUL 1    243                       451   -208      292

 COOLING
  TODAY            0                         0      0        0
  MONTH TO DATE   28                         3     25       57
  SINCE SEP 1    128                        55     73      217
  SINCE JAN 1    792                       541    251      987
..................................................................


WIND (MPH)
  HIGHEST WIND SPEED    21   HIGHEST WIND DIRECTION    SE (130)
  HIGHEST GUST SPEED    27   HIGHEST GUST DIRECTION    SE (130)


SKY COVER
  POSSIBLE SUNSHINE  MM
  AVERAGE SKY COVER 0.4


WEATHER CONDITIONS
 THE FOLLOWING WEATHER WAS RECORDED TODAY.
  FOG


RELATIVE HUMIDITY (PERCENT)
 HIGHEST    93           200 AM
 LOWEST     35           200 PM
 AVERAGE    64

..........................................................


THE YOUNGSTOWN OH CLIMATE NORMALS FOR TOMORROW
                         NORMAL    RECORD    YEAR
 MAXIMUM TEMPERATURE (F)   59        80      1979
                                             1947
 MINIMUM TEMPERATURE (F)   40        28      1992


SUNRISE AND SUNSET
OCTOBER 21 2019.......SUNRISE   741 AM EDT   SUNSET   633 PM EDT
OCTOBER 22 2019.......SUNRISE   742 AM EDT   SUNSET   632 PM EDT


-  INDICATES NEGATIVE NUMBERS.
R  INDICATES RECORD WAS SET OR TIED.
MM INDICATES DATA IS MISSING.
T  INDICATES TRACE AMOUNT.




$$
