000
CDUS41 KCLE 280531
CLIYNG

CLIMATE REPORT
NATIONAL WEATHER SERVICE CLEVELAND, OH
131 AM EDT WED OCT 28 2020

...................................

...THE YOUNGSTOWN OH CLIMATE SUMMARY FOR OCTOBER 27 2020...

CLIMATE NORMAL PERIOD 1981 TO 2010
CLIMATE RECORD PERIOD 1897 TO 2020


WEATHER ITEM   OBSERVED TIME   RECORD YEAR NORMAL DEPARTURE LAST
                VALUE   (LST)  VALUE       VALUE  FROM      YEAR
                                                  NORMAL
...................................................................
TEMPERATURE (F)
 YESTERDAY
  MAXIMUM         47    312 PM  76    1947  57    -10       61
                                      1984
                                      2000
  MINIMUM         44   1159 PM  22    1979  39      5       43
  AVERAGE         46                        48     -2       52

PRECIPITATION (IN)
  YESTERDAY        0.13                      0.09   0.04     0.30
  MONTH TO DATE    3.84                      2.41   1.43     3.05
  SINCE SEP 1      9.47                      6.16   3.31     7.57
  SINCE JAN 1     40.52                     32.38   8.14    42.09

SNOWFALL (IN)
  YESTERDAY        0.0                       0.1   -0.1      0.0
  MONTH TO DATE    0.0                       0.6   -0.6      0.0
  SINCE SEP 1      0.0                       0.6   -0.6      0.0
  SINCE JUL 1      0.0                       0.6   -0.6      0.0
  SNOW DEPTH       0

DEGREE DAYS
 HEATING
  YESTERDAY       19                        17      2       13
  MONTH TO DATE  294                       367    -73      291
  SINCE SEP 1    409                       512   -103      315
  SINCE JUL 1    410                       550   -140      321

 COOLING
  YESTERDAY        0                         0      0        0
  MONTH TO DATE    8                         3      5       28
  SINCE SEP 1     70                        55     15      128
  SINCE JAN 1    792                       541    251      792
...................................................................


WIND (MPH)
  HIGHEST WIND SPEED    12   HIGHEST WIND DIRECTION     N (360)
  HIGHEST GUST SPEED    14   HIGHEST GUST DIRECTION     N (360)
  AVERAGE WIND SPEED     3.4


SKY COVER
  POSSIBLE SUNSHINE  MM
  AVERAGE SKY COVER 1.0


WEATHER CONDITIONS
THE FOLLOWING WEATHER WAS RECORDED YESTERDAY.
  LIGHT RAIN
  FOG
  HAZE


RELATIVE HUMIDITY (PERCENT)
 HIGHEST    93          1100 PM
 LOWEST     73           900 AM
 AVERAGE    83

..........................................................


THE YOUNGSTOWN OH CLIMATE NORMALS FOR TODAY
                         NORMAL    RECORD    YEAR
 MAXIMUM TEMPERATURE (F)   57        77      2014
 MINIMUM TEMPERATURE (F)   39        25      1936
                                             1965
                                             1976


SUNRISE AND SUNSET
OCTOBER 28 2020.......SUNRISE   750 AM EDT   SUNSET   622 PM EDT
OCTOBER 29 2020.......SUNRISE   751 AM EDT   SUNSET   621 PM EDT


-  INDICATES NEGATIVE NUMBERS.
R  INDICATES RECORD WAS SET OR TIED.
MM INDICATES DATA IS MISSING.
T  INDICATES TRACE AMOUNT.




$$
