000
CDUS41 KCLE 250543
CLIYNG


CLIMATE REPORT
NATIONAL WEATHER SERVICE CLEVELAND OH
1242 AM EST SAT JAN 25 2020


...................................

...THE YOUNGSTOWN OH CLIMATE SUMMARY FOR JANUARY 24 2020...

CLIMATE NORMAL PERIOD 1981 TO 2010
CLIMATE RECORD PERIOD 1897 TO 2020


WEATHER ITEM   OBSERVED TIME   RECORD YEAR NORMAL DEPARTURE LAST
                VALUE   (LST)  VALUE       VALUE  FROM      YEAR
                                                  NORMAL
..................................................................
TEMPERATURE (F)
 YESTERDAY
  MAXIMUM         43    841 PM  61    1950  33     10       46
  MINIMUM         36    154 AM -18    1963  19     17       25
  AVERAGE         40                        26     14       36

PRECIPITATION (IN)
  YESTERDAY        0.71                      0.07   0.64     0.43
  MONTH TO DATE    3.23                      2.02   1.21     2.64
  SINCE DEC 1      7.28                      5.01   2.27     5.97
  SINCE JAN 1      3.23                      2.02   1.21     2.64

SNOWFALL (IN)
  YESTERDAY        0.0                       0.6   -0.6      1.3
  MONTH TO DATE   11.2                      13.0   -1.8     18.6
  SINCE DEC 1     19.1                      28.0   -8.9     22.3
  SINCE JUL 1     27.9                      32.4   -4.5     30.4
  SNOW DEPTH       1

DEGREE DAYS
 HEATING
  YESTERDAY       25                        39    -14       29
  MONTH TO DATE  724                       942   -218      848
  SINCE DEC 1   1633                      2019   -386     1763
  SINCE JUL 1   2848                      3348   -500     3106

 COOLING
  YESTERDAY        0                         0      0        0
  MONTH TO DATE    0                         0      0        0
  SINCE DEC 1      0                         0      0        0
  SINCE JAN 1      0                         0      0        0
..................................................................


WIND (MPH)
  HIGHEST WIND SPEED    23   HIGHEST WIND DIRECTION    SE (120)
  HIGHEST GUST SPEED    29   HIGHEST GUST DIRECTION    SE (120)
  AVERAGE WIND SPEED    11.9


SKY COVER
  POSSIBLE SUNSHINE  MM
  AVERAGE SKY COVER 1.0


WEATHER CONDITIONS
 THE FOLLOWING WEATHER WAS RECORDED YESTERDAY.
  RAIN
  LIGHT RAIN
  FOG


RELATIVE HUMIDITY (PERCENT)
 HIGHEST    89           400 PM
 LOWEST     40           100 AM
 AVERAGE    65

..........................................................


THE YOUNGSTOWN OH CLIMATE NORMALS FOR TODAY
                         NORMAL    RECORD    YEAR
 MAXIMUM TEMPERATURE (F)   33        71      1950
 MINIMUM TEMPERATURE (F)   19       -15      1897


SUNRISE AND SUNSET
JANUARY 25 2020.......SUNRISE   740 AM EST   SUNSET   530 PM EST
JANUARY 26 2020.......SUNRISE   740 AM EST   SUNSET   531 PM EST


-  INDICATES NEGATIVE NUMBERS.
R  INDICATES RECORD WAS SET OR TIED.
MM INDICATES DATA IS MISSING.
T  INDICATES TRACE AMOUNT.




$$
