000
CDUS41 KCLE 272116
CLIYNG


CLIMATE REPORT
NATIONAL WEATHER SERVICE CLEVELAND OH
513 PM EDT SUN MAY 27 2018


...................................

...THE YOUNGSTOWN OH CLIMATE SUMMARY FOR MAY 27 2018...
VALID TODAY AS OF 0500 PM LOCAL TIME.

CLIMATE NORMAL PERIOD 1981 TO 2010
CLIMATE RECORD PERIOD 1897 TO 2018


WEATHER ITEM   OBSERVED TIME   RECORD YEAR NORMAL DEPARTURE LAST
                VALUE   (LST)  VALUE       VALUE  FROM      YEAR
                                                  NORMAL
..................................................................
TEMPERATURE (F)
 TODAY
  MAXIMUM         85    336 PM  92    1939  72     13       74
  MINIMUM         66    153 AM  30    1969  50     16       49
  AVERAGE         76                        61     15       62

PRECIPITATION (IN)
  TODAY            0.00                      0.13  -0.13     0.03
  MONTH TO DATE    3.26                      3.27  -0.01     3.70
  SINCE MAR 1     12.15                      9.57   2.58    12.58
  SINCE JAN 1     20.36                     14.27   6.09    20.46

SNOWFALL (IN)
  TODAY            0.0                       0.0    0.0      0.0
  MONTH TO DATE    0.0                       0.0    0.0      0.0
  SINCE MAR 1     23.2                      13.9    9.3     22.1
  SINCE JUL 1     81.3                      62.7   18.6     69.5
  SNOW DEPTH       0

DEGREE DAYS
 HEATING
  TODAY            0                         6     -6        3
  MONTH TO DATE   48                       232   -184      249
  SINCE MAR 1   1660                      1611     49     1430
  SINCE JUL 1   5975                      6259   -284     5214

 COOLING
  TODAY           11                         2      9        0
  MONTH TO DATE   54                        22     32       25
  SINCE MAR 1     56                        31     25       41
  SINCE JAN 1     58                        31     27       41
..................................................................


WIND (MPH)
  HIGHEST WIND SPEED     8   HIGHEST WIND DIRECTION    SW (240)
  HIGHEST GUST SPEED    12   HIGHEST GUST DIRECTION     W (250)


SKY COVER
  POSSIBLE SUNSHINE  MM
  AVERAGE SKY COVER 0.8


WEATHER CONDITIONS
 THE FOLLOWING WEATHER WAS RECORDED TODAY.
  FOG


RELATIVE HUMIDITY (PERCENT)
 HIGHEST   100           100 AM
 LOWEST     55           400 PM
 AVERAGE    78

..........................................................


THE YOUNGSTOWN OH CLIMATE NORMALS FOR TOMORROW
                         NORMAL    RECORD    YEAR
 MAXIMUM TEMPERATURE (F)   72        90      2012
 MINIMUM TEMPERATURE (F)   50        34      1992


SUNRISE AND SUNSET
MAY 27 2018...........SUNRISE   555 AM EDT   SUNSET   845 PM EDT
MAY 28 2018...........SUNRISE   554 AM EDT   SUNSET   846 PM EDT


-  INDICATES NEGATIVE NUMBERS.
R  INDICATES RECORD WAS SET OR TIED.
MM INDICATES DATA IS MISSING.
T  INDICATES TRACE AMOUNT.




$$
