000
CDUS41 KCLE 230545
CLIYNG


CLIMATE REPORT
NATIONAL WEATHER SERVICE CLEVELAND OH
145 AM EDT WED MAY 23 2018


...................................

...THE YOUNGSTOWN OH CLIMATE SUMMARY FOR MAY 22 2018...

CLIMATE NORMAL PERIOD 1981 TO 2010
CLIMATE RECORD PERIOD 1897 TO 2018


WEATHER ITEM   OBSERVED TIME   RECORD YEAR NORMAL DEPARTURE LAST
                VALUE   (LST)  VALUE       VALUE  FROM      YEAR
                                                  NORMAL
..................................................................
TEMPERATURE (F)
 YESTERDAY
  MAXIMUM         77    207 PM  92    1941  70      7       66
  MINIMUM         61   1136 PM  30    2002  48     13       52
  AVERAGE         69                        59     10       59

PRECIPITATION (IN)
  YESTERDAY        0.30                      0.13   0.17     0.06
  MONTH TO DATE    3.19                      2.62   0.57     2.54
  SINCE MAR 1     12.08                      8.92   3.16    11.42
  SINCE JAN 1     20.29                     13.62   6.67    19.30

SNOWFALL (IN)
  YESTERDAY        0.0                       0.0    0.0      0.0
  MONTH TO DATE    0.0                       0.0    0.0      0.0
  SINCE MAR 1     23.2                      13.9    9.3     22.1
  SINCE JUL 1     81.3                      62.7   18.6     69.5
  SNOW DEPTH       0

DEGREE DAYS
 HEATING
  YESTERDAY        0                         7     -7        6
  MONTH TO DATE   48                       201   -153      225
  SINCE MAR 1   1660                      1580     80     1406
  SINCE JUL 1   5975                      6228   -253     5190

 COOLING
  YESTERDAY        4                         1      3        0
  MONTH TO DATE   34                        15     19       25
  SINCE MAR 1     36                        24     12       41
  SINCE JAN 1     38                        24     14       41
..................................................................


WIND (MPH)
  HIGHEST WIND SPEED    14   HIGHEST WIND DIRECTION     N (350)
  HIGHEST GUST SPEED    18   HIGHEST GUST DIRECTION     N (350)
  AVERAGE WIND SPEED     6.5


SKY COVER
  POSSIBLE SUNSHINE  MM
  AVERAGE SKY COVER 1.0


WEATHER CONDITIONS
 THE FOLLOWING WEATHER WAS RECORDED YESTERDAY.
  THUNDERSTORM
  RAIN
  LIGHT RAIN
  FOG


RELATIVE HUMIDITY (PERCENT)
 HIGHEST   100           300 AM
 LOWEST     74           100 PM
 AVERAGE    87

..........................................................


THE YOUNGSTOWN OH CLIMATE NORMALS FOR TODAY
                         NORMAL    RECORD    YEAR
 MAXIMUM TEMPERATURE (F)   71        95      1941
 MINIMUM TEMPERATURE (F)   49        30      2006
                                             1967


SUNRISE AND SUNSET
MAY 23 2018...........SUNRISE   557 AM EDT   SUNSET   842 PM EDT
MAY 24 2018...........SUNRISE   557 AM EDT   SUNSET   843 PM EDT


-  INDICATES NEGATIVE NUMBERS.
R  INDICATES RECORD WAS SET OR TIED.
MM INDICATES DATA IS MISSING.
T  INDICATES TRACE AMOUNT.




$$
