000
CDUS41 KPBZ 170712
CLIZZV

CLIMATE REPORT
NATIONAL WEATHER SERVICE PITTSBURGH PA
312 AM EDT THU OCT 17 2019

...................................

...THE ZANESVILLE OH CLIMATE SUMMARY FOR OCTOBER 16 2019...

CLIMATE NORMAL PERIOD 1981 TO 2010
CLIMATE RECORD PERIOD 1895 TO 2019


WEATHER ITEM   OBSERVED TIME   RECORD YEAR NORMAL DEPARTURE LAST
                VALUE   (LST)  VALUE       VALUE  FROM      YEAR
                                                  NORMAL
...................................................................
TEMPERATURE (F)
 YESTERDAY
  MAXIMUM         61    203 AM  87    1897  64     -3       55
  MINIMUM         47   1159 PM  21    1939  41      6       35
  AVERAGE         54                        53      1       45

PRECIPITATION (IN)
  YESTERDAY        0.44          1.64 1919   0.08   0.36     0.00
  MONTH TO DATE    1.46                      1.39   0.07     1.96
  SINCE JUN 1     14.40                     15.46  -1.06    21.96
  SINCE JAN 1     34.02                     30.92   3.10    42.39

DEGREE DAYS
 HEATING
  YESTERDAY       11                        12     -1       20
  MONTH TO DATE   97                       161    -64       95
  SINCE SEP 1    100                       259   -159      122
  SINCE JUL 1    100                       270   -170      122

 COOLING
  YESTERDAY        0                         0      0        0
  MONTH TO DATE   48                         7     41       73
  SINCE SEP 1    228                        89    139      278
  SINCE JAN 1   1095                       766    329     1277
...................................................................


WIND (MPH)
  HIGHEST WIND SPEED    18   HIGHEST WIND DIRECTION     W (280)
  HIGHEST GUST SPEED    26   HIGHEST GUST DIRECTION     W (260)
  AVERAGE WIND SPEED     9.5


SKY COVER
  POSSIBLE SUNSHINE  MM
  AVERAGE SKY COVER 0.9


WEATHER CONDITIONS
THE FOLLOWING WEATHER WAS RECORDED YESTERDAY.
  THUNDERSTORM
  HEAVY RAIN
  RAIN
  LIGHT RAIN
  FOG


RELATIVE HUMIDITY (PERCENT)
 HIGHEST    90           900 AM
 LOWEST     58           200 AM
 AVERAGE    74

..........................................................


THE ZANESVILLE OH CLIMATE NORMALS FOR TODAY
                         NORMAL    RECORD    YEAR
 MAXIMUM TEMPERATURE (F)   64        84      1908
                                             1938
 MINIMUM TEMPERATURE (F)   41        25      1952


SUNRISE AND SUNSET
OCTOBER 17 2019.......SUNRISE   740 AM EDT   SUNSET   645 PM EDT
OCTOBER 18 2019.......SUNRISE   741 AM EDT   SUNSET   644 PM EDT


-  INDICATES NEGATIVE NUMBERS.
R  INDICATES RECORD WAS SET OR TIED.
MM INDICATES DATA IS MISSING.
T  INDICATES TRACE AMOUNT.




$$
