104
CDUS41 KPBZ 212212
CLIZZV


CLIMATE REPORT
NATIONAL WEATHER SERVICE PITTSBURGH PA
512 PM EST THU FEB 21 2019


...................................

...THE ZANESVILLE OH CLIMATE SUMMARY FOR FEBRUARY 21 2019...
VALID TODAY AS OF 0500 PM LOCAL TIME.

CLIMATE NORMAL PERIOD 1981 TO 2010
CLIMATE RECORD PERIOD 1895 TO 2019


WEATHER ITEM   OBSERVED TIME   RECORD YEAR NORMAL DEPARTURE LAST
                VALUE   (LST)  VALUE       VALUE  FROM      YEAR
                                                  NORMAL
..................................................................
TEMPERATURE (F)
 TODAY
  MAXIMUM         48    236 PM  72    1997  43      5       69
  MINIMUM         36    831 AM  -1    1968  24     12       40
                                      1963
                                      1896
  AVERAGE         42                        33      9       55

PRECIPITATION (IN)
  TODAY            0.00          1.17 2011   0.08  -0.08     0.12
  MONTH TO DATE    4.69                      1.61   3.08     3.65
  SINCE JUN 1     40.84                     26.67  14.17    28.62
  SINCE JAN 1      7.76                      4.27   3.49     5.76

DEGREE DAYS
 HEATING
  TODAY           23                        32     -9       10
  MONTH TO DATE  627                       709    -82      604
  SINCE DEC 1   2587                      2835   -248     2847
  SINCE JUL 1   3747                      3976   -229     3831

 COOLING
  TODAY            0                         0      0        0
  MONTH TO DATE    0                         0      0        5
  SINCE DEC 1      0                         0      0        5
  SINCE JAN 1      0                         0      0        5
..................................................................


WIND (MPH)
  HIGHEST WIND SPEED    17   HIGHEST WIND DIRECTION     W (270)
  HIGHEST GUST SPEED    25   HIGHEST GUST DIRECTION     W (280)
  AVERAGE WIND SPEED     9.8


SKY COVER
  POSSIBLE SUNSHINE  MM
  AVERAGE SKY COVER 0.5


WEATHER CONDITIONS
 THE FOLLOWING WEATHER WAS RECORDED TODAY.
  NO SIGNIFICANT WEATHER WAS OBSERVED.


RELATIVE HUMIDITY (PERCENT)
 HIGHEST    89           100 AM
 LOWEST     40           500 PM
 AVERAGE    65

..........................................................


THE ZANESVILLE OH CLIMATE NORMALS FOR TOMORROW
                         NORMAL    RECORD    YEAR
 MAXIMUM TEMPERATURE (F)   43        71      1922
 MINIMUM TEMPERATURE (F)   24       -10      1963


SUNRISE AND SUNSET
FEBRUARY 21 2019......SUNRISE   713 AM EST   SUNSET   610 PM EST
FEBRUARY 22 2019......SUNRISE   711 AM EST   SUNSET   611 PM EST


-  INDICATES NEGATIVE NUMBERS.
R  INDICATES RECORD WAS SET OR TIED.
MM INDICATES DATA IS MISSING.
T  INDICATES TRACE AMOUNT.




$$
