000
CDUS41 KPBZ 070602
CLIZZV

CLIMATE REPORT
NATIONAL WEATHER SERVICE PITTSBURGH PA
202 AM EDT FRI MAY 07 2021

...................................

...THE ZANESVILLE OH CLIMATE SUMMARY FOR MAY 6 2021...

CLIMATE NORMAL PERIOD 1991 TO 2020
CLIMATE RECORD PERIOD 1895 TO 2021


WEATHER ITEM   OBSERVED TIME   RECORD YEAR NORMAL DEPARTURE LAST
                VALUE   (LST)  VALUE       VALUE  FROM      YEAR
                                                  NORMAL
...................................................................
TEMPERATURE (F)
 YESTERDAY
  MAXIMUM         61    604 PM  91    1943  71    -10       58
                                      1959
  MINIMUM         32    527 AM  27    1957  48    -16       36
                                      1968
  AVERAGE         47                        60    -13       47

PRECIPITATION (IN)
  YESTERDAY        0.00          1.59 1971   0.13  -0.13     0.04
  MONTH TO DATE    0.86                      0.76   0.10     0.34
  SINCE MAR 1      5.94                      7.86  -1.92    10.60
  SINCE JAN 1      9.81                     12.97  -3.16    17.36

DEGREE DAYS
 HEATING
  YESTERDAY       18                         6     12       18
  MONTH TO DATE   49                        42      7       67
  SINCE MAR 1   1005                      1143   -138     1082
  SINCE JUL 1   4930                      5138   -208     4758

 COOLING
  YESTERDAY        0                         1     -1        0
  MONTH TO DATE    1                         6     -5        2
  SINCE MAR 1     11                        17     -6        3
  SINCE JAN 1     11                        17     -6        3
...................................................................


WIND (MPH)
  HIGHEST WIND SPEED     9   HIGHEST WIND DIRECTION    SW (230)
  HIGHEST GUST SPEED    13   HIGHEST GUST DIRECTION     W (250)
  AVERAGE WIND SPEED     2.0


SKY COVER
  POSSIBLE SUNSHINE  MM
  AVERAGE SKY COVER 0.4


WEATHER CONDITIONS
THE FOLLOWING WEATHER WAS RECORDED YESTERDAY.
  FOG
  FOG W/VISIBILITY <= 1/4 MILE


RELATIVE HUMIDITY (PERCENT)
 HIGHEST   100           200 AM
 LOWEST     40           600 PM
 AVERAGE    70

..........................................................


THE ZANESVILLE OH CLIMATE NORMALS FOR TODAY
                         NORMAL    RECORD    YEAR
 MAXIMUM TEMPERATURE (F)   72        90      1936
                                             1939
                                             1940
 MINIMUM TEMPERATURE (F)   48        26      1970


SUNRISE AND SUNSET
MAY  7 2021...........SUNRISE   620 AM EDT   SUNSET   828 PM EDT
MAY  8 2021...........SUNRISE   619 AM EDT   SUNSET   829 PM EDT


-  INDICATES NEGATIVE NUMBERS.
R  INDICATES RECORD WAS SET OR TIED.
MM INDICATES DATA IS MISSING.
T  INDICATES TRACE AMOUNT.




$$
