000
CDUS41 KPBZ 230703
CLIZZV


CLIMATE REPORT
NATIONAL WEATHER SERVICE PITTSBURGH PA
303 AM EDT TUE OCT 23 2018


...................................

...THE ZANESVILLE OH CLIMATE SUMMARY FOR OCTOBER 22 2018...

CLIMATE NORMAL PERIOD 1981 TO 2010
CLIMATE RECORD PERIOD 1895 TO 2018


WEATHER ITEM   OBSERVED TIME   RECORD YEAR NORMAL DEPARTURE LAST
                VALUE   (LST)  VALUE       VALUE  FROM      YEAR
                                                  NORMAL
..................................................................
TEMPERATURE (F)
 YESTERDAY
  MAXIMUM         61    405 PM  82    1979  63     -2       77
                                      1947
                                      1920
  MINIMUM         30    601 AM  19    1930  40    -10       49
  AVERAGE         46                        51     -5       63

PRECIPITATION (IN)
  YESTERDAY        0.00          1.68 1983   0.08  -0.08     0.00
  MONTH TO DATE    2.09                      1.87   0.22     2.74
  SINCE JUN 1     22.09                     15.94   6.15    16.20
  SINCE JAN 1     42.52                     31.40  11.12    34.32

DEGREE DAYS
 HEATING
  YESTERDAY       19                        14      5        2
  MONTH TO DATE  212                       240    -28       91
  SINCE SEP 1    239                       338    -99      156
  SINCE JUL 1    239                       349   -110      160

 COOLING
  YESTERDAY        0                         0      0        0
  MONTH TO DATE   73                         7     66       35
  SINCE SEP 1    278                        89    189      147
  SINCE JAN 1   1277                       766    511      875
..................................................................


WIND (MPH)
  HIGHEST WIND SPEED    18   HIGHEST WIND DIRECTION    SW (210)
  HIGHEST GUST SPEED    25   HIGHEST GUST DIRECTION    SW (210)
  AVERAGE WIND SPEED     6.8


SKY COVER
  POSSIBLE SUNSHINE  MM
  AVERAGE SKY COVER 0.0


WEATHER CONDITIONS
 THE FOLLOWING WEATHER WAS RECORDED YESTERDAY.
  NO SIGNIFICANT WEATHER WAS OBSERVED.


RELATIVE HUMIDITY (PERCENT)
 HIGHEST    92           300 AM
 LOWEST     32           200 PM
 AVERAGE    62

..........................................................


THE ZANESVILLE OH CLIMATE NORMALS FOR TODAY
                         NORMAL    RECORD    YEAR
 MAXIMUM TEMPERATURE (F)   62        83      1947
                                             1920
 MINIMUM TEMPERATURE (F)   40        22      1976


SUNRISE AND SUNSET
OCTOBER 23 2018.......SUNRISE   747 AM EDT   SUNSET   637 PM EDT
OCTOBER 24 2018.......SUNRISE   748 AM EDT   SUNSET   635 PM EDT


-  INDICATES NEGATIVE NUMBERS.
R  INDICATES RECORD WAS SET OR TIED.
MM INDICATES DATA IS MISSING.
T  INDICATES TRACE AMOUNT.




$$
