000
CDUS41 KPBZ 090532
CLIZZV

CLIMATE REPORT
NATIONAL WEATHER SERVICE PITTSBURGH PA
132 AM EDT SUN AUG 09 2020

...................................

...THE ZANESVILLE OH CLIMATE SUMMARY FOR AUGUST 8 2020...

CLIMATE NORMAL PERIOD 1981 TO 2010
CLIMATE RECORD PERIOD 1895 TO 2020


WEATHER ITEM   OBSERVED TIME   RECORD YEAR NORMAL DEPARTURE LAST
                VALUE   (LST)  VALUE       VALUE  FROM      YEAR
                                                  NORMAL
...................................................................
TEMPERATURE (F)
 YESTERDAY
  MAXIMUM         84    518 PM  97    1918  83      1       83
                                      1941
  MINIMUM         59    623 AM  47    1989  62     -3       61
  AVERAGE         72                        72      0       72

PRECIPITATION (IN)
  YESTERDAY        0.00          1.32 1992   0.10  -0.10     0.72
  MONTH TO DATE    0.89                      0.82   0.07     0.74
  SINCE JUN 1      8.84                      8.65   0.19     8.45
  SINCE JAN 1     31.50                     24.11   7.39    28.07

DEGREE DAYS
 HEATING
  YESTERDAY        0                         0      0        0
  MONTH TO DATE    0                         0      0        0
  SINCE JUN 1     15                        35    -20       22
  SINCE JUL 1      0                         3     -3        0

 COOLING
  YESTERDAY        7                         8     -1        7
  MONTH TO DATE   46                        64    -18       75
  SINCE JUN 1    624                       471    153      591
  SINCE JAN 1    700                       525    175      702
...................................................................


WIND (MPH)
  HIGHEST WIND SPEED     9   HIGHEST WIND DIRECTION    NW (300)
  HIGHEST GUST SPEED    11   HIGHEST GUST DIRECTION     W (280)
  AVERAGE WIND SPEED     0.5


SKY COVER
  POSSIBLE SUNSHINE  MM
  AVERAGE SKY COVER 0.2


WEATHER CONDITIONS
THE FOLLOWING WEATHER WAS RECORDED YESTERDAY.
  FOG


RELATIVE HUMIDITY (PERCENT)
 HIGHEST    93          1100 PM
 LOWEST     48           300 PM
 AVERAGE    71

..........................................................


THE ZANESVILLE OH CLIMATE NORMALS FOR TODAY
                         NORMAL    RECORD    YEAR
 MAXIMUM TEMPERATURE (F)   83        99      1934
 MINIMUM TEMPERATURE (F)   62        48      1989


SUNRISE AND SUNSET
AUGUST  9 2020........SUNRISE   634 AM EDT   SUNSET   831 PM EDT
AUGUST 10 2020........SUNRISE   635 AM EDT   SUNSET   830 PM EDT


-  INDICATES NEGATIVE NUMBERS.
R  INDICATES RECORD WAS SET OR TIED.
MM INDICATES DATA IS MISSING.
T  INDICATES TRACE AMOUNT.




$$
