000
CDUS41 KPBZ 210702
CLIZZV


CLIMATE REPORT
NATIONAL WEATHER SERVICE PITTSBURGH PA
301 AM EDT SAT JUL 21 2018


...................................

...THE ZANESVILLE OH CLIMATE SUMMARY FOR JULY 20 2018...

CLIMATE NORMAL PERIOD 1981 TO 2010
CLIMATE RECORD PERIOD 1895 TO 2018


WEATHER ITEM   OBSERVED TIME   RECORD YEAR NORMAL DEPARTURE LAST
                VALUE   (LST)  VALUE       VALUE  FROM      YEAR
                                                  NORMAL
..................................................................
TEMPERATURE (F)
 YESTERDAY
  MAXIMUM         81    415 PM 104    1930  84     -3       88
  MINIMUM         66   1159 PM  47    1947  62      4       67
                                      1929
  AVERAGE         74                        73      1       78

PRECIPITATION (IN)
  YESTERDAY        0.31          2.91 1907   0.10   0.21     0.04
  MONTH TO DATE    1.81                      2.59  -0.78     4.06
  SINCE JUN 1      6.27                      6.63  -0.36     8.47
  SINCE JAN 1     26.70                     22.09   4.61    26.59

DEGREE DAYS
 HEATING
  YESTERDAY        0                         0      0        0
  MONTH TO DATE    0                         0      0        0
  SINCE JUN 1     15                        32    -17       23
  SINCE JUL 1      0                         0      0        0

 COOLING
  YESTERDAY        9                         8      1       13
  MONTH TO DATE  213                       160     53      193
  SINCE JUN 1    436                       318    118      380
  SINCE JAN 1    621                       372    249      467
..................................................................


WIND (MPH)
  HIGHEST WIND SPEED    24   HIGHEST WIND DIRECTION    SW (210)
  HIGHEST GUST SPEED    33   HIGHEST GUST DIRECTION    SW (210)
  AVERAGE WIND SPEED    11.1


SKY COVER
  POSSIBLE SUNSHINE  MM
  AVERAGE SKY COVER 0.5


WEATHER CONDITIONS
 THE FOLLOWING WEATHER WAS RECORDED YESTERDAY.
  RAIN
  LIGHT RAIN
  FOG


RELATIVE HUMIDITY (PERCENT)
 HIGHEST    84           100 PM
 LOWEST     58           900 AM
 AVERAGE    71

..........................................................


THE ZANESVILLE OH CLIMATE NORMALS FOR TODAY
                         NORMAL    RECORD    YEAR
 MAXIMUM TEMPERATURE (F)   84       105      1934
 MINIMUM TEMPERATURE (F)   62        45      1970
                                             1936


SUNRISE AND SUNSET
JULY 21 2018..........SUNRISE   616 AM EDT   SUNSET   851 PM EDT
JULY 22 2018..........SUNRISE   617 AM EDT   SUNSET   850 PM EDT


-  INDICATES NEGATIVE NUMBERS.
R  INDICATES RECORD WAS SET OR TIED.
MM INDICATES DATA IS MISSING.
T  INDICATES TRACE AMOUNT.




$$
