558
CXUS53 KUNR 011645
CLM2WX

CLIMATE REPORT
NATIONAL WEATHER SERVICE RAPID CITY SD
1045 AM MDT WED MAY 01 2024

...................................

...THE BUFFALO SD CLIMATE SUMMARY FOR THE MONTH OF APRIL 2024...

CLIMATE NORMAL PERIOD 1991 TO 2020
CLIMATE RECORD PERIOD 9999 TO 9999

WEATHER         OBSERVED          NORMAL  DEPART   LAST YEAR`S
                VALUE   DATE(S)   VALUE   FROM     VALUE DATE(S)
                                          NORMAL
................................................................
TEMPERATURE (F)
HIGHEST           81   04/13                          89  04/11
LOWEST            25   04/18                          14  04/05
                       04/19
                       04/21
AVG. MAXIMUM    60.6               55.6     5.0     55.5
AVG. MINIMUM    34.3               31.3     3.0     29.8
MEAN            47.4               43.5     3.9     42.6
DAYS MAX >= 90     0                                   0
DAYS MAX <= 32     0                                   1
DAYS MIN <= 32    12                                  18
DAYS MIN <= 0      0                                   0

PRECIPITATION (INCHES)
TOTALS          1.12               1.44   -0.32     0.11
DAILY AVG.      0.04               0.05   -0.01     0.00
DAYS >= .01        7                                   2
DAYS >= .10        4                                   0
DAYS >= .50        0                                   0
DAYS >= 1.00       0                                   0
GREATEST
 24 HR. TOTAL   0.57   04/15 TO 04/16               0.07


DEGREE DAYS
HEATING TOTAL    520                647    -127      666
 SINCE 7/1      6315               7224    -909       MM
COOLING TOTAL      0                  0       0        3
 SINCE 1/1         0                  0       0       MM
................................................................

WIND (MPH)
AVERAGE WIND SPEED              15.2
HIGHEST WIND SPEED/DIRECTION    49/320    DATE  04/10
HIGHEST GUST SPEED/DIRECTION    63/320    DATE  04/10

AVERAGE RH (PERCENT)     55


-  INDICATES NEGATIVE NUMBERS.
R  INDICATES RECORD WAS SET OR TIED.
MM INDICATES DATA IS MISSING.
T  INDICATES TRACE AMOUNT.

$$