000
CXUS51 KPHI 011633
CLMABE


CLIMATE REPORT
NATIONAL WEATHER SERVICE MOUNT HOLLY NJ
1224 PM EDT SUN JUL 1 2018

...................................

...THE ALLENTOWN CLIMATE SUMMARY FOR THE MONTH OF JUNE 2018...

CLIMATE NORMAL PERIOD 1981 TO 2010
CLIMATE RECORD PERIOD 1922 TO 2018

WEATHER         OBSERVED          NORMAL  DEPART  LAST YEAR`S
                 VALUE   DATE(S)  VALUE   FROM    VALUE  DATE(S)
                                          NORMAL
................................................................
TEMPERATURE (F)
RECORD
 HIGH             100   06/27/1966
                        06/06/1925
                        06/20/1923
 LOW               39   06/11/1972
                        06/01/1945
                        06/08/1932
HIGHEST            95                93       2       95
LOWEST             49                46       3       46
AVG. MAXIMUM     82.3              80.1     2.2     81.9
AVG. MINIMUM     60.1              58.1     2.0     59.7
MEAN             71.2              69.1     2.1     70.8
DAYS MAX >= 90      4               2.2     1.8        5
DAYS MAX <= 32      0               0.0     0.0        0
DAYS MIN <= 32      0               0.0     0.0        0
DAYS MIN <= 0       0               0.0     0.0        0

PRECIPITATION (INCHES)
RECORD
 MAXIMUM        10.51   1938
 MINIMUM         0.34   1949
TOTALS           2.60              4.31   -1.71     5.30
DAILY AVG.       0.09              0.14   -0.05     0.18
DAYS >= .01        12              11.4     0.6       10
DAYS >= .10         6               7.4    -1.4        8
DAYS >= .50         2               2.9    -0.9        5
DAYS >= 1.00        1               1.2    -0.2        2
GREATEST
 24 HR. TOTAL    1.09   06/28 TO 06/28              1.16

SNOWFALL (INCHES)
RECORDS
 TOTAL             MM   5
 24 HR TOTAL       MM
TOTALS            0.0               0.0     0.0      0.0
SINCE 7/1        49.9              32.9    17.0     28.3
SNOWDEPTH AVG.      0                MM      MM        0
DAYS >= 1.0         0               0.0     0.0        0
GREATEST
 SNOW DEPTH         0   MM                             0  MM
 24 HR TOTAL      0.0   06/30 TO 06/30               0.0

DEGREE_DAYS
HEATING TOTAL       7                33     -26       27
 SINCE 7/1       5262              5801    -539     4816
COOLING TOTAL     200               155      45      208
 SINCE 1/1        294               200      94      268
.................................................................

WIND (MPH)
AVERAGE WIND SPEED              6.6
HIGHEST WIND SPEED/DIRECTION    26/300    DATE  06/14
HIGHEST GUST SPEED/DIRECTION    36/310    DATE  06/14

SKY COVER
POSSIBLE SUNSHINE (PERCENT)   MM
AVERAGE SKY COVER           0.40
NUMBER OF DAYS FAIR           14
NUMBER OF DAYS PC             10
NUMBER OF DAYS CLOUDY          6

AVERAGE RH (PERCENT)     63

WEATHER CONDITIONS. NUMBER OF DAYS WITH
THUNDERSTORM              4     MIXED PRECIP               0
HEAVY RAIN                2     RAIN                       9
LIGHT RAIN               17     FREEZING RAIN              0
LT FREEZING RAIN          0     HEAVY SNOW                 0
SNOW                      0     LIGHT SNOW                 0
SLEET                     0     FOG                       12
FOG W/VIS <= 1/4 MILE     0     HAZE                      11

-  INDICATES NEGATIVE NUMBERS.
R  INDICATES RECORD WAS SET OR TIED.
MM INDICATES DATA IS MISSING.
T  INDICATES TRACE AMOUNT.

$$
