000
CXUS55 KPUB 012348
CLMALS


CLIMATE REPORT
NATIONAL WEATHER SERVICE PUEBLO
526 PM MDT MON OCT 1 2018

...................................

...THE ALAMOSA CO CLIMATE SUMMARY FOR THE MONTH OF SEPTEMBER 2018...

CLIMATE NORMAL PERIOD 1981 TO 2010
CLIMATE RECORD PERIOD 1932 TO 2018

WEATHER         OBSERVED          NORMAL  DEPART  LAST YEAR`S
                 VALUE   DATE(S)  VALUE   FROM    VALUE  DATE(S)
                                          NORMAL
................................................................
TEMPERATURE (F)
RECORD
 HIGH              87   09/03/2017
                        09/04/2013
                        09/13/1990
 LOW               15   09/29/1999
                        09/30/1985
HIGHEST            84   09/16        76       8       87  09/03
                        09/18
LOWEST             26   09/27        31      -5       24  09/26
AVG. MAXIMUM     77.4              73.0     4.4     74.1
AVG. MINIMUM     37.8              36.9     0.9     39.1
MEAN             57.6              55.0     2.6     56.6
DAYS MAX >= 90      0               0.0     0.0
DAYS MAX <= 32      0               0.0     0.0
DAYS MIN <= 32      6               7.2    -1.2
DAYS MIN <= 0       0               0.0     0.0

PRECIPITATION (INCHES)
RECORD
 MAXIMUM         2.98   2013
 MINIMUM            T   1956
                        1953
TOTALS           1.02              0.91    0.11     1.75
DAILY AVG.       0.03              0.03    0.00
DAYS >= .01         5               6.8    -1.8
DAYS >= .10         3               2.8     0.2
DAYS >= .50         1               0.3     0.7
DAYS >= 1.00        0               0.0     0.0
GREATEST
 24 HR. TOTAL    0.56   09/05

SNOWFALL (INCHES)
RECORDS
 TOTAL           10.0   1936
TOTALS            0.0               0.0     0.0      0.0
SINCE 7/1         0.0               0.0     0.0        T
SNOWDEPTH AVG.      0
DAYS >= 1.0         0               0.0     0.0
GREATEST
 SNOW DEPTH         0                                  0
 24 HR TOTAL      0.0                                0.0

DEGREE_DAYS
HEATING TOTAL     213               302     -89      245
 SINCE 7/1        287               431    -144      344
COOLING TOTAL       0                 0       0        0
 SINCE 1/1        104                51      53       76
.................................................................

WIND (MPH)
AVERAGE WIND SPEED              6.1
HIGHEST WIND SPEED/DIRECTION    32/260    DATE  09/10
HIGHEST GUST SPEED/DIRECTION    42/170    DATE  09/02

SKY COVER
POSSIBLE SUNSHINE (PERCENT)   MM
AVERAGE SKY COVER           0.10
NUMBER OF DAYS FAIR           25
NUMBER OF DAYS PC              5
NUMBER OF DAYS CLOUDY          0

AVERAGE RH (PERCENT)     50

WEATHER CONDITIONS. NUMBER OF DAYS WITH
THUNDERSTORM              2     MIXED PRECIP               0
HEAVY RAIN                1     RAIN                       3
LIGHT RAIN                7     FREEZING RAIN              0
LT FREEZING RAIN          0     HAIL                       0
HEAVY SNOW                0     SNOW                       0
LIGHT SNOW                0     SLEET                      0
FOG                       2     FOG W/VIS <= 1/4 MILE      1
HAZE                      1
-  INDICATES NEGATIVE NUMBERS.
R  INDICATES RECORD WAS SET OR TIED.
MM INDICATES DATA IS MISSING.
T  INDICATES TRACE AMOUNT.

$$
