000
CXUS55 KPUB 011545 RRA
CLMALS

CLIMATE REPORT
NATIONAL WEATHER SERVICE PUEBLO
917 AM MDT SUN JUL 1 2018

...................................

...THE ALAMOSA CO CLIMATE SUMMARY FOR THE MONTH OF JUNE 2018...

CLIMATE NORMAL PERIOD 1981 TO 2010
CLIMATE RECORD PERIOD 1932 TO 2018

WEATHER         OBSERVED          NORMAL  DEPART  LAST YEAR`S
                 VALUE   DATE(S)  VALUE   FROM    VALUE  DATE(S)
                                          NORMAL
................................................................
TEMPERATURE (F)
RECORD
 HIGH              95   06/26/1994
 LOW               23   06/03/1936
HIGHEST            91   06/27        81      10       90  06/20
                        06/28                             06/21
LOWEST             29   06/02        37      -8       32  06/14
AVG. MAXIMUM     83.4              78.6     4.8     82.6
AVG. MINIMUM     41.7              40.6     1.1     42.0
MEAN             62.6              59.6     3.0     62.3
DAYS MAX >= 90      3               0.4     2.6
DAYS MAX <= 32      0               0.0     0.0
DAYS MIN <= 32      1               1.7    -0.7
DAYS MIN <= 0       0               0.0     0.0

PRECIPITATION (INCHES)
RECORD
 MAXIMUM         1.95   1933
 MINIMUM            T   1946
                        1980
                        2011
TOTALS           0.62              0.49    0.13     0.19
DAILY AVG.       0.02              0.02    0.00
DAYS >= .01         2               5.1    -3.1
DAYS >= .10         1               1.7    -0.7
DAYS >= .50         1               0.0     1.0
DAYS >= 1.00        0               0.0     0.0
GREATEST
 24 HR. TOTAL    0.56   06/03

SNOWFALL (INCHES)
RECORDS
 TOTAL            1.2   1950
TOTALS            0.0               0.0     0.0      0.0
SINCE 7/1         9.1              27.6   -18.5     42.2
SNOWDEPTH AVG.      0
DAYS >= 1.0         0               0.0     0.0
GREATEST
 SNOW DEPTH         0                                  0
 24 HR TOTAL      0.0   06/30                        0.0

DEGREE_DAYS
HEATING TOTAL      77               168     -91       91
 SINCE 7/1       7211              8594   -1383     7700
COOLING TOTAL      13                 6       7       18
 SINCE 1/1         13                 6       7       18
.................................................................

WIND (MPH)
AVERAGE WIND SPEED              8.4
HIGHEST WIND SPEED/DIRECTION    36/230    DATE  06/24
HIGHEST GUST SPEED/DIRECTION    51/200    DATE  06/28

SKY COVER
POSSIBLE SUNSHINE (PERCENT)   MM
AVERAGE SKY COVER           0.10
NUMBER OF DAYS FAIR           26
NUMBER OF DAYS PC              4
NUMBER OF DAYS CLOUDY          0

AVERAGE RH (PERCENT)     43

WEATHER CONDITIONS. NUMBER OF DAYS WITH
THUNDERSTORM              2     MIXED PRECIP               0
HEAVY RAIN                1     RAIN                       1
LIGHT RAIN                3     FREEZING RAIN              0
LT FREEZING RAIN          0     HAIL                       0
HEAVY SNOW                0     SNOW                       0
LIGHT SNOW                2     SLEET                      0
FOG                       3     FOG W/VIS <= 1/4 MILE      2
HAZE                      2

-  INDICATES NEGATIVE NUMBERS.
R  INDICATES RECORD WAS SET OR TIED.
MM INDICATES DATA IS MISSING.
T  INDICATES TRACE AMOUNT.

$$
