000
CXUS55 KPUB 011827
CLMALS


CLIMATE REPORT
NATIONAL WEATHER SERVICE PUEBLO
1100 AM MST TUE JAN 1 2019

...................................

...THE ALAMOSA CO CLIMATE SUMMARY FOR THE MONTH OF DECEMBER 2018...

CLIMATE NORMAL PERIOD 1981 TO 2010
CLIMATE RECORD PERIOD 1932 TO 2018

WEATHER         OBSERVED          NORMAL  DEPART  LAST YEAR`S
                 VALUE   DATE(S)  VALUE   FROM    VALUE  DATE(S)
                                          NORMAL
................................................................
TEMPERATURE (F)
RECORD
 HIGH              63   12/30/2017
 LOW              -42   12/08/1978
                        12/14/1964
HIGHEST            49   12/18        39      10       63  12/30
                        12/12
LOWEST            -14   12/30        -4     -10       -4  12/15
AVG. MAXIMUM     38.0              35.2     2.8     47.0
AVG. MINIMUM      2.2               0.5     1.7      3.9
MEAN             20.1              17.9     2.2     25.5
DAYS MAX >= 90      0               0.0     0.0
DAYS MAX <= 32      7              11.0    -4.0
DAYS MIN <= 32     31              30.9     0.1
DAYS MIN <= 0      11              14.4    -3.4

PRECIPITATION (INCHES)
RECORD
 MAXIMUM         1.52   1964
 MINIMUM            T   1996
                        1980
                        1956
TOTALS           0.32              0.35   -0.03     0.14
DAILY AVG.       0.01              0.01    0.00
DAYS >= .01         4               4.5    -0.5
DAYS >= .10         1               1.2    -0.2
DAYS >= .50         0               0.0     0.0
DAYS >= 1.00        0               0.0     0.0
GREATEST
 24 HR. TOTAL    0.15   12/31 TO 12/31

SNOWFALL (INCHES)
RECORDS
 TOTAL           27.7   1967
TOTALS            5.7               4.5     1.2      1.3
SINCE 7/1        13.9              10.3     3.6      1.7
SNOWDEPTH AVG.      0
DAYS >= 1.0         2               1.6     0.4
GREATEST
 SNOW DEPTH         4   12/31                          1
 24 HR TOTAL      3.1   12/31 TO 12/31               1.3

DEGREE_DAYS
HEATING TOTAL    1382              1462     -80     1219
 SINCE 7/1       3415              3637    -222     2985
COOLING TOTAL       0                 0       0        0
 SINCE 1/1        104                51      53       76
.................................................................

WIND (MPH)
AVERAGE WIND SPEED              4.9
HIGHEST WIND SPEED/DIRECTION    31/330    DATE  12/19
HIGHEST GUST SPEED/DIRECTION    46/310    DATE  12/19

SKY COVER
POSSIBLE SUNSHINE (PERCENT)   MM
AVERAGE SKY COVER           0.20
NUMBER OF DAYS FAIR           22
NUMBER OF DAYS PC              8
NUMBER OF DAYS CLOUDY          1

AVERAGE RH (PERCENT)     61

WEATHER CONDITIONS. NUMBER OF DAYS WITH
THUNDERSTORM              0     MIXED PRECIP               0
HEAVY RAIN                0     RAIN                       0
LIGHT RAIN                0     FREEZING RAIN              0
LT FREEZING RAIN          0     HAIL                       0
HEAVY SNOW                0     SNOW                       2
LIGHT SNOW                8     SLEET                      0
FOG                      12     FOG W/VIS <= 1/4 MILE      3
HAZE                      7

-  INDICATES NEGATIVE NUMBERS.
R  INDICATES RECORD WAS SET OR TIED.
MM INDICATES DATA IS MISSING.
T  INDICATES TRACE AMOUNT.

$$
