000
CXUS42 KFFC 150215
CLMATL


CLIMATE REPORT
NATIONAL WEATHER SERVICE PEACHTREE CITY GA
1014 PM EDT TUE AUG 14 2018

...................................

...THE ATLANTA CLIMATE SUMMARY FOR THE MONTH OF JULY 2018...

CLIMATE NORMAL PERIOD 1981 TO 2010
CLIMATE RECORD PERIOD 1878 TO 2018

WEATHER         OBSERVED          NORMAL  DEPART  LAST YEAR`S
                 VALUE   DATE(S)  VALUE   FROM    VALUE  DATE(S)
                                          NORMAL
................................................................
TEMPERATURE (F)
RECORD
 HIGH             105   07/01/2012
                        07/17/1980
                        07/13/1980
 LOW               53   07/15/1967
                        07/12/1898
HIGHEST            94   07/12        MM      MM       94  07/26
                                                          07/21
LOWEST             68   07/29        MM      MM       67  07/31
                        07/23
                        07/21
AVG. MAXIMUM     89.5              89.1     0.4     90.1
AVG. MINIMUM     72.2              71.3     0.9     72.3
MEAN             80.8              80.2     0.6     81.2
DAYS MAX >= 90     16              13.0     3.0       21
DAYS MAX <= 32      0               0.0     0.0        0
DAYS MIN <= 32      0               0.0     0.0        0
DAYS MIN <= 0       0               0.0     0.0        0

PRECIPITATION (INCHES)
RECORD
 MAXIMUM        17.71   1994
 MINIMUM         0.56   1881
TOTALS           8.04              5.27    2.77     2.68
DAILY AVG.       0.26              0.17    0.09     0.09
DAYS >= .01        14              11.7     2.3       12
DAYS >= .10         9               7.9     1.1        8
DAYS >= .50         5               3.3     1.7        2
DAYS >= 1.00        4               1.6     2.4        0
GREATEST
 24 HR. TOTAL    3.00   07/14 TO 07/14           07/04 TO 07/04
                                                          06/30 TO 07/01EATHER         OBSERVED          NORMAL  DEPART  LAST YEAR`S
                                                          07/01 TO 07/01EATHER         OBSERVED          NORMAL  DEPART  LAST YEAR`S

DEGREE_DAYS
HEATING TOTAL       0                 0       0        0
 SINCE 7/1          0                 0       0        0
COOLING TOTAL     498               471      27      510
 SINCE 1/1       1309              1092     217     1274
.................................................................

WIND (MPH)
AVERAGE WIND SPEED              6.8
HIGHEST WIND SPEED/DIRECTION    35/010    DATE  07/21
HIGHEST GUST SPEED/DIRECTION    40/360    DATE  07/21

SKY COVER
POSSIBLE SUNSHINE (PERCENT)   MM
AVERAGE SKY COVER           0.60
NUMBER OF DAYS FAIR            4
NUMBER OF DAYS PC             19
NUMBER OF DAYS CLOUDY          8

AVERAGE RH (PERCENT)     69

WEATHER CONDITIONS. NUMBER OF DAYS WITH
  0
  7
  0
  0
  0
  0
  0
HAZE                     10

-  INDICATES NEGATIVE NUMBERS.
R  INDICATES RECORD WAS SET OR TIED.
MM INDICATES DATA IS MISSING.
T  INDICATES TRACE AMOUNT.

$$
