000
CXUS42 KFFC 020216
CLMATL


CLIMATE REPORT
NATIONAL WEATHER SERVICE PEACHTREE CITY GA
1015 PM EDT MON OCT 1 2018

...................................

...THE ATLANTA CLIMATE SUMMARY FOR THE MONTH OF SEPTEMBER 2018...

CLIMATE NORMAL PERIOD 1981 TO 2010
CLIMATE RECORD PERIOD 1878 TO 2018

WEATHER         OBSERVED          NORMAL  DEPART  LAST YEAR`S
                 VALUE   DATE(S)  VALUE   FROM    VALUE  DATE(S)
                                          NORMAL
................................................................
TEMPERATURE (F)
RECORD
 HIGH             102   09/08/1925
                        09/07/1925
                        09/05/1925
 LOW               36   09/30/1967
HIGHEST            95   09/15        MM      MM       91  09/28
                        09/14
LOWEST             69   09/23        MM      MM       53  09/07
                        09/17
AVG. MAXIMUM     89.5              82.2     7.3     82.9
AVG. MINIMUM     72.4              64.8     7.6     64.7
MEAN             81.0              73.5     7.5     73.8
DAYS MAX >= 90     15               2.4    12.6        2
DAYS MAX <= 32      0               0.0     0.0        0
DAYS MIN <= 32      0               0.0     0.0        0
DAYS MIN <= 0       0               0.0     0.0        0

PRECIPITATION (INCHES)
RECORD
 MAXIMUM        14.26   1888
 MINIMUM         0.04   1984
TOTALS           1.48              4.47   -2.99     4.25
DAILY AVG.       0.05              0.15   -0.10     0.14
DAYS >= .01         7               7.5    -0.5        6
DAYS >= .10         4               5.1    -1.1        4
DAYS >= .50         1               2.7    -1.7        1
DAYS >= 1.00        0               1.4    -1.4        1
GREATEST
 24 HR. TOTAL    0.74   09/09 TO 09/09           09/11 TO 09/11
                                                          09/30 TO 09/30EATHER         OBSERVED          NORMAL  DEPART  LAST YEAR`S
                                                          09/30 TO 09/30EATHER         OBSERVED          NORMAL  DEPART  LAST YEAR`S

DEGREE_DAYS
HEATING TOTAL       0                11     -11        7
 SINCE 7/1          0                11     -11        7
COOLING TOTAL     485               266     219      279
 SINCE 1/1       2259              1805     454     2003
.................................................................

WIND (MPH)
AVERAGE WIND SPEED              6.4
HIGHEST WIND SPEED/DIRECTION    28/290    DATE  09/26
HIGHEST GUST SPEED/DIRECTION    35/290    DATE  09/26

SKY COVER
POSSIBLE SUNSHINE (PERCENT)   MM
AVERAGE SKY COVER           0.60
NUMBER OF DAYS FAIR            5
NUMBER OF DAYS PC             15
NUMBER OF DAYS CLOUDY         10

AVERAGE RH (PERCENT)     68

WEATHER CONDITIONS. NUMBER OF DAYS WITH
  0
  3
  0
  0
  0
  0
  0
HAZE                     15

-  INDICATES NEGATIVE NUMBERS.
R  INDICATES RECORD WAS SET OR TIED.
MM INDICATES DATA IS MISSING.
T  INDICATES TRACE AMOUNT.

$$
