976
CXUS52 KFFC 021907
CLMATL

CLIMATE REPORT
NATIONAL WEATHER SERVICE PEACHTREE CITY GA
307 PM EDT TUE JUL 02 2024

...................................

...THE ATLANTA CLIMATE SUMMARY FOR THE MONTH OF JUNE 2024...

CLIMATE NORMAL PERIOD: 1991 TO 2020
CLIMATE RECORD PERIOD: 1878 TO 2024

WEATHER         OBSERVED          NORMAL  DEPART   LAST YEAR`S
                VALUE   DATE(S)   VALUE   FROM     VALUE DATE(S)
                                          NORMAL
................................................................
TEMPERATURE (F)
RECORD
 HIGH            106   06/30/2012
 LOW              39   06/01/1889
HIGHEST          100   06/26         99       1       92  06/25
                                                          06/29
LOWEST            63   06/08         48      15       63  06/10
                                                          06/13
AVG. MAXIMUM    91.1               87.1     4.0     85.5
AVG. MINIMUM    71.8               68.6     3.2     67.7
MEAN            81.5               77.9     3.5     76.6
DAYS MAX >= 90    18                9.9     8.1        8
DAYS MAX <= 32     0                0.0     0.0        0
DAYS MIN <= 32     0                0.0     0.0        0
DAYS MIN <= 0      0                0.0     0.0        0

PRECIPITATION (INCHES)
RECORD
 MAXIMUM       11.21   1912
 MINIMUM        0.16   1988
TOTALS          1.74               4.54   -2.80     4.38
DAILY AVG.      0.06               0.15   -0.09     0.15
DAYS >= .01        8               11.1    -3.1       10
DAYS >= .10        6                7.5    -1.5        7
DAYS >= .50        1                3.3    -2.3        5
DAYS >= 1.00       0                1.2    -1.2        1
GREATEST
 24 HR. TOTAL   0.78   06/28 TO 06/29               1.00  06/19 TO 06/19

DEGREE DAYS
HEATING TOTAL      0                  1      -1        0
 SINCE 7/1      2040               2529    -489       MM
COOLING TOTAL    499                386     113      356
 SINCE 1/1       905                684     221       MM
................................................................

WIND (MPH)
AVERAGE WIND SPEED              7.4
HIGHEST WIND SPEED/DIRECTION    26/280    DATE  06/26
HIGHEST GUST SPEED/DIRECTION    46/070    DATE  06/18

SKY COVER
POSSIBLE SUNSHINE (PERCENT)   MM
AVERAGE SKY COVER           0.52
NUMBER OF DAYS FAIR            6
NUMBER OF DAYS PC             21
NUMBER OF DAYS CLOUDY          3

AVERAGE RH (PERCENT)     59

WEATHER CONDITIONS. NUMBER OF DAYS WITH
THUNDERSTORM              7     MIXED PRECIP               0
HEAVY RAIN                4     RAIN                       2
LIGHT RAIN               10     FREEZING RAIN              0
LT FREEZING RAIN          0     HAIL                       0
HEAVY SNOW                0     SNOW                       0
LIGHT SNOW                0     SLEET                      0
FOG                       6     FOG W/VIS <= 1/4 MILE      0
HAZE                      4

-  INDICATES NEGATIVE NUMBERS.
R  INDICATES RECORD WAS SET OR TIED.
MM INDICATES DATA IS MISSING.
T  INDICATES TRACE AMOUNT.

$$