352
CXUS52 KFFC 012210
CLMATL


CLIMATE REPORT
NATIONAL WEATHER SERVICE PEACHTREE CITY GA
510 PM EST TUE JAN 1 2019

...................................

...THE ATLANTA CLIMATE SUMMARY FOR THE MONTH OF DECEMBER 2018...

CLIMATE NORMAL PERIOD 1981 TO 2010
CLIMATE RECORD PERIOD 1878 TO 2018

WEATHER         OBSERVED          NORMAL  DEPART  LAST YEAR`S
                 VALUE   DATE(S)  VALUE   FROM    VALUE  DATE(S)
                                          NORMAL
................................................................
TEMPERATURE (F)
RECORD
 HIGH              79   12/01/1991
 LOW                0   12/25/1983
HIGHEST            74   12/02        63      11       70  12/05
                                                          12/02
LOWEST             28   12/06        29      -1       26  12/10
AVG. MAXIMUM     55.5              54.0     1.5     54.4
AVG. MINIMUM     41.6              36.5     5.1     39.3
MEAN             48.6              45.3     3.3     46.8
DAYS MAX >= 90      0               0.0     0.0        0
DAYS MAX <= 32      0               0.5    -0.5        0
DAYS MIN <= 32      3              10.3    -7.3       10
DAYS MIN <= 0       0               0.0     0.0        0

PRECIPITATION (INCHES)
RECORD
 MAXIMUM        12.94   1919
 MINIMUM         0.60   1889
TOTALS          11.83              3.90    7.93     4.38
DAILY AVG.       0.38              0.13    0.25     0.14
DAYS >= .01        15              10.5     4.5       10
DAYS >= .10        11               6.3     4.7        8
DAYS >= .50         7               2.8     4.2        2
DAYS >= 1.00        5               1.1     3.9        1
GREATEST
 24 HR. TOTAL    3.47   12/28 TO 12/28           12/20 TO 12/20
                                                          12/09 TO 12/09EATHER         OBSERVED          NORMAL  DEPART  LAST YEAR`S
                                                          12/09 TO 12/09EATHER         OBSERVED          NORMAL  DEPART  LAST YEAR`S

SNOWFALL (INCHES)
RECORDS
 TOTAL              T   2007
                        2003
 24 HR TOTAL        T   MM
                        12/30/2007 TO 12/30/2007
                        12/19/2007 TO 12/19/2007
TOTALS            0.0               0.4    -0.4      2.3
SINCE 7/1         0.0               0.4    -0.4      2.3
SNOWDEPTH AVG.      0                MM      MM        0
DAYS >= TRACE       0               0.4    -0.4        2
DAYS >= 1.0         0               0.2    -0.2        1
GREATEST
 24 HR TOTAL      0.0   12/31 TO 12/31           12/09 TO 12/09
                                                          12/09 TO 12/09EATHER         OBSERVED          NORMAL  DEPART  LAST YEAR`S
                                                          12/09 TO 12/09EATHER         OBSERVED          NORMAL  DEPART  LAST YEAR`S

DEGREE_DAYS
HEATING TOTAL     501               613    -112      556
 SINCE 7/1       1024              1081     -57      953
COOLING TOTAL       0                 1      -1        0
 SINCE 1/1       2433              1883     550     2165
.................................................................

WIND (MPH)
AVERAGE WIND SPEED              8.8
HIGHEST WIND SPEED/DIRECTION    30/090    DATE  12/09
HIGHEST GUST SPEED/DIRECTION    40/080    DATE  12/08

SKY COVER
POSSIBLE SUNSHINE (PERCENT)   MM
AVERAGE SKY COVER           0.70
NUMBER OF DAYS FAIR            4
NUMBER OF DAYS PC             11
NUMBER OF DAYS CLOUDY         16

AVERAGE RH (PERCENT)     71

WEATHER CONDITIONS. NUMBER OF DAYS WITH
  0
 10
  0
  0
  0
  0
  4
HAZE                      2

-  INDICATES NEGATIVE NUMBERS.
R  INDICATES RECORD WAS SET OR TIED.
MM INDICATES DATA IS MISSING.
T  INDICATES TRACE AMOUNT.

$$
