000
CXUS42 KFFC 011406
CLMATL


CLIMATE REPORT
NATIONAL WEATHER SERVICE PEACHTREE CITY GA
906 AM EST THU FEB 1 2018

...................................

...THE ATLANTA CLIMATE SUMMARY FOR THE MONTH OF JANUARY 2018...

CLIMATE NORMAL PERIOD 1981 TO 2010
CLIMATE RECORD PERIOD 1878 TO 2018

WEATHER         OBSERVED          NORMAL  DEPART  LAST YEAR`S
                 VALUE   DATE(S)  VALUE   FROM    VALUE  DATE(S)
                                          NORMAL
................................................................
TEMPERATURE (F)
RECORD
 HIGH              79   01/11/1949
 LOW               -8   01/21/1985
HIGHEST            69   01/21        77      -8       77  01/14
LOWEST             13   01/02        -8      21       15  01/08
AVG. MAXIMUM     50.1              52.3    -2.2     61.2
AVG. MINIMUM     30.7              34.3    -3.6     42.9
MEAN             40.4              43.3    -2.9     52.0
DAYS MAX >= 90      0               0.0     0.0        0
DAYS MAX <= 32      2               0.8     1.2        1
DAYS MIN <= 32     19              12.8     6.2        7
DAYS MIN <= 0       0               0.1    -0.1        0

PRECIPITATION (INCHES)
RECORD
 MAXIMUM        15.82   1883
 MINIMUM         0.84   1981
TOTALS           3.26              4.20   -0.94     8.18
DAILY AVG.       0.11              0.14   -0.03     0.26
DAYS >= .01         9              10.9    -1.9       10
DAYS >= .10         5               7.3    -2.3        8
DAYS >= .50         3               2.8     0.2        4
DAYS >= 1.00        1               1.1    -0.1        2
GREATEST
 24 HR. TOTAL    1.35   01/28 TO 01/28           01/21 TO 01/22
                                                          01/07 TO 01/07
                                                          01/07 TO 01/07

SNOWFALL (INCHES)
RECORDS
 TOTAL            4.6   2002
 24 HR TOTAL      3.7   MM
TOTALS            2.4               1.3     1.1        T
SINCE 7/1         4.7               1.7     3.0        T
SNOWDEPTH AVG.      0                MM      MM        0
DAYS >= TRACE       3               0.8     2.2        1
DAYS >= 1.0         1               0.5     0.5        0
GREATEST
 24 HR TOTAL      2.3   01/17 TO 01/17           01/07 TO 01/07
                                                          01/07 TO 01/07
                                                          01/07 TO 01/07

DEGREE_DAYS
HEATING TOTAL     754               673      81      398
 SINCE 7/1       1707              1754     -47     1111
COOLING TOTAL       0                 0       0        2
 SINCE 1/1          0                 0       0        2
........................................................

WIND (MPH)
AVERAGE WIND SPEED              9.8
HIGHEST WIND SPEED/DIRECTION    31/330    DATE  01/13
HIGHEST GUST SPEED/DIRECTION    40/320    DATE  01/13

SKY COVER
POSSIBLE SUNSHINE (PERCENT)   MM
AVERAGE SKY COVER           0.50
NUMBER OF DAYS FAIR           15
NUMBER OF DAYS PC              9
NUMBER OF DAYS CLOUDY          7

AVERAGE RH (PERCENT)     61

WEATHER CONDITIONS. NUMBER OF DAYS WITH
THUNDERSTORM              0     MIXED PRECIP               0
HEAVY RAIN                2     RAIN                       3
LIGHT RAIN                9     FREEZING RAIN              0
LT FREEZING RAIN          0     HAIL                       0
HEAVY SNOW                0     SNOW                       1
LIGHT SNOW                3     SLEET                      0
FOG                      11     FOG W/VIS <= 1/4 MILE      4
HAZE                      0

-  INDICATES NEGATIVE NUMBERS.
R  INDICATES RECORD WAS SET OR TIED.
MM INDICATES DATA IS MISSING.
T  INDICATES TRACE AMOUNT.

$$
