630
CXUS54 KEWX 192038
CLMATT

CLIMATE REPORT
NATIONAL WEATHER SERVICE AUSTIN/SAN ANTONIO, TX
515 AM CST FRI MAR 1 2019

.................................................................

THE AUSTIN CAMP MABRY CLIMATE SUMMARY FOR THE MONTH OF FEBRUARY 2019

CLIMATE NORMAL PERIOD 1981 TO 2010
CLIMATE RECORD PERIOD 1897 TO 2019

WEATHER         OBSERVED          NORMAL  DEPART  LAST YEAR`S
                 VALUE   DATE(S)  VALUE   FROM    VALUE  DATE(S)
                                          NORMAL
................................................................
TEMPERATURE (F)
HIGHEST            91   02/15                         83  02/28
LOWEST             32   02/13                         31  02/12
                                                          02/11
AVG. MAXIMUM     64.7              65.2    -0.5     64.5
AVG. MINIMUM     48.0              44.8     3.2     47.8
MEAN             56.3              55.0     1.3     56.1
DAYS MAX >= 90      1                                  0
DAYS MAX <= 32      0                                  0
DAYS MIN <= 32      1                                  2
DAYS MIN <= 0       0                                  0

PRECIPITATION (INCHES)
TOTALS           0.59              2.02   -1.43     1.71
DAILY AVG.       0.02              0.07   -0.05     0.06
DAYS >= .01        10                                 15
DAYS >= .10         2                                  5
DAYS >= .50         0                                  1
DAYS >= 1.00        0                                  0
GREATEST
 24 HR. TOTAL    0.17   02/19 TO 02/19

SNOWFALL (INCHES)
TOTALS              T               0.2    -0.2        T
SINCE 7/1           T

DEGREE_DAYS
HEATING TOTAL     271               297     -26      284
 SINCE 7/1       1370              1337      33     1268
COOLING TOTAL      34                18      16       41
 SINCE 1/1         37                27      10       42
.................................................................

WIND (MPH)
AVERAGE WIND SPEED              4.7
HIGHEST WIND SPEED/DIRECTION    18/300    DATE  02/23
HIGHEST GUST SPEED/DIRECTION    31/300    DATE  02/23

SKY COVER
POSSIBLE SUNSHINE (PERCENT)   MM
AVERAGE SKY COVER           0.60
NUMBER OF DAYS FAIR            9
NUMBER OF DAYS PC              4
NUMBER OF DAYS CLOUDY         15

AVERAGE RH (PERCENT)     70

WEATHER CONDITIONS. NUMBER OF DAYS WITH
THUNDERSTORM              0    MIXED PRECIP             0
HEAVY RAIN                2    RAIN                     2
LIGHT RAIN               10    FREEZING RAIN            0
LT FREEZING RAIN          0    HAIL                     0
HEAVY SNOW                0    SNOW                     0
LIGHT SNOW                0    SLEET                    2
FOG                      16    FOG W/VIS <= 1/4 MILE    3
HAZE                      6

-  INDICATES NEGATIVE NUMBERS.
R  INDICATES RECORD WAS SET OR TIED.
MM INDICATES DATA IS MISSING.
T  INDICATES TRACE AMOUNT.

&&

MONTHLY CLIMATE SUMMARY:
FEBRUARY 2019 WAS THE 22ND WARMEST AND 17TH DRIEST
FEBRUARY SINCE RECORD KEEPING BEGAN.

SEA LEVEL PRESSURE DATA:
HIGHEST SLP 30.69 ON THE 8TH
LOWEST  SLP 29.63 ON THE 15TH

SLEET/ICE PELLETS WERE OBSERVED ON THE 8TH AND 9TH. NO
ACCUMULATION OCCURRED, BUT A TRACE OF SNOW WAS DENOTED
IN THE SNOWFALL COLUMN PER NWS DIRECTIVES.

PRELIMINARY LOCAL CLIMATOLOGICAL DATA (WS FORM: F-6)

                                          STATION:   AUSTIN CAMP MABRY
                                          MONTH:     FEBRUARY
                                          YEAR:      2019
                                          LATITUDE:   30 17 N
                                          LONGITUDE:  97 42 W

  TEMPERATURE IN F:       :PCPN:    SNOW:  WIND      :SUNSHINE: SKY     :PK WND
================================================================================
1   2   3   4   5  6A  6B    7    8   9   10  11  12  13   14  15   16   17  18
                                     12Z  AVG MX 2MIN
DY MAX MIN AVG DEP HDD CDD  WTR  SNW DPTH SPD SPD DIR MIN PSBL S-S WX    SPD DR
================================================================================

 1  65  57  61   8   4   0 0.01  0.0    0  2.9  9 110   M    M  10 1      14 120
 2  64  59  62   9   3   0    T  0.0    0  3.4  8 140   M    M  10 1      12 120
 3  76  62  69  16   0   4    T  0.0    0  4.5 12 210   M    M   8 12     22 190
 4  77  66  72  19   0   7 0.00  0.0    0  4.2  9 220   M    M   7 18     17 190
 5  79  67  73  20   0   8 0.00  0.0    0  4.9 12 190   M    M   9 18     20 150
 6  76  68  72  19   0   7 0.00  0.0    0  6.3 14 150   M    M   9 18     22 150
 7  72  39  56   2   9   0 0.03  0.0    0  7.7 17 360   M    M   5 8      30 350
 8  39  33  36 -18  29   0 0.03    T    0  8.9 16  20   M    M   8 4      26  10
 9  41  33  37 -17  28   0 0.06    T    0  4.2 10  30   M    M  10 14     18  10
10  47  37  42 -12  23   0 0.08  0.0    0  1.4  6  20   M    M  10 1       9  30
11  63  47  55   1  10   0 0.05  0.0    0  1.4  9 140   M    M   9 1      13 150
12  65  40  53  -1  12   0 0.00  0.0    0  5.8 14  20   M    M   0        22  20
13  66  32  49  -6  16   0 0.00  0.0    0  4.0 13 160   M    M   0        23 160
14  75  52  64   9   1   0 0.00  0.0    0  6.2 13 190   M    M   1        26 200
15  91  54  73  18   0   8 0.00  0.0    0  3.0 14  30   M    M   0        23  20
16  62  42  52  -3  13   0 0.00  0.0    0  5.4 13  20   M    M   8 8      21  20
17  63  49  56   1   9   0 0.00  0.0    0  7.2 15 360   M    M   2 1      22 350
18  59  44  52  -4  13   0 0.00  0.0    0  7.7 13  10   M    M   1        22  10
19  45  40  43 -13  22   0 0.17  0.0    0  5.8 10 330   M    M  10 1      17  30
20  65  41  53  -3  12   0 0.00  0.0    0  3.4  8  20   M    M   3        13 330
21  56  46  51  -5  14   0 0.00  0.0    0  2.9  8  80   M    M   9        15  70
22  59  50  55  -1  10   0 0.02  0.0    0  2.6  9  90   M    M  10 1      17  80
23  75  53  64   7   1   0 0.04  0.0    0  5.8 18 300   M    M   4 128    31 300
24  65  45  55  -2  10   0 0.00  0.0    0  6.0 14  10   M    M   0        23  10
25  68  43  56  -1   9   0 0.00  0.0    0  5.8 14 160   M    M   3        21 140
26  69  54  62   5   3   0    T  0.0    0  2.9  9 120   M    M  10 1      15 120
27  79  51  65   7   0   0 0.00  0.0    0  2.3 15  30   M    M   7 12     22  20
28  51  39  45 -13  20   0 0.10  0.0    0  5.8 12 340   M    M  10 1      18 340
================================================================================
SM 1812 1343       271  34  0.59    T    132.4          M      173
================================================================================
AV 64.7 48.0                               4.7 FASTST   M    M   6    MAX(MPH)
                                 MISC ---->  # 18 300               # 31  300
================================================================================
NOTES:
# LAST OF SEVERAL OCCURRENCES
COLUMN 17 PEAK WIND IN M.P.H.

SYMBOLS USED IN COLUMN 16:
1 = FOG OR MIST
2 = FOG REDUCING VISIBILITY TO 1/4 MILE OR LESS
3 = THUNDER
4 = ICE PELLETS
5 = HAIL
6 = FREEZING RAIN OR DRIZZLE
7 = DUSTSTORM OR SANDSTORM
8 = SMOKE OR HAZE
9 = BLOWING SNOW
X = TORNADO

$$
