000
CXUS54 KEWX 011754
CLMATT

CLIMATE REPORT
NATIONAL WEATHER SERVICE AUSTIN/SAN ANTONIO, TX
1256 PM CDT SUN JUL 1 2018

................................................................

THE AUSTIN CAMP MABRY CLIMATE SUMMARY FOR THE MONTH OF JUNE 2018

CLIMATE NORMAL PERIOD 1981 TO 2010
CLIMATE RECORD PERIOD 1897 TO 2018

WEATHER         OBSERVED          NORMAL  DEPART  LAST YEAR`S
                 VALUE   DATE(S)  VALUE   FROM    VALUE  DATE(S)
                                          NORMAL
................................................................
TEMPERATURE (F)
HIGHEST           101   06/30                        104  06/23
                        06/27
                        06/22
LOWEST             71   06/04                         66  06/05
AVG. MAXIMUM     96.9              92.1     4.8     94.4
AVG. MINIMUM     76.1              72.3     3.8     73.6
MEAN             86.5              82.2     4.3     84.0
DAYS MAX >= 90     27                                 28
DAYS MAX <= 32      0                                  0
DAYS MIN <= 32      0                                  0
DAYS MIN <= 0       0                                  0

PRECIPITATION (INCHES)
TOTALS           2.13              4.33   -2.20     3.05
DAILY AVG.       0.07              0.14   -0.07     0.10
DAYS >= .01        10                                  8
DAYS >= .10         3                                  5
DAYS >= .50         1                                  2
DAYS >= 1.00        1                                  2
GREATEST
 24 HR. TOTAL    1.27   06/04 TO 06/04

SNOWFALL (INCHES)
TOTALS            0.0               0.0     0.0      0.0
SINCE 7/1         0.4

DEGREE_DAYS
HEATING TOTAL       0                 0       0        0
 SINCE 7/1       1363              1539    -176      834
COOLING TOTAL     650               516     134      577
 SINCE 1/1       1432              1129     303     1439
.................................................................

WIND (MPH)
AVERAGE WIND SPEED              6.2
HIGHEST WIND SPEED/DIRECTION    21/140    DATE  06/09
HIGHEST GUST SPEED/DIRECTION    32/080    DATE  06/03

SKY COVER
POSSIBLE SUNSHINE (PERCENT)   MM
AVERAGE SKY COVER           0.40
NUMBER OF DAYS FAIR           12
NUMBER OF DAYS PC             16
NUMBER OF DAYS CLOUDY          2

AVERAGE RH (PERCENT)     63

WEATHER CONDITIONS. NUMBER OF DAYS WITH
THUNDERSTORM              2    MIXED PRECIP             0
HEAVY RAIN                4    RAIN                     5
LIGHT RAIN                10   FREEZING RAIN            0
LT FREEZING RAIN          0    HAIL                     0
HEAVY SNOW                0    SNOW                     0
LIGHT SNOW                0    SLEET                    0
FOG                       7    FOG W/VIS <= 1/4 MILE    0
HAZE                      2

-  INDICATES NEGATIVE NUMBERS.
R  INDICATES RECORD WAS SET OR TIED.
MM INDICATES DATA IS MISSING.
T  INDICATES TRACE AMOUNT.

&&

MONTHLY CLIMATE SUMMARY:
JUNE 2018 WAS THE 4TH WARMEST AND 54TH DRIEST JUNE SINCE
RECORD KEEPING BEGAN.

SEA LEVEL PRESSURE DATA:
HIGHEST SLP 30.10 ON THE 4TH
LOWEST SLP 29.70 ON THE 23RD

PRELIMINARY LOCAL CLIMATOLOGICAL DATA (WS FORM: F-6)

                                          STATION:   AUSTIN CAMP MABRY
                                          MONTH:     JUNE
                                          YEAR:      2018
                                          LATITUDE:   30 17 N
                                          LONGITUDE:  97 42 W

  TEMPERATURE IN F:       :PCPN:    SNOW:  WIND      :SUNSHINE: SKY     :PK WND
================================================================================
1   2   3   4   5  6A  6B    7    8   9   10  11  12  13   14  15   16   17  18
                                     12Z  AVG MX 2MIN
DY MAX MIN AVG DEP HDD CDD  WTR  SNW DPTH SPD SPD DIR MIN PSBL S-S WX    SPD DR
================================================================================

 1  99  77  88   8   0  23 0.00  0.0    0  6.8 14 170   M    M   4 8      24 190
 2 101  77  89   9   0  24 0.00  0.0    0  5.8 12 200   M    M   3        22 200
 3 100  74  87   7   0  22 0.03  0.0    0  3.3 17  80   M    M   4 13     32  80
 4  89  71  80  -1   0  15 1.27  0.0    0  3.5 15  90   M    M   2 13     30 110
 5  99  75  87   6   0  22 0.00  0.0    0  5.5 13 160   M    M   2        20 160
 6  99  77  88   7   0  23 0.00  0.0    0  6.3 13 110   M    M   2        20 140
 7  98  76  87   6   0  22 0.00  0.0    0  6.8 13 160   M    M   2        20 150
 8  95  75  85   4   0  20    T  0.0    0  5.7 14 140   M    M   3        21 150
 9  96  77  87   6   0  22 0.02  0.0    0  5.6 21 140   M    M   5        29 150
10  99  77  88   6   0  23 0.00  0.0    0  6.8 15 150   M    M   5        26 160
11  98  78  88   6   0  23 0.00  0.0    0  8.4 15 150   M    M   4        28 150
12 100  78  89   7   0  24 0.00  0.0    0  7.9 15 140   M    M   4        22 150
13  99  78  89   7   0  24    T  0.0    0  5.5 13 160   M    M   4        22 140
14  99  76  88   6   0  23 0.00  0.0    0  5.5 15 160   M    M   3        23 140
15  98  75  87   5   0  22 0.09  0.0    0  6.7 20 130   M    M   4        28 120
16  94  76  85   3   0  20 0.15  0.0    0  7.1 16 140   M    M   5 1      27 140
17  94  75  85   3   0  20 0.05  0.0    0  4.5 13 110   M    M   4        21 110
18  93  76  85   2   0  20 0.04  0.0    0  5.6 18 120   M    M   9 18     30 120
19  80  74  77  -6   0  12 0.38  0.0    0  4.7 12 120   M    M  10 1      19 120
20  84  75  80  -3   0  15 0.07  0.0    0  4.3  9 120   M    M   7 1      15 130
21  94  74  84   1   0  19 0.00  0.0    0  3.5 10 140   M    M   4        14 150
22 101  76  89   6   0  24 0.00  0.0    0  5.8 13 190   M    M   3        21 200
23 100  76  88   5   0  23 0.00  0.0    0  7.4 18 140   M    M   3        26 130
24 100  78  89   6   0  24 0.00  0.0    0  9.0 17 140   M    M   3        30 140
25  95  77  86   3   0  21 0.03  0.0    0  7.2 15 140   M    M   6 1      28 150
26 100  78  89   5   0  24 0.00  0.0    0  6.8 14 150   M    M   4        22 150
27 101  76  89   5   0  24 0.00  0.0    0  6.7 13 160   M    M   1        23 150
28 100  76  88   4   0  23 0.00  0.0    0  6.3 15 150   M    M   3        24 140
29 100  78  89   5   0  24 0.00  0.0    0  8.0 16 150   M    M   6        26 160
30 101  78  90   6   0  25 0.00  0.0    0  8.8 17 150   M    M   5        29 140
================================================================================
SM 2906 2284         0 650  2.13     0.0 185.8          M      124
================================================================================
AV 96.9 76.1                               6.2 FASTST   M    M   4    MAX(MPH)
                                 MISC ---->  # 21 140               # 32   80
================================================================================
NOTES:
# LAST OF SEVERAL OCCURRENCES
COLUMN 17 PEAK WIND IN M.P.H.

SYMBOLS USED IN COLUMN 16
1 = FOG OR MIST
2 = FOG REDUCING VISIBILITY TO 1/4 MILE OR LESS
3 = THUNDER
4 = ICE PELLETS
5 = HAIL
6 = FREEZING RAIN OR DRIZZLE
7 = DUSTSTORM OR SANDSTORM
8 = SMOKE OR HAZE
9 = BLOWING SNOW
X = TORNADO

$$
