000
CXUS54 KEWX 030222 CCA
CLMATT

CLIMATE REPORT
NATIONAL WEATHER SERVICE AUSTIN/SAN ANTONIO
922 PM CDT FRI APR 02 2021

...................................

...THE AUSTIN CAMP MABRY CLIMATE SUMMARY FOR THE MONTH OF MARCH 2021...

CLIMATE NORMAL PERIOD: 1981 TO 2010
CLIMATE RECORD PERIOD: 1897 TO 2021

WEATHER         OBSERVED          NORMAL  DEPART   LAST YEAR`S
                VALUE   DATE(S)   VALUE   FROM     VALUE DATE(S)
                                          NORMAL
................................................................
TEMPERATURE (F)
HIGHEST           87   03/15                          92  03/24
                       03/27
LOWEST            38   03/03                          45  03/07
AVG. MAXIMUM    76.4               72.2     4.2     77.8
AVG. MINIMUM    53.3               51.3     2.0     59.6
MEAN            64.8               61.7     3.1     68.7
DAYS MAX >= 90     0                                   2
DAYS MAX <= 32     0                                   0
DAYS MIN <= 32     0                                   0
DAYS MIN <= 0      0                                   0

PRECIPITATION (INCHES)
TOTALS          1.11               2.76   -1.65     4.01
DAILY AVG.      0.04               0.09   -0.05     0.13
DAYS >= .01        8                                  10
DAYS >= .10        4                                   5
DAYS >= .50        0                                   3
DAYS >= 1.00       0                                   1
GREATEST
 24 HR. TOTAL   0.49   03/25 TO 03/25

SNOWFALL (INCHES)
TOTALS             T                0.0     0.0      0.0
SINCE 7/1        7.9

DEGREE DAYS
HEATING TOTAL     79                162     -83       43
 SINCE 7/1      1367               1498    -131     1176
COOLING TOTAL     79                 61      18      168
 SINCE 1/1       102                 88      14      200
................................................................

WIND (MPH)
AVERAGE WIND SPEED              6.6
HIGHEST WIND SPEED/DIRECTION    22/010    DATE  03/28
HIGHEST GUST SPEED/DIRECTION    39/010    DATE  03/05
                                39/280          03/17
                                39/060          03/28

SKY COVER
POSSIBLE SUNSHINE (PERCENT)   MM
AVERAGE SKY COVER           0.39
NUMBER OF DAYS FAIR           15
NUMBER OF DAYS PC             11
NUMBER OF DAYS CLOUDY          5

AVERAGE RH (PERCENT)     57

WEATHER CONDITIONS. NUMBER OF DAYS WITH
THUNDERSTORM              3     MIXED PRECIP               0
HEAVY RAIN                4     RAIN                       2
LIGHT RAIN               10     FREEZING RAIN              0
LT FREEZING RAIN          0     HAIL                       1
HEAVY SNOW                0     SNOW                       0
LIGHT SNOW                1     SLEET                      0
FOG                      10     FOG W/VIS <= 1/4 MILE      0
HAZE                      6

-  INDICATES NEGATIVE NUMBERS.
R  INDICATES RECORD WAS SET OR TIED.
MM INDICATES DATA IS MISSING.
T  INDICATES TRACE AMOUNT.

&&

MONTHLY CLIMATE SUMMARY:
MARCH 2021 WAS THE 26TH WARMEST AND THE 32ND
DRIEST MARCH SINCE RECORD KEEPING BEGAN.

SEA LEVEL PRESSURE DATA:
HIGHEST SLP 30.44 ON THE 8TH
LOWEST SLP 29.56 ON THE 24TH

COMMENTS: 1/4" DIAMETER HAIL WAS OBSERVED FOR 5 MINUTES FROM 415 AM
TO 420 AM ON MARCH 25TH.

PRELIMINARY LOCAL CLIMATOLOGICAL DATA (WS FORM: F-6)

                                          STATION:   AUSTIN CAMP MABRY
                                          MONTH:     MARCH
                                          YEAR:      2021
                                          LATITUDE:   30 17 N
                                          LONGITUDE:  97 42 W

  TEMPERATURE IN F:       :PCPN:    SNOW:  WIND      :SUNSHINE: SKY     :PK WND
================================================================================
1   2   3   4   5  6A  6B    7    8   9   10  11  12  13   14  15   16   17  18
                                     12Z  AVG MX 2MIN
DY MAX MIN AVG DEP HDD CDD  WTR  SNW DPTH SPD SPD DIR MIN PSBL S-S WX    SPD DR
================================================================================

 1  58  48  53  -5  12   0 0.14  0.0    0  9.6 20 360   M    M   6        36 360
 2  67  45  56  -2   9   0 0.00  0.0    0  4.1 13  10   M    M   2        22 350
 3  73  38  56  -2   9   0 0.00  0.0    0  3.6 12 160   M    M   0        21 170
 4  77  45  61   2   4   0 0.00  0.0    0  5.8 16 170   M    M   0        26 160
 5  80  57  69  10   0   4 0.00  0.0    0  7.4 18 350   M    M   4        39  10
 6  69  49  59   0   6   0 0.00  0.0    0  6.4 16  20   M    M   2        26  20
 7  71  41  56  -4   9   0 0.00  0.0    0  3.8 10 120   M    M   0        16  90
 8  74  45  60   0   5   0 0.00  0.0    0  4.3 15 150   M    M   6        23 160
 9  77  57  67   7   0   2 0.00  0.0    0  8.8 17 160   M    M   8 1      30 160
10  83  64  74  14   0   9 0.00  0.0    0 10.5 20 170   M    M   6        36 170
11  82  69  76  16   0  11    T  0.0    0  9.2 18 150   M    M   5        31 190
12  81  69  75  14   0  10    T  0.0    0  9.4 18 160   M    M   8        32 170
13  77  68  73  12   0   8 0.13  0.0    0 11.7 21 150   M    M   7 1      38 130
14  78  53  66   5   0   1 0.01  0.0    0  5.2 18 170   M    M   6 1      37 150
15  87  47  67   5   0   2 0.00  0.0    0  4.5 13 150   M    M   0        24 170
16  83  67  75  13   0  10    T  0.0    0  7.0 16 150   M    M   8 18     26 160
17  77  54  66   4   0   1 0.01  0.0    0 10.5 21 290   M    M   6 8      39 280
18  73  47  60  -2   5   0 0.00  0.0    0  9.0 18 350   M    M   0        35 310
19  71  46  59  -3   6   0 0.00  0.0    0  6.4 14  10   M    M   0        25  10
20  73  43  58  -5   7   0 0.00  0.0    0  2.7  9 110   M    M   0        16 160
21  76  50  63   0   2   0 0.00  0.0    0  6.9 15 160   M    M   3        30 130
22  73  57  65   2   0   0 0.27  0.0    0  8.1 18 150   M    M   9 13     35 160
23  82  54  68   4   0   3 0.04  0.0    0  3.2  8 120   M    M   2 38     17 310
24  72  54  63  -1   2   0    T  0.0    0  5.2 14 130   M    M   6 1      25 130
25  75  55  65   1   0   0 0.49    T    0  4.8 15 340   M    M   3 135    29 340
26  84  48  66   2   0   1 0.00  0.0    0  4.5 14 140   M    M   0        22 130
27  87  66  77  13   0  12 0.00  0.0    0  4.8 10 220   M    M   7 18     20 160
28  76  54  65   0   0   0 0.00  0.0    0  8.8 22  10   M    M   0        39  60
29  78  45  62  -3   3   0 0.00  0.0    0  4.6 14 150   M    M   2        25 160
30  80  60  70   5   0   5    T  0.0    0  5.4 13 200   M    M   8 18     27 180
31  73  56  65   0   0   0 0.02  0.0    0  8.2 20 360   M    M   6 18     33  10
================================================================================
SM 2367 1651        79  79  1.11    T    204.4          M      120
================================================================================
AV 76.4 53.3                               6.6 FASTST   M    M   4    MAX(MPH)
                                 MISC ---->    22  10               # 39  10
================================================================================
NOTES:
# LAST OF SEVERAL OCCURRENCES

COLUMN 17 PEAK WIND IN M.P.H.

SYMBOLS USED IN COLUMN 16
1 = FOG OR MIST
2 = FOG REDUCING VISIBILITY TO 1/4 MILE OR LESS
3 = THUNDER
4 = ICE PELLETS
5 = HAIL
6 = FREEZING RAIN OR DRIZZLE
7 = DUSTSTORM OR SANDSTORM
8 = SMOKE OR HAZE
9 = BLOWING SNOW
X = TORNADO

$$
