000
CXUS54 KEWX 011658
CLMATT

CLIMATE REPORT
NATIONAL WEATHER SERVICE AUSTIN/SAN ANTONIO, TX
1158 AM CDT MON JUL 1 2019

................................................................

...THE AUSTIN CAMP MABRY CLIMATE SUMMARY FOR THE MONTH OF JUNE 2019...

CLIMATE NORMAL PERIOD 1981 TO 2010
CLIMATE RECORD PERIOD 1897 TO 2019

WEATHER         OBSERVED          NORMAL  DEPART  LAST YEAR`S
                 VALUE   DATE(S)  VALUE   FROM    VALUE  DATE(S)
                                          NORMAL
................................................................
TEMPERATURE (F)
HIGHEST            98   06/09                        101  06/30
                        06/08                             06/27
                                                          06/22
LOWEST             66   06/12                         71  06/04
AVG. MAXIMUM     92.4              92.1     0.3     96.9
AVG. MINIMUM     72.1              72.3    -0.2     76.1
MEAN             82.2              82.2     0.0     86.5
DAYS MAX >= 90     25                                 27
DAYS MAX <= 32      0                                  0
DAYS MIN <= 32      0                                  0
DAYS MIN <= 0       0                                  0

PRECIPITATION (INCHES)
TOTALS           4.45              4.33    0.12     2.13
DAILY AVG.       0.15              0.14    0.01     0.07
DAYS >= .01        12                                 10
DAYS >= .10        10                                  3
DAYS >= .50         3                                  1
DAYS >= 1.00        1                                  1
GREATEST
 24 HR. TOTAL    1.04   06/09 TO 06/09

SNOWFALL (INCHES)
TOTALS              T               0.0     0.0      0.0
SINCE 7/1           T

DEGREE_DAYS
HEATING TOTAL       0                 0       0        0
 SINCE 7/1       1613              1539      74     1363
COOLING TOTAL     523               516       7      650
 SINCE 1/1       1181              1129      52     1432
.................................................................

WIND (MPH)
AVERAGE WIND SPEED              4.4
HIGHEST WIND SPEED/DIRECTION    23/030    DATE  06/09
HIGHEST GUST SPEED/DIRECTION    42/040    DATE  06/09

SKY COVER
POSSIBLE SUNSHINE (PERCENT)   MM
AVERAGE SKY COVER           0.30
NUMBER OF DAYS FAIR           16
NUMBER OF DAYS PC             14
NUMBER OF DAYS CLOUDY          0

AVERAGE RH (PERCENT)     68

WEATHER CONDITIONS. NUMBER OF DAYS WITH
THUNDERSTORM             10    MIXED PRECIP             0
HEAVY RAIN                8    RAIN                     6
LIGHT RAIN               12    FREEZING RAIN            0
LT FREEZING RAIN          0    HAIL                     1
HEAVY SNOW                0    SNOW                     0
LIGHT SNOW                0    SLEET                    0
FOG                      13    FOG W/VIS <= 1/4 MILE    0
HAZE                      5

-  INDICATES NEGATIVE NUMBERS.
R  INDICATES RECORD WAS SET OR TIED.
MM INDICATES DATA IS MISSING.
T  INDICATES TRACE AMOUNT.

&&

MONTHLY CLIMATE SUMMARY:
JUNE 2019 WAS TIED FOR THE 49TH WARMEST AND WAS THE 31ST WETTEST
JUNE SINCE RECORD KEEPING BEGAN.

SEA LEVEL PRESSURE DATA:
HIGHEST SLP 30.23 ON THE 10TH
LOWEST SLP 29.68 ON THE 19TH

NOTES:
1/4TH INCH DIAMETER HAIL WAS OBSERVED FROM 309 PM TO 312 PM
CDT ON JUNE 6TH

PRELIMINARY LOCAL CLIMATOLOGICAL DATA (WS FORM: F-6)

                                          STATION:   AUSTIN CAMP MABRY
                                          MONTH:     JUNE
                                          YEAR:      2019
                                          LATITUDE:   30 17 N
                                          LONGITUDE:  97 42 W

  TEMPERATURE IN F:       :PCPN:    SNOW:  WIND      :SUNSHINE: SKY     :PK WND
================================================================================
1   2   3   4   5  6A  6B    7    8   9   10  11  12  13   14  15   16   17  18
                                     12Z  AVG MX 2MIN
DY MAX MIN AVG DEP HDD CDD  WTR  SNW DPTH SPD SPD DIR MIN PSBL S-S WX    SPD DR
================================================================================

 1  92  75  84   4   0  19 0.00  0.0    0  4.1 10 140   M    M   4        15 150
 2  94  74  84   4   0  19 0.00  0.0    0  3.5 10 160   M    M   3 1      18 150
 3  93  74  84   4   0  19 0.00  0.0    0  4.5 12 140   M    M   3        18 150
 4  84  74  79  -2   0  14 0.37  0.0    0  2.0 14 150   M    M   5 13     23 150
 5  91  74  83   2   0  18 0.14  0.0    0  3.1  8  80   M    M   6 1      14  50
 6  90  67  79  -2   0  14 0.58    T    0  2.1 17 340   M    M   3 1358   27 240
 7  95  71  83   2   0  18 0.00  0.0    0  2.9 10 350   M    M   1        15 360
 8  98  70  84   3   0  19 0.00  0.0    0  1.2  8 110   M    M   0        12 120
 9  98  71  85   4   0  20 1.04  0.0    0  4.4 23  30   M    M   2 13     42  40
10  88  74  81  -1   0  16 0.00  0.0    0  6.5 14 360   M    M   3        22  30
11  81  69  75  -7   0  10 0.03  0.0    0  2.3  8  20   M    M   2        13  20
12  90  66  78  -4   0  13 0.00  0.0    0  1.4  7  20   M    M   1 1      11 340
13  91  71  81  -1   0  16 0.00  0.0    0  3.2  8 110   M    M   0        12 110
14  92  70  81  -1   0  16 0.00  0.0    0  6.1 15 150   M    M   1        26 130
15  95  76  86   4   0  21 0.00  0.0    0  8.0 15 150   M    M   5        25 180
16  95  69  82   0   0  17 0.23  0.0    0  7.4 15 110   M    M   5 13     25 150
17  90  69  80  -2   0  15 0.19  0.0    0  2.1 13 140   M    M   1 13     21 140
18  95  72  84   1   0  19 0.00  0.0    0  3.6 13 360   M    M   1        19 170
19  97  78  88   5   0  23 0.00  0.0    0  6.6 14 150   M    M   2 8      25 200
20  97  77  87   4   0  22 0.00  0.0    0  7.1 14 150   M    M   6 8      23 150
21  95  80  88   5   0  23 0.00  0.0    0  8.6 15 140   M    M   7        29 150
22  93  75  84   1   0  19    T  0.0    0  6.8 16 150   M    M   5 3      25 140
23  96  80  88   5   0  23    T  0.0    0  7.1 13 170   M    M   7        25 150
24  83  67  75  -8   0  10 0.38  0.0    0  5.0 15 140   M    M   7 13     24  40
25  94  68  81  -2   0  16 0.00  0.0    0  5.3 20 140   M    M   2        31 150
26  93  71  82  -2   0  17 0.01  0.0    0  4.9 22 140   M    M   4 8      33 160
27  95  72  84   0   0  19 0.59  0.0    0  3.9 17 110   M    M   6 138    23 160
28  94  73  84   0   0  19 0.00  0.0    0  2.5 10 210   M    M   5 1      17 210
29  96  68  82  -2   0  17 0.42  0.0    0  3.6 17 140   M    M   0 13     28 100
30  86  68  77  -7   0  12 0.47  0.0    0  2.8 10 280   M    M   6 13     17 300
================================================================================
SM 2771 2163         0 523  4.45    T    132.6          M      103
================================================================================
AV 92.4 72.1                               4.4 FASTST   M    M   3    MAX(MPH)
                                 MISC ---->  # 23  30               # 42   40
================================================================================
NOTES:
# LAST OF SEVERAL OCCURRENCES
COLUMN 17 PEAK WIND IN M.P.H.

SYMBOLS USED IN COLUMN 16:
1 = FOG OR MIST
2 = FOG REDUCING VISIBILITY TO 1/4 MILE OR LESS
3 = THUNDER
4 = ICE PELLETS
5 = HAIL
6 = FREEZING RAIN OR DRIZZLE
7 = DUSTSTORM OR SANDSTORM
8 = SMOKE OR HAZE
9 = BLOWING SNOW
X = TORNADO

$$
