000
CXUS54 KEWX 011927
CLMATT

SATCLMATT 000
TTAA00 KEWX 011853

CLIMATE REPORT
NATIONAL WEATHER SERVICE AUSTIN/SAN ANTONIO, TX
153 PM CDT MON OCT 1 2018

...........................................................................

...THE AUSTIN CAMP MABRY CLIMATE SUMMARY FOR THE MONTH OF SEPTEMBER 2018...

CLIMATE NORMAL PERIOD 1981 TO 2010
CLIMATE RECORD PERIOD 1897 TO 2018

WEATHER         OBSERVED          NORMAL  DEPART  LAST YEAR`S
                 VALUE   DATE(S)  VALUE   FROM    VALUE  DATE(S)
                                          NORMAL
................................................................
TEMPERATURE (F)
HIGHEST           100   09/01                         96  09/21
                                                          09/20
                                                          09/05
LOWEST             62   09/27                         57  09/07
AVG. MAXIMUM     88.7              90.5    -1.8     90.1
AVG. MINIMUM     72.4              69.4     3.0     69.8
MEAN             80.5              80.0     0.5     79.9
DAYS MAX >= 90     13                                 19
DAYS MAX <= 32      0                                  0
DAYS MIN <= 32      0                                  0
DAYS MIN <= 0       0                                  0

PRECIPITATION (INCHES)
TOTALS           7.96              2.99    4.97     2.03
DAILY AVG.       0.27              0.10    0.17     0.07
DAYS >= .01        18                                  5
DAYS >= .10        11                                  2
DAYS >= .50         6                                  1
DAYS >= 1.00        3                                  1
GREATEST
 24 HR. TOTAL    1.65   09/22 TO 09/22

SNOWFALL (INCHES)
TOTALS            0.0               0.0     0.0      0.0
SINCE 7/1         0.0

DEGREE_DAYS
HEATING TOTAL       0                 2      -2        0
 SINCE 7/1          0                 2      -2        0
COOLING TOTAL     470               450      20      453
 SINCE 1/1       3353              2844     509     3279
.................................................................

WIND (MPH)
AVERAGE WIND SPEED              3.2
HIGHEST WIND SPEED/DIRECTION    18/150    DATE  09/06
HIGHEST GUST SPEED/DIRECTION    29/140    DATE  09/06

SKY COVER
POSSIBLE SUNSHINE (PERCENT)   MM
AVERAGE SKY COVER           0.60
NUMBER OF DAYS FAIR            6
NUMBER OF DAYS PC             15
NUMBER OF DAYS CLOUDY          9

AVERAGE RH (PERCENT)     73

WEATHER CONDITIONS. NUMBER OF DAYS WITH
THUNDERSTORM             10    MIXED PRECIP             0
HEAVY RAIN               10    RAIN                    13
LIGHT RAIN               22    FREEZING RAIN            0
LT FREEZING RAIN          0    HAIL                     0
HEAVY SNOW                0    SNOW                     0
LIGHT SNOW                0    SLEET                    0
FOG                      13    FOG W/VIS <= 1/4 MILE    0
HAZE                      1

-  INDICATES NEGATIVE NUMBERS.
R  INDICATES RECORD WAS SET OR TIED.
MM INDICATES DATA IS MISSING.
T  INDICATES TRACE AMOUNT.

MONTHLY CLIMATE SUMMARY:
SEPTEMBER 2018 WAS THE 6TH WETTEST AND THE 41ST WARMEST AUGUST
SINCE RECORD KEEPING BEGAN.

PRELIMINARY LOCAL CLIMATOLOGICAL DATA (WS FORM: F-6)

                                          STATION:   AUSTIN CAMP MABRY
                                          MONTH:     SEPTEMBER
                                          YEAR:      2018
                                          LATITUDE:   30 17 N
                                          LONGITUDE:  97 42 W

  TEMPERATURE IN F:       :PCPN:    SNOW:  WIND      :SUNSHINE: SKY     :PK WND
================================================================================
1   2   3   4   5  6A  6B    7    8   9   10  11  12  13   14  15   16   17  18
                                     12Z  AVG MX 2MIN
DY MAX MIN AVG DEP HDD CDD  WTR  SNW DPTH SPD SPD DIR MIN PSBL S-S WX    SPD DR
================================================================================

 1 100  75  88   4   0  23 0.00  0.0    0  3.7 14 130   M    M   1        21 140
 2  99  77  88   4   0  23    T  0.0    0  4.3 15 120   M    M   2 3      21 120
 3  97  76  87   3   0  22 0.67  0.0    0  3.6 15 300   M    M   7 13     22 250
 4  93  74  84   1   0  19 0.40  0.0    0  4.0 14 120   M    M   6 13     23 160
 5  96  76  86   3   0  21 0.09  0.0    0  3.5 13 110   M    M   7 3      20 110
 6  97  75  86   3   0  21 0.02  0.0    0  2.3 18 150   M    M   2 3      29 140
 7  89  75  82   0   0  17 0.60  0.0    0  0.8 12 230   M    M   7 138    19 240
 8  89  74  82   0   0  17    T  0.0    0  2.6 12 300   M    M   6        18 280
 9  79  73  76  -6   0  11 1.28  0.0    0  2.1  9  20   M    M   9 1      13  20
10  77  71  74  -8   0   9 0.09  0.0    0  2.4  8  20   M    M  10 1      13  30
11  85  71  78  -3   0  13 0.76  0.0    0  2.8 10  10   M    M  10 1      15 330
12  88  74  81   0   0  16 0.01  0.0    0  2.7 14 110   M    M   9        25 110
13  92  74  83   2   0  18 0.00  0.0    0  3.7 15 110   M    M   6        23 120
14  85  73  79  -1   0  14 0.12  0.0    0  3.6 10 140   M    M   8 1      20 110
15  86  74  80   0   0  15 0.19  0.0    0  4.1 14 130   M    M   6 1      27  90
16  91  74  83   3   0  18 0.09  0.0    0  1.8 10 180   M    M   7 1      22 200
17  93  71  82   2   0  17 0.00  0.0    0  1.7  8 140   M    M   1        11 120
18  95  73  84   5   0  19 0.00  0.0    0  2.0 10 150   M    M   0        15 160
19  94  72  83   4   0  18 0.00  0.0    0  3.4 12 140   M    M   1        16 150
20  90  74  82   3   0  17 0.33  0.0    0  3.9 14 150   M    M   8 13     24 190
21  88  77  83   5   0  18 0.23  0.0    0  4.1 13 160   M    M   7 13     24 190
22  79  68  74  -4   0   9 1.65  0.0    0  5.7 13 280   M    M  10 13     22 320
23  79  68  74  -4   0   9    T  0.0    0  2.3  8 280   M    M   9        12 290
24  87  71  79   2   0  14    T  0.0    0  1.7  9 130   M    M   7        13 140
25  95  75  85   8   0  20    T  0.0    0  5.2 12 130   M    M   6        17 130
26  88  68  78   1   0  13 0.02  0.0    0  5.2 13  20   M    M   6        21  10
27  82  62  72  -5   0   7 0.00  0.0    0  4.6 12 340   M    M   5        18 340
28  83  63  73  -3   0   8 0.06  0.0    0  2.7 10 140   M    M   5        14 140
29  78  72  75  -1   0  10 1.35  0.0    0  3.0 13 120   M    M   9 13     20 130
30  87  71  79   3   0  14    T  0.0    0  1.7 17 140   M    M   6        26 150
================================================================================
SM 2661 2171         0 470  7.96     0.0  95.2          M      183
================================================================================
AV 88.7 72.4                               3.2 FASTST   M    M   6    MAX(MPH)
                                 MISC ---->  # 18 150               # 29  140
================================================================================
NOTES:
# LAST OF SEVERAL OCCURRENCES

COLUMN 17 PEAK WIND IN M.P.H.
SYMBOLS USED IN COLUMN 16:
1 = FOG OR MIST
2 = FOG REDUCING VISIBILITY TO 1/4 MILE OR LESS
3 = THUNDER
4 = ICE PELLETS
5 = HAIL
6 = FREEZING RAIN OR DRIZZLE
7 = DUSTSTORM OR SANDSTORM
8 = SMOKE OR HAZE
9 = BLOWING SNOW
X = TORNADO

$$
