000
CXUS51 KRLX 041257
CLMBKW


CLIMATE REPORT
NATIONAL WEATHER SERVICE CHARLESTON WV
754 AM EST MON FEB 4 2019

...................................

...THE BECKLEY WV CLIMATE SUMMARY FOR THE MONTH OF JANUARY 2019...

CLIMATE NORMAL PERIOD 1981 TO 2010
CLIMATE RECORD PERIOD 1893 TO 2019

WEATHER         OBSERVED          NORMAL  DEPART  LAST YEAR`S
                 VALUE   DATE(S)  VALUE   FROM    VALUE
                                          NORMAL
.............................................................
TEMPERATURE (F)
RECORD
 HIGH              74   01/25/1950
                        01/30/1916
 LOW              -22   01/21/1985
HIGHEST            60   01/08                         65
LOWEST             -2   01/31                         -5
AVG. MAXIMUM     38.4              39.4    -1.0     37.6
AVG. MINIMUM     23.4              22.8     0.6     19.6
MEAN             30.9              31.1    -0.2     28.6
DAYS MAX >= 90      0               0.0     0.0        0
DAYS MAX <= 32     11               8.8     2.2       10
DAYS MIN <= 32     21              24.3    -3.3       23
DAYS MIN <= 0       2               1.1     0.9        3

PRECIPITATION (INCHES)
RECORD
 MAXIMUM         8.07   1937
 MINIMUM         0.53   1983
TOTALS           3.19              2.81    0.38     2.32
DAILY AVG.       0.10              0.09    0.01     0.07
DAYS >= .01        16              15.1     0.9       14
DAYS >= .10        10               6.9     3.1        5
DAYS >= .50         2               1.6     0.4        1
DAYS >= 1.00        0               0.3    -0.3        1
GREATEST
 24 HR. TOTAL    0.88   01/19 TO 01/19

SNOWFALL (INCHES)
RECORDS
 TOTAL           42.1   2010
 24 HR TOTAL     18.0   01/03/1914 TO 01/03/1914
 SNOW DEPTH        24   01/28/1998
                        01/05/1914
                        01/04/1914
TOTALS           10.1              18.0    -7.9     11.7
SINCE 7/1        30.8              33.9    -3.1     21.7
SNOWDEPTH AVG.      0
DAYS >= TRACE      18              10.2     7.8       14
DAYS >= 1.0         4               5.8    -1.8        4
GREATEST
 24 HR TOTAL      3.2   01/20 TO 01/20

DEGREE_DAYS
HEATING TOTAL    1051              1051       0     1123
 SINCE 7/1       3020              3144    -124     3102
COOLING TOTAL       0                 0       0        0
 SINCE 1/1          0                 0       0        0
..............................................................

WIND (MPH)
AVERAGE WIND SPEED              9.1
HIGHEST WIND SPEED/DIRECTION    32/270    DATE  01/30
HIGHEST GUST SPEED/DIRECTION    43/280    DATE  01/30

SKY COVER
POSSIBLE SUNSHINE (PERCENT)   MM
AVERAGE SKY COVER           0.70
NUMBER OF DAYS FAIR            5
NUMBER OF DAYS PC             10
NUMBER OF DAYS CLOUDY         16

AVERAGE RH (PERCENT)     78

-  INDICATES NEGATIVE NUMBERS.
R  INDICATES RECORD WAS SET OR TIED.
MM INDICATES DATA IS MISSING.
T  INDICATES TRACE AMOUNT.

$$
