000
CXUS51 KRLX 020830
CLMBKW


CLIMATE REPORT
NATIONAL WEATHER SERVICE CHARLESTON WV
430 AM EDT FRI NOV 2 2018

...................................

...THE BECKLEY WV CLIMATE SUMMARY FOR THE MONTH OF OCTOBER 2018...

CLIMATE NORMAL PERIOD 1981 TO 2010
CLIMATE RECORD PERIOD 1893 TO 2018

WEATHER         OBSERVED          NORMAL  DEPART  LAST YEAR`S
                 VALUE   DATE(S)  VALUE   FROM    VALUE  DATE(S)
                                          NORMAL
................................................................
TEMPERATURE (F)
RECORD
 HIGH              86   10/08/2007
 LOW               18   10/23/1997
                        10/28/1976
                        10/21/1974
HIGHEST            83   10/07                         82
                        10/06
LOWEST             27   10/22                         29
AVG. MAXIMUM     63.1              63.3    -0.2     67.6
AVG. MINIMUM     46.3              43.1     3.2     46.5
MEAN             54.7              53.2     1.5     57.0
DAYS MAX >= 90      0               0.0     0.0        0
DAYS MAX <= 32      0               0.0     0.0        0
DAYS MIN <= 32      5               4.1     0.9        4
DAYS MIN <= 0       0               0.0     0.0        0

PRECIPITATION (INCHES)
RECORD
 MAXIMUM         9.33   1924
 MINIMUM         0.14   1963
TOTALS           2.58              2.57    0.01     4.55
DAILY AVG.       0.08              0.08    0.00     0.15
DAYS >= .01        13              10.1     2.9        9
DAYS >= .10         6               5.9     0.1        6
DAYS >= .50         2               1.4     0.6        4
DAYS >= 1.00        0               0.3    -0.3        1
GREATEST
 24 HR. TOTAL    0.67   10/11 TO 10/11              1.58

SNOWFALL (INCHES)
RECORDS
 TOTAL           22.9   2012
 24 HR TOTAL        T   10/25/2013 TO 10/25/2013
                        10/18/2009 TO 10/18/2009
                        10/18/2009 TO 10/28/2008
 SNOW DEPTH        MM   MM
TOTALS            0.2               0.4    -0.2      0.1
SINCE 7/1         0.2               0.4    -0.2      0.1
SNOWDEPTH AVG.      0                                  0
DAYS >= 1.0         0               0.0     0.0        0
GREATEST
 SNOW DEPTH         T   10/21                          0  MM
 24 HR TOTAL      0.2R  10/21 TO 10/21               0.1

DEGREE_DAYS
HEATING TOTAL     369               372      -3      271
 SINCE 7/1        383               506    -123      386
COOLING TOTAL      56                 6      50       33
 SINCE 1/1        933               556     377      594
.................................................................

WIND (MPH)
AVERAGE WIND SPEED              7.4
HIGHEST WIND SPEED/DIRECTION    33/330    DATE  10/20
HIGHEST GUST SPEED/DIRECTION    56/340    DATE  10/20

SKY COVER
POSSIBLE SUNSHINE (PERCENT)   MM
AVERAGE SKY COVER           0.50
NUMBER OF DAYS FAIR           14
NUMBER OF DAYS PC              9
NUMBER OF DAYS CLOUDY          8

AVERAGE RH (PERCENT)     73

WEATHER CONDITIONS. NUMBER OF DAYS WITH
  0
  8
  0
  0
  0
  0
  3
HAZE                      3

-  INDICATES NEGATIVE NUMBERS.
R  INDICATES RECORD WAS SET OR TIED.
MM INDICATES DATA IS MISSING.
T  INDICATES TRACE AMOUNT.

$$
