000
CXUS51 KLWX 011042
CLMBWI

CLIMATE REPORT
NATIONAL WEATHER SERVICE BALTIMORE MD/WASHINGTON DC
642 AM EDT MON APR 1 2019

...................................

...THE BALTIMORE MD CLIMATE SUMMARY FOR THE MONTH OF MARCH 2019...

CLIMATE NORMAL PERIOD 1981 TO 2010
CLIMATE RECORD PERIOD 1871 TO 2019

WEATHER         OBSERVED          NORMAL  DEPART  LAST YEAR`S
                 VALUE   DATE(S)  VALUE   FROM    VALUE
                                          NORMAL
.............................................................
TEMPERATURE (F)
RECORD
 HIGH              90   03/29/1945
 LOW                4   03/04/2014
HIGHEST            78   03/15        76       2
LOWEST             18   03/07        19      -1
                        03/06
AVG. MAXIMUM     53.3              53.6    -0.3     49.2
AVG. MINIMUM     32.8              33.5    -0.7     31.3
MEAN             43.0              43.6    -0.6
DAYS MAX >= 90      0               0.0     0.0
DAYS MAX <= 32      1               0.6     0.4
DAYS MIN <= 32     15              14.2     0.8
DAYS MIN <= 0       0               0.0     0.0

PRECIPITATION (INCHES)
RECORD
 MAXIMUM         8.64   1994
 MINIMUM         0.18   2006
TOTALS           4.14              3.90    0.24     2.25
DAILY AVG.       0.13              0.13    0.00
DAYS >= .01        12              10.4     1.6
DAYS >= .10         6               7.0    -1.0
DAYS >= .50         3               2.5     0.5
DAYS >= 1.00        1               1.0     0.0
GREATEST
 24 HR. TOTAL    1.74   03/21 TO 03/21

SNOWFALL (INCHES)
RECORDS
 TOTAL           25.6   1892
TOTALS            2.7               1.9     0.8
SINCE 7/1        18.3              20.1    -1.8
SNOWDEPTH AVG.      0
DAYS >= TRACE       3               1.1     1.9
DAYS >= 1.0         1               0.5     0.5
GREATEST
 SNOW DEPTH         2   03/01
 24 HR TOTAL      2.3

DEGREE_DAYS
HEATING TOTAL     676               666      10      760
 SINCE 7/1       4089              4261    -172     4072
COOLING TOTAL       1                 1       0        0
 SINCE 1/1          1                 1       0        1
..............................................................

WIND (MPH)
AVERAGE WIND SPEED              8.0
HIGHEST WIND SPEED/DIRECTION    32/300    DATE  03/22
HIGHEST GUST SPEED/DIRECTION    44/300    DATE  03/22

SKY COVER
POSSIBLE SUNSHINE (PERCENT)   MM
AVERAGE SKY COVER           0.60
NUMBER OF DAYS FAIR            7
NUMBER OF DAYS PC             11
NUMBER OF DAYS CLOUDY         13

AVERAGE RH (PERCENT)     60

WEATHER CONDITIONS. NUMBER OF DAYS WITH
THUNDERSTORM              M     MIXED PRECIP               0
HEAVY RAIN                M     RAIN                       6
LIGHT RAIN                M     FREEZING RAIN              0
LT FREEZING RAIN          M     HAIL                       0
HEAVY SNOW                M     SNOW                       2
LIGHT SNOW                M     SLEET                      0
FOG                       M     FOG W/VIS <= 1/4 MILE      3
HAZE                      2

-  INDICATES NEGATIVE NUMBERS.
R  INDICATES RECORD WAS SET OR TIED.
MM INDICATES DATA IS MISSING.
T  INDICATES TRACE AMOUNT.

&&

BALTIMORE MD...BALTIMORE-WASHINGTON INTERNATIONAL THURGOOD
MARSHALL AIRPORT...

THE AVERAGE TEMPERATURE IN MARCH 2019 WAS SLIGHTLY BELOW NORMAL.
HOWEVER, IT WAS THE WARMEST MARCH SINCE 2017, WHEN THE AVERAGE
TEMPERATURE WAS 43.9 DEGREES.

MONTHLY PRECIPITATION WAS 106 PERCENT OF NORMAL. IT WAS THE WETTEST
MARCH SINCE 2015, WHEN 4.67 INCHES OF PRECIPITATION FELL.

MONTHLY SNOWFALL WAS 142 PERCENT OF NORMAL. HOWEVER, IT WAS THE
LEAST SNOWY MARCH SINCE 2017, WHEN 2.3 INCHES OF SNOW FELL.

NO DAILY RECORDS WERE SET DURING MARCH 2019.

WEATHER RECORDS FOR THE BALTIMORE MD AREA HAVE BEEN RECORDED AT WHAT
IS NOW BALTIMORE-WASHINGTON INTERNATIONAL THURGOOD MARSHALL AIRPORT
SINCE 1950. THE OFFICIAL WEATHER RECORD CONSISTS OF THAT DATA BACK
TO 1950, AND OBSERVATIONS TAKEN IN DOWNTOWN BALTIMORE FROM 1871
THROUGH 1949. TEMPERATURE RECORDS FOR THE BALTIMORE MD AREA EXTEND
BACK TO JULY OF 1872. PRECIPITATION RECORDS EXTEND BACK TO JANUARY
OF 1871. SNOWFALL RECORDS BEGAN IN MARCH OF 1892.

ALL CLIMATE DATA ARE CONSIDERED PRELIMINARY UNTIL REVIEWED BY THE
NATIONAL CENTERS FOR ENVIRONMENTAL INFORMATION (NCEI).

$$

RCM
