982
CXUS51 KLWX 022142
CLMBWI

CLIMATE REPORT
NATIONAL WEATHER SERVICE BALTIMORE MD/WASHINGTON DC
442 PM EST SUN DEC 2 2018

...................................

...THE BALTIMORE MD CLIMATE SUMMARY FOR THE MONTH OF NOVEMBER 2018...

CLIMATE NORMAL PERIOD 1981 TO 2010
CLIMATE RECORD PERIOD 1871 TO 2018

WEATHER         OBSERVED          NORMAL  DEPART  LAST YEAR`S
                 VALUE   DATE(S)  VALUE   FROM    VALUE
                                          NORMAL
.............................................................
TEMPERATURE (F)
RECORD
 HIGH              86   11/01/1950
 LOW               12   11/30/1929
HIGHEST            75   11/01        75       0
LOWEST             24   11/23        22       2
AVG. MAXIMUM     51.3              56.4    -5.1     56.8
AVG. MINIMUM     35.9              36.5    -0.6     35.5
MEAN             43.6              46.5    -2.9
DAYS MAX >= 90      0               0.0     0.0
DAYS MAX <= 32      0               0.1    -0.1
DAYS MIN <= 32     13              10.3     2.7
DAYS MIN <= 0       0               0.0     0.0

PRECIPITATION (INCHES)
RECORD
 MAXIMUM         7.68   1952
 MINIMUM         0.31   1981
TOTALS           8.14R             3.30    4.84     2.15
DAILY AVG.       0.27              0.11    0.16
DAYS >= .01        11               8.7     2.3
DAYS >= .10        10               5.7     4.3
DAYS >= .50         7               2.5     4.5
DAYS >= 1.00        3               0.8     2.2
GREATEST
 24 HR. TOTAL    1.68   11/24 TO 11/24

SNOWFALL (INCHES)
RECORDS
 TOTAL            9.7   1898
TOTALS            1.7               0.4     1.3
SINCE 7/1         1.7               0.4     1.3
SNOWDEPTH AVG.      0
DAYS >= TRACE       2               0.3     1.7
DAYS >= 1.0         1               0.1     0.9
GREATEST
 SNOW DEPTH         0   MM
 24 HR TOTAL      1.7

DEGREE_DAYS
HEATING TOTAL     634               557      77      556
 SINCE 7/1        913               904       9      747
COOLING TOTAL       0                 1      -1        0
 SINCE 1/1       1615              1164     451     1316
..............................................................

WIND (MPH)
AVERAGE WIND SPEED              7.9
HIGHEST WIND SPEED/DIRECTION    35/280    DATE  11/28
HIGHEST GUST SPEED/DIRECTION    45/290    DATE  11/28

SKY COVER
POSSIBLE SUNSHINE (PERCENT)   MM
AVERAGE SKY COVER           0.70
NUMBER OF DAYS FAIR            4
NUMBER OF DAYS PC             12
NUMBER OF DAYS CLOUDY         14

AVERAGE RH (PERCENT)     70

WEATHER CONDITIONS. NUMBER OF DAYS WITH
THUNDERSTORM              M     MIXED PRECIP               0
HEAVY RAIN                M     RAIN                      10
LIGHT RAIN                M     FREEZING RAIN              0
LT FREEZING RAIN          M     HAIL                       0
HEAVY SNOW                M     SNOW                       1
LIGHT SNOW                M     SLEET                      1
FOG                       M     FOG W/VIS <= 1/4 MILE      1
HAZE                      2

-  INDICATES NEGATIVE NUMBERS.
R  INDICATES RECORD WAS SET OR TIED.
MM INDICATES DATA IS MISSING.
T  INDICATES TRACE AMOUNT.

&&

BALTIMORE MD...BALTIMORE-WASHINGTON INTERNATIONAL THURGOOD
MARSHALL AIRPORT...

THE AVERAGE TEMPERATURE IN NOVEMBER 2018 WAS BELOW NORMAL. IT WAS
THE COLDEST NOVEMBER SINCE 2014, WHEN THE AVERAGE TEMPERATURE WAS
43.4 DEGREES.

MONTHLY PRECIPITATION WAS 247 PERCENT OF NORMAL. IT WAS THE WETTEST
NOVEMBER ON RECORD, BREAKING THE OLD RECORD OF 7.68 INCHES SET IN
NOVEMBER 1952.

MONTHLY SNOWFALL WAS 425 PERCENT OF NORMAL. IT WAS THE SNOWIEST
NOVEMBER SINCE 1989, WHEN 3.8 INCHES FELL.

A DAILY RECORD SNOWFALL TOTAL OF 1.7 INCHES WAS ST ON NOVEMBER 15TH.
THIS BROKE THE OLD RECORD OF 1.2 INCHES SET BACK IN 1908.

A DAILY RECORD SNOWFALL TOTAL OF A TRACE WAS SET ON NOVEMBER 16TH.
THIS TIED THE OLD RECORD SET BACK IN 2000.

WEATHER RECORDS FOR THE BALTIMORE MD AREA HAVE BEEN RECORDED AT WHAT
IS NOW BALTIMORE-WASHINGTON INTERNATIONAL THURGOOD MARSHALL AIRPORT
SINCE 1950. THE OFFICIAL WEATHER RECORD CONSISTS OF THAT DATA BACK
TO 1950, AND OBSERVATIONS TAKEN IN DOWNTOWN BALTIMORE FROM 1871
THROUGH 1949. TEMPERATURE RECORDS FOR THE BALTIMORE MD AREA EXTEND
BACK TO JULY OF 1872. PRECIPITATION RECORDS EXTEND BACK TO JANUARY
OF 1871. SNOWFALL RECORDS BEGAN IN MARCH OF 1892.

ALL CLIMATE DATA ARE CONSIDERED PRELIMINARY UNTIL REVIEWED BY THE
NATIONAL CENTERS FOR ENVIRONMENTAL INFORMATION (NCEI).

$$

RCM
