000
CXUS51 KLWX 021843
CLMBWI

CLIMATE REPORT
NATIONAL WEATHER SERVICE BALTIMORE MD/WASHINGTON DC
143 PM EST FRI FEB 2 2018

...................................

...THE BALTIMORE MD CLIMATE SUMMARY FOR THE MONTH OF JANUARY 2018...

CLIMATE NORMAL PERIOD 1981 TO 2010
CLIMATE RECORD PERIOD 1871 TO 2018

WEATHER         OBSERVED          NORMAL  DEPART  LAST YEAR`S
                 VALUE   DATE(S)  VALUE   FROM    VALUE
                                          NORMAL
.............................................................
TEMPERATURE (F)
RECORD
 HIGH              79   01/26/1950
                        01/14/1932
 LOW               -7   01/22/1984
                        01/17/1982
                        01/29/1963
HIGHEST            64   01/23        62       2
LOWEST              1   01/07         7      -6
AVG. MAXIMUM     42.1              41.4     0.7     46.1
AVG. MINIMUM     21.9              24.4    -2.5     32.0
MEAN             32.0              32.9    -0.9
DAYS MAX >= 90      0               0.0     0.0
DAYS MAX <= 32      9               6.0     3.0
DAYS MIN <= 32     25              24.5     0.5
DAYS MIN <= 0       0               0.3    -0.3

PRECIPITATION (INCHES)
RECORD
 MAXIMUM         7.84   1979
 MINIMUM         0.29   1955
TOTALS           1.00              3.05   -2.05     2.69
DAILY AVG.       0.03              0.10   -0.07
DAYS >= .01         8              10.2    -2.2
DAYS >= .10         5               5.8    -0.8
DAYS >= .50         0               2.3    -2.3
DAYS >= 1.00        0               0.7    -0.7
GREATEST
 24 HR. TOTAL    0.40   01/12 TO 01/12

SNOWFALL (INCHES)
RECORDS
 TOTAL           32.6   1996
TOTALS            2.2               6.8    -4.6
SINCE 7/1         6.5              10.2    -3.7
SNOWDEPTH AVG.      0
DAYS >= TRACE       7               3.5     3.5
DAYS >= 1.0         1               1.7    -0.7
GREATEST
 SNOW DEPTH         1   01/18
                        01/17
                        01/05
 24 HR TOTAL      1.3

DEGREE_DAYS
HEATING TOTAL    1014               995      19      798
 SINCE 7/1       2669              2776    -107     2315
COOLING TOTAL       0                 0       0        0
 SINCE 1/1          0                 0       0        0
..............................................................

WIND (MPH)
AVERAGE WIND SPEED              7.6
HIGHEST WIND SPEED/DIRECTION    32/280    DATE  01/13
HIGHEST GUST SPEED/DIRECTION    44/260    DATE  01/13

SKY COVER
POSSIBLE SUNSHINE (PERCENT)   MM
AVERAGE SKY COVER           0.60
NUMBER OF DAYS FAIR            9
NUMBER OF DAYS PC             13
NUMBER OF DAYS CLOUDY          9

AVERAGE RH (PERCENT)     64

WEATHER CONDITIONS. NUMBER OF DAYS WITH
THUNDERSTORM              0     MIXED PRECIP               0
HEAVY RAIN                0     RAIN                       2
LIGHT RAIN                7     FREEZING RAIN              0
LT FREEZING RAIN          2     HAIL                       0
HEAVY SNOW                0     SNOW                       0
LIGHT SNOW                5     SLEET                      1
FOG                      10     FOG W/VIS <= 1/4 MILE      0
HAZE                      6

-  INDICATES NEGATIVE NUMBERS.
R  INDICATES RECORD WAS SET OR TIED.
MM INDICATES DATA IS MISSING.
T  INDICATES TRACE AMOUNT.

&&

BALTIMORE MD...BALTIMORE-WASHINGTON INTERNATIONAL THURGOOD
MARSHALL AIRPORT...

...6TH DRIEST JANUARY ON RECORD IN BALTIMORE MD...

THE MONTHLY AVERAGE TEMPERATURE WAS SLIGHTLY BELOW NORMAL. THIS WAS
THE RESULT OF EXTREME COLD AT THE BEGINNING OF THE MONTH BEING
AVERAGED WITH SIGNIFICANT WARM SPELLS DURING THE MIDDLE AND LATTER
PORTIONS OF THE MONTH. IT WAS THE COLDEST JANUARY SINCE 2016.

MONTHLY PRECIPITATION WAS ONLY 33 PERCENT OF NORMAL. THIS MAKES
JANUARY 2018 THE 6TH DRIEST ON RECORD. IT WAS THE DRIEST JANUARY
SINCE 1981, WHEN 0.49 INCHES OF PRECIPITATION FELL.

MONTHLY SNOWFALL WAS ONLY 33 PERCENT OF NORMAL. IT WAS THE LEAST
SNOWY JANUARY SINCE 2017, WHEN ONLY 0.7 INCHES FELL.

A DAILY RECORD LOW MINIMUM TEMPERATURE OF 1 DEGREE WAS SET ON
JANUARY 7TH. THIS BROKE THE OLD RECORD OF 3 SET IN 2014.

A DAILY RECORD HIGH MINIMUM TEMPERATURE OF 53 DEGREES WAS SET ON
JANUARY 12TH. THIS BROKE THE OLD RECORD OF 49 SET IN 2017.

CLIMATE RECORDS FOR THE BALTIMORE MD AREA HAVE BEEN KEPT AT
BALTIMORE-WASHINGTON INTERNATIONAL THURGOOD MARSHALL AIRPORT SINCE
1950. ADDITIONAL TEMPERATURE RECORDS OBSERVED DOWNTOWN EXTEND BACK
TO JULY OF 1872. PRECIPITATION RECORDS EXTEND BACK TO JANUARY OF
1871. SNOWFALL RECORDS BEGAN IN MARCH OF 1892.

ALL CLIMATE DATA ARE CONSIDERED PRELIMINARY UNTIL REVIEWED BY THE
NATIONAL CENTERS FOR ENVIRONMENTAL INFORMATION (NCEI).

$$

RCM
