000
CXUS53 KDVN 011312
CLMCID


CLIMATE REPORT
NATIONAL WEATHER SERVICE QUAD CITIES IA IL
757 AM CDT FRI JUN 1 2018

...................................

...THE CEDAR RAPIDS IA CLIMATE SUMMARY FOR THE MONTH OF MAY 2018...

CLIMATE NORMAL PERIOD 1981 TO 2010
CLIMATE RECORD PERIOD 1891 TO 2018

WEATHER         OBSERVED          NORMAL  DEPART
                 VALUE   DATE(S)  VALUE   FROM
                                          NORMAL
................................................
TEMPERATURE (F)
RECORD
 HIGH             104   05/31/1934
 LOW               24   05/07/1925
HIGHEST            97   05/27        76      21
LOWEST             45   05/12        44       1
AVG. MAXIMUM     79.8              71.3     8.5
AVG. MINIMUM     57.1              49.0     8.1
MEAN             68.5              60.1     8.4
DAYS MAX >= 90      4
DAYS MAX <= 32      0
DAYS MIN <= 32      0
DAYS MIN <= 0       0

PRECIPITATION (INCHES)
TOTALS           4.55              4.15    0.40
DAILY AVG.       0.15              0.13    0.02
DAYS >= .01        13
DAYS >= .10         9
DAYS >= .50         4
DAYS >= 1.00        0
GREATEST
 24 HR. TOTAL    1.04   05/20 TO 05/21

DEGREE_DAYS
HEATING TOTAL      43               192    -149
 SINCE 7/1       6708              6837    -129
COOLING TOTAL     158                42     116
 SINCE 1/1        160                49     111
.................................................

WIND (MPH)
AVERAGE WIND SPEED              8.9
HIGHEST WIND SPEED/DIRECTION    39/310    DATE  05/26
HIGHEST GUST SPEED/DIRECTION    46/310    DATE  05/26

SKY COVER
POSSIBLE SUNSHINE (PERCENT)   MM
AVERAGE SKY COVER           0.30
NUMBER OF DAYS FAIR           19
NUMBER OF DAYS PC              8
NUMBER OF DAYS CLOUDY          4

AVERAGE RH (PERCENT)     71

WEATHER CONDITIONS. NUMBER OF DAYS WITH
THUNDERSTORM             13     HAIL                       0
SLEET                     0     FOG                       18
FOG W/VIS <= 1/4 MILE     2     HAZE                      13

-  INDICATES NEGATIVE NUMBERS.
R  INDICATES RECORD WAS SET OR TIED.
MM INDICATES DATA IS MISSING.
T  INDICATES TRACE AMOUNT.

$$
