925
CXUS53 KDVN 011153
CLMCID

CLIMATE REPORT
NATIONAL WEATHER SERVICE QUAD CITIES IA IL
435 AM CST SAT DEC 1 2018

...................................

...THE CEDAR RAPIDS IA CLIMATE SUMMARY FOR THE MONTH OF NOVEMBER 2018...

CLIMATE NORMAL PERIOD 1981 TO 2010
CLIMATE RECORD PERIOD 1891 TO 2018

WEATHER         OBSERVED          NORMAL  DEPART
                 VALUE   DATE(S)  VALUE   FROM
                                          NORMAL
................................................
TEMPERATURE (F)
RECORD
 HIGH              79   11/07/1915
 LOW              -12   11/29/1891
HIGHEST            54   11/02        55      -1
                        11/01
LOWEST              9   11/18        20     -11
AVG. MAXIMUM     38.0              46.5    -8.5
AVG. MINIMUM     23.8              27.8    -4.0
MEAN             30.9              37.1    -6.2
DAYS MAX >= 90      0
DAYS MAX <= 32     11
DAYS MIN <= 32     23
DAYS MIN <= 0       0

PRECIPITATION (INCHES)
TOTALS           1.70              2.11   -0.41
DAILY AVG.       0.06              0.07   -0.01
DAYS >= .01         7
DAYS >= .10         5
DAYS >= .50         1
DAYS >= 1.00        0
GREATEST
 24 HR. TOTAL    1.14   11/03 TO 11/04

DEGREE_DAYS
HEATING TOTAL    1014               836     178
 SINCE 7/1       1610              1446     164
COOLING TOTAL       0                 0       0
 SINCE 1/1       1033               748     285
.................................................

WIND (MPH)
AVERAGE WIND SPEED              10.8
HIGHEST WIND SPEED/DIRECTION    31/010    DATE  11/25
HIGHEST GUST SPEED/DIRECTION    44/010    DATE  11/25

SKY COVER
POSSIBLE SUNSHINE (PERCENT)   MM
AVERAGE SKY COVER           0.60
NUMBER OF DAYS FAIR            8
NUMBER OF DAYS PC             11
NUMBER OF DAYS CLOUDY         11

AVERAGE RH (PERCENT)     78

WEATHER CONDITIONS. NUMBER OF DAYS WITH
THUNDERSTORM              0     HAIL                     0
SLEET                     0     FOG                     19
FOG W/VIS <= 1/4 MILE     1     HAZE                     6

-  INDICATES NEGATIVE NUMBERS.
R  INDICATES RECORD WAS SET OR TIED.
MM INDICATES DATA IS MISSING.
T  INDICATES TRACE AMOUNT.

$$
