126
CXUS54 KHGX 011523
CLMCLL

SATCLMCLL 000
TTAA00 KHGX 011505


CLIMATE REPORT
NATIONAL WEATHER SERVICE HOUSTON/GALVESTON TX
957 AM CDT SUN JUL 1 2018

...................................

...THE COLLEGE STATION CLIMATE SUMMARY FOR THE MONTH OF JUNE 2018...

CLIMATE NORMAL PERIOD 1981 TO 2010
CLIMATE RECORD PERIOD 1902 TO 2018

WEATHER         OBSERVED          NORMAL  DEPART  LAST YEAR`S
                 VALUE   DATE(S)  VALUE   FROM    VALUE  DATE(S)
                                          NORMAL
................................................................
TEMPERATURE (F)
RECORD
 HIGH             108   06/17/1901
 LOW               63   06/05/2009
HIGHEST            98   06/03                         96  06/30
LOWEST             70   06/03                         66  06/04
AVG. MAXIMUM     93.8              91.7     2.1     90.0
AVG. MINIMUM     75.1              72.7     2.4     72.1
MEAN             84.5              82.2     2.3     81.1
DAYS MAX >= 90     27              21.0     6.0       18
DAYS MAX <= 32      0               0.0     0.0        0
DAYS MIN <= 32      0               0.0     0.0        0
DAYS MIN <= 0       0               0.0     0.0        0

PRECIPITATION (INCHES)
RECORD
 MAXIMUM        15.03   1905
 MINIMUM            T   2009
                        1998
TOTALS           2.01              4.45   -2.44     5.76
DAILY AVG.       0.07              0.15   -0.08     0.19
DAYS >= .01         5               8.5    -3.5        8
DAYS >= .10         4               6.0    -2.0        6
DAYS >= .50         1               3.0    -2.0        3
DAYS >= 1.00        1               1.4    -0.4        2
GREATEST
 24 HR. TOTAL    1.56   06/03 TO 06/03

DEGREE_DAYS
HEATING TOTAL       0                 0       0        0
 SINCE 7/1       1521              1608     -87      847
COOLING TOTAL     590               516      74      486
 SINCE 1/1       1265              1104     161     1247
.................................................................

WIND (MPH)
AVERAGE WIND SPEED              9.8
HIGHEST WIND SPEED/DIRECTION    38/070    DATE  06/03
HIGHEST GUST SPEED/DIRECTION    57/050    DATE  06/03

SKY COVER
AVERAGE SKY COVER           0.40

AVERAGE RH (PERCENT)     74

WEATHER CONDITIONS. NUMBER OF DAYS WITH
THUNDERSTORM              4     MIXED PRECIP               0
HEAVY RAIN                1     RAIN                       1
LIGHT RAIN                5     FREEZING RAIN              0
LT FREEZING RAIN          0     HAIL                       0
HEAVY SNOW                0     SNOW                       0
LIGHT SNOW                0     SLEET                      0
FOG                       8     FOG W/VIS <= 1/4 MILE      0
HAZE                      0

-  INDICATES NEGATIVE NUMBERS.
R  INDICATES RECORD WAS SET OR TIED.
MM INDICATES DATA IS MISSING.
T  INDICATES TRACE AMOUNT.

$$
