000
CXUS54 KHGX 011536
CLMCLL

CLIMATE REPORT
NATIONAL WEATHER SERVICE HOUSTON/GALVESTON TX
1033 AM CDT THU OCT 1 2020

...................................

...THE COLLEGE STATION CLIMATE SUMMARY FOR THE MONTH OF SEPTEMBER 2020...

CLIMATE NORMAL PERIOD 1981 TO 2010
CLIMATE RECORD PERIOD 1902 TO 2020

WEATHER         OBSERVED          NORMAL  DEPART  LAST YEAR`S
                 VALUE   DATE(S)  VALUE   FROM    VALUE  DATE(S)
                                          NORMAL
................................................................
TEMPERATURE (F)
RECORD
 HIGH             112   09/04/2000
 LOW               42   09/27/1942
HIGHEST           100   09/01        MM      MM      100  09/06
                                                          09/04
LOWEST             53   09/30        MM      MM       72  09/25
                        09/29
AVG. MAXIMUM     86.7              90.5    -3.8     94.9
AVG. MINIMUM     69.2              69.4    -0.2     74.8
MEAN             77.9              80.0    -2.1     84.9
DAYS MAX >= 90     12              18.2    -6.2       27
DAYS MAX <= 32      0               0.0     0.0        0
DAYS MIN <= 32      0               0.0     0.0        0
DAYS MIN <= 0       0               0.0     0.0        0

PRECIPITATION (INCHES)
RECORD
 MAXIMUM        12.13   1958
 MINIMUM            T   2005
TOTALS           3.82              3.18    0.64     2.54
DAILY AVG.       0.13              0.11    0.02     0.08
DAYS >= .01        14               6.7     7.3        7
DAYS >= .10         8               4.4     3.6        5
DAYS >= .50         3               2.0     1.0        2
DAYS >= 1.00        1               1.0     0.0        1
GREATEST
 24 HR. TOTAL    1.22   09/22 TO 09/22

DEGREE_DAYS
HEATING TOTAL       0                 2      -2        0
 SINCE 7/1          0                 2      -2        0
COOLING TOTAL     396               450     -54      602
 SINCE 1/1       3025              2796     229     3075
.................................................................

WIND (MPH)
AVERAGE WIND SPEED              8.8
HIGHEST WIND SPEED/DIRECTION    29/360    DATE  09/28
HIGHEST GUST SPEED/DIRECTION    39/010    DATE  09/28

SKY COVER
AVERAGE SKY COVER           0.40

AVERAGE RH (PERCENT)     74

WEATHER CONDITIONS. NUMBER OF DAYS WITH
THUNDERSTORM              6     MIXED PRECIP                0
HEAVY RAIN                5     RAIN                       10
LIGHT RAIN               17     FREEZING RAIN               0
LT FREEZING RAIN          0     HAIL                        0
HEAVY SNOW                0     SNOW                        0
LIGHT SNOW                0     SLEET                       0
FOG                      18     FOG W/VIS <= 1/4 MILE       0
HAZE                      2

-  INDICATES NEGATIVE NUMBERS.
R  INDICATES RECORD WAS SET OR TIED.
MM INDICATES DATA IS MISSING.
T  INDICATES TRACE AMOUNT.

$$
