647
CXUS53 KILX 011744
CLMCMI


CLIMATE REPORT
NATIONAL WEATHER SERVICE LINCOLN IL
1048 AM CDT WED AUG 1 2018

...................................

...THE CHAMPAIGN IL AIRPORT CLIMATE SUMMARY FOR THE MONTH OF JULY 2018...

CLIMATE NORMAL PERIOD 1981 TO 2010
CLIMATE RECORD PERIOD 9999 TO 9999

WEATHER         OBSERVED          NORMAL  DEPART  LAST YEAR`S
                 VALUE   DATE(S)  VALUE   FROM    VALUE
                                          NORMAL
.............................................................
TEMPERATURE (F)
RECORD
 HIGH              MM   MM
 LOW               MM   MM
HIGHEST            90   07/10        MM      MM       92
                        07/05
                        07/04
LOWEST             55   07/28        MM      MM       57
AVG. MAXIMUM     82.8              84.2    -1.4     86.1
AVG. MINIMUM     63.5              63.9    -0.4     65.3
MEAN             73.2              74.0    -0.8     75.7
DAYS MAX >= 90      4               4.2    -0.2        6
DAYS MAX <= 32      0               0.0     0.0        0
DAYS MIN <= 32      0               0.0     0.0        0
DAYS MIN <= 0       0               0.0     0.0        0

PRECIPITATION (INCHES)
RECORD
 MAXIMUM           MM   MM
 MINIMUM           MM   MM
TOTALS           5.92              4.34    1.58     3.24
DAILY AVG.       0.19              0.14    0.05     0.10
DAYS >= .01        10                MM      MM       12
DAYS >= .10         9                MM      MM        5
DAYS >= .50         5                MM      MM        3
DAYS >= 1.00        3                MM      MM        1
GREATEST
 24 HR. TOTAL    1.22   07/05 TO 07/05              1.24

DEGREE_DAYS
HEATING TOTAL       2                 2       0        0
 SINCE 7/1          2                 2       0        0
COOLING TOTAL     265               282     -17      338
 SINCE 1/1        793               597     196      709
..............................................................

WIND (MPH)
AVERAGE WIND SPEED              7.2
HIGHEST WIND SPEED/DIRECTION    29/270    DATE  07/01
HIGHEST GUST SPEED/DIRECTION    37/280    DATE  07/01

AVERAGE RH (PERCENT)     80

WEATHER CONDITIONS. NUMBER OF DAYS WITH
THUNDERSTORM              7     MIXED PRECIP               0
HEAVY RAIN                7     RAIN                       7
LIGHT RAIN               11     FREEZING RAIN              0
LT FREEZING RAIN          0     HAIL                       0
HEAVY SNOW                0     SNOW                       0
LIGHT SNOW                0     SLEET                      0
FOG                      16     FOG W/VIS <= 1/4 MILE      2
HAZE                      2

-  INDICATES NEGATIVE NUMBERS.
R  INDICATES RECORD WAS SET OR TIED.
MM INDICATES DATA IS MISSING.
T  INDICATES TRACE AMOUNT.

$$
