571
CXUS53 KILX 011356
CLMCMI

CLIMATE REPORT
NATIONAL WEATHER SERVICE LINCOLN IL
856 AM CDT MON JUL 01 2024

...................................

...THE CHAMPAIGN IL AIRPORT CLIMATE SUMMARY FOR THE MONTH OF JUNE 2024...

CLIMATE NORMAL PERIOD 1991 TO 2020
CLIMATE RECORD PERIOD 9999 TO 9999

WEATHER         OBSERVED          NORMAL  DEPART   LAST YEAR`S
                VALUE   DATE(S)   VALUE   FROM     VALUE
                                          NORMAL
..............................................................
TEMPERATURE (F)
RECORD
 HIGH             MM   MM
 LOW              45   06/08/2023
HIGHEST           96   06/17         MM      MM       94
LOWEST            48   06/11         MM      MM       45
AVG. MAXIMUM    85.9               83.5     2.4     84.9
AVG. MINIMUM    64.2               61.7     2.5     58.7
MEAN            75.1               72.6     2.5     71.8
DAYS MAX >= 90    11                5.7     5.3        8
DAYS MAX <= 32     0                0.0     0.0        0
DAYS MIN <= 32     0                0.0     0.0        0
DAYS MIN <= 0      0                0.0     0.0        0

PRECIPITATION (INCHES)
RECORD
 MAXIMUM        6.75   2021
 MINIMUM        1.26   2022
TOTALS          1.84               4.35   -2.51       MM
DAILY AVG.      0.06               0.15   -0.09       MM
DAYS >= .01        9               12.0    -3.0        8
DAYS >= .10        7                7.3    -0.3        4
DAYS >= .50        1                3.2    -2.2        1
DAYS >= 1.00       0                1.5    -1.5       MM
GREATEST
 24 HR. TOTAL   0.63   06/04 TO 06/05                 MM


DEGREE DAYS
HEATING TOTAL      2                 13     -11        8
 SINCE 7/1      4438               5582   -1144       MM
COOLING TOTAL    315                240      75      211
 SINCE 1/1       463                353     110       MM
..............................................................

WIND (MPH)
AVERAGE WIND SPEED              10.1
HIGHEST WIND SPEED/DIRECTION    41/240    DATE  06/25
HIGHEST GUST SPEED/DIRECTION    64/250    DATE  06/25

AVERAGE RH (PERCENT)     64

WEATHER CONDITIONS. NUMBER OF DAYS WITH
THUNDERSTORM              8     MIXED PRECIP               0
HEAVY RAIN                4     RAIN                       3
LIGHT RAIN               13     FREEZING RAIN              0
LT FREEZING RAIN          0     HAIL                       0
HEAVY SNOW                0     SNOW                       0
LIGHT SNOW                0     SLEET                      0
FOG                      10     FOG W/VIS <= 1/4 MILE      0
HAZE                      0

-  INDICATES NEGATIVE NUMBERS.
R  INDICATES RECORD WAS SET OR TIED.
MM INDICATES DATA IS MISSING.
T  INDICATES TRACE AMOUNT.

$$