000
CXUS53 KILX 012023
CLMCMI

CLIMATE REPORT
NATIONAL WEATHER SERVICE LINCOLN IL
1213 PM CST TUE JAN 1 2019

...................................

...THE CHAMPAIGN IL AIRPORT CLIMATE SUMMARY FOR THE MONTH OF DECEMBER 2018...

CLIMATE NORMAL PERIOD 1981 TO 2010
CLIMATE RECORD PERIOD 9999 TO 9999

WEATHER         OBSERVED          NORMAL  DEPART  LAST YEAR`S
                 VALUE   DATE(S)  VALUE   FROM    VALUE
                                          NORMAL
.............................................................
TEMPERATURE (F)
RECORD
 HIGH              MM   MM
 LOW               MM   MM
HIGHEST            60   12/01        MM      MM       66
LOWEST              6   12/07        MM      MM      -10
AVG. MAXIMUM     41.4              36.5     4.9     38.0
AVG. MINIMUM     25.8              21.4     4.4     19.6
MEAN             33.6              29.0     4.6     28.8
DAYS MAX >= 90      0               0.0     0.0        0
DAYS MAX <= 32      5              10.5    -5.5       10
DAYS MIN <= 32     23              25.6    -2.6       26
DAYS MIN <= 0       0               1.4    -1.4        4

PRECIPITATION (INCHES)
RECORD
 MAXIMUM           MM   MM
 MINIMUM           MM   MM
TOTALS           3.87              2.52    1.35     0.23
DAILY AVG.       0.12              0.08    0.04     0.01
DAYS >= .01        11                MM      MM        4
DAYS >= .10         5                MM      MM        1
DAYS >= .50         3                MM      MM        0
DAYS >= 1.00        1                MM      MM        0
GREATEST
 24 HR. TOTAL    1.92   12/31 TO 12/31              0.12

DEGREE_DAYS
HEATING TOTAL     968              1117    -149     1115
 SINCE 7/1       2284              2281       3     2066
COOLING TOTAL       0                 0       0        0
 SINCE 1/1       1408               945     463     1126
..............................................................

WIND (MPH)
AVERAGE WIND SPEED              10.9
HIGHEST WIND SPEED/DIRECTION    45/130    DATE  12/27
HIGHEST GUST SPEED/DIRECTION    62/130    DATE  12/27

AVERAGE RH (PERCENT)     85

WEATHER CONDITIONS. NUMBER OF DAYS WITH
THUNDERSTORM              1     MIXED PRECIP               0
HEAVY RAIN                3     RAIN                       5
LIGHT RAIN               10     FREEZING RAIN              0
LT FREEZING RAIN          0     HAIL                       0
HEAVY SNOW                0     SNOW                       1
LIGHT SNOW                5     SLEET                      0
FOG                      23     FOG W/VIS <= 1/4 MILE      6
HAZE                      0

-  INDICATES NEGATIVE NUMBERS.
R  INDICATES RECORD WAS SET OR TIED.
MM INDICATES DATA IS MISSING.
T  INDICATES TRACE AMOUNT.

$$
