846
CXUS52 KFFC 020805
CLMCSG

CLIMATE REPORT
NATIONAL WEATHER SERVICE PEACHTREE CITY GA
405 AM EDT THU MAY 02 2024

...................................

...THE COLUMBUS CLIMATE SUMMARY FOR THE MONTH OF APRIL 2024...

CLIMATE NORMAL PERIOD: 1991 TO 2020
CLIMATE RECORD PERIOD: 1948 TO 2024

WEATHER         OBSERVED          NORMAL  DEPART   LAST YEAR`S
                VALUE   DATE(S)   VALUE   FROM     VALUE DATE(S)
                                          NORMAL
................................................................
TEMPERATURE (F)
RECORD
 HIGH             94   04/30/2012
 LOW              28   04/07/1950
HIGHEST           86   04/18         93      -7       89  04/05
LOWEST            42   04/05         30      12       43  04/18
                       04/06
                       04/07
AVG. MAXIMUM    78.2               77.7     0.5     77.2
AVG. MINIMUM    55.7               54.0     1.7     53.9
MEAN            66.9               65.8     1.1     65.5
DAYS MAX >= 90     0                0.3    -0.3        0
DAYS MAX <= 32     0                0.0     0.0        0
DAYS MIN <= 32     0                0.0     0.0        0
DAYS MIN <= 0      0                0.0     0.0        0

PRECIPITATION (INCHES)
RECORD
 MAXIMUM       10.57   2020
 MINIMUM        0.49   2012
TOTALS          4.43               4.03    0.40     2.93
DAILY AVG.      0.15               0.13    0.02     0.10
DAYS >= .01        7                8.0    -1.0       10
DAYS >= .10        5                5.7    -0.7        7
DAYS >= .50        3                2.7     0.3        3
DAYS >= 1.00       2                1.3     0.7        0
GREATEST
 24 HR. TOTAL   1.68   04/10 TO 04/11               0.72  04/29 TO 04/30

SNOWFALL (INCHES)
RECORDS
 TOTAL            MM   MM
 24 HR TOTAL      MM
TOTALS           0.0                0.0     0.0      0.0
SINCE 7/1        0.0                0.5    -0.5       MM
SNOWDEPTH AVG.    MM                                  MM
DAYS >= TRACE      0                0.0     0.0        0
DAYS >= 1.0        0                0.0     0.0        0
GREATEST
 24 HR TOTAL      MM                                  MM

DEGREE DAYS
HEATING TOTAL     51                 71     -20       53
 SINCE 7/1      1742               1936    -194       MM
COOLING TOTAL    118                 96      22       75
 SINCE 1/1       143                136       7       MM
................................................................

WIND (MPH)
AVERAGE WIND SPEED              5.9
HIGHEST WIND SPEED/DIRECTION    33/110    DATE  04/10
HIGHEST GUST SPEED/DIRECTION    49/230    DATE  04/11

SKY COVER
POSSIBLE SUNSHINE (PERCENT)   MM
AVERAGE SKY COVER           0.31
NUMBER OF DAYS FAIR            9
NUMBER OF DAYS PC              4
NUMBER OF DAYS CLOUDY          2

AVERAGE RH (PERCENT)     65

WEATHER CONDITIONS. NUMBER OF DAYS WITH
THUNDERSTORM              0     MIXED PRECIP               0
HEAVY RAIN                1     RAIN                       2
LIGHT RAIN                3     FREEZING RAIN              0
LT FREEZING RAIN          0     HAIL                       0
HEAVY SNOW                0     SNOW                       0
LIGHT SNOW                0     SLEET                      0
FOG                       3     FOG W/VIS <= 1/4 MILE      0
HAZE                      1

-  INDICATES NEGATIVE NUMBERS.
R  INDICATES RECORD WAS SET OR TIED.
MM INDICATES DATA IS MISSING.
T  INDICATES TRACE AMOUNT.

$$