000
CXUS42 KFFC 022018
CLMCSG


CLIMATE REPORT
NATIONAL WEATHER SERVICE PEACHTREE CITY GA
418 PM EDT FRI NOV 2 2018

...................................

...THE COLUMBUS CLIMATE SUMMARY FOR THE MONTH OF OCTOBER 2018...

CLIMATE NORMAL PERIOD 1981 TO 2010
CLIMATE RECORD PERIOD 1948 TO 2018

WEATHER         OBSERVED          NORMAL  DEPART  LAST YEAR`S
                 VALUE   DATE(S)  VALUE   FROM    VALUE  DATE(S)
                                          NORMAL
................................................................
TEMPERATURE (F)
RECORD
 HIGH              96   10/05/1954
 LOW               24   10/30/1952
HIGHEST            92   10/06        85       7       92  10/12
                        10/05                             10/11
LOWEST             44   10/28        60     -16       37  10/30
                        10/22
AVG. MAXIMUM     80.5              77.3     3.2     79.8
AVG. MINIMUM     60.2              55.6     4.6     59.1
MEAN             70.3              66.5     3.8     69.5
DAYS MAX >= 90      6               0.6     5.4        3
DAYS MAX <= 32      0               0.0     0.0        0
DAYS MIN <= 32      0               0.0     0.0        0
DAYS MIN <= 0       0               0.0     0.0        0

PRECIPITATION (INCHES)
RECORD
 MAXIMUM         8.41   1995
 MINIMUM         0.00   1963
TOTALS           4.14              2.58    1.56     4.62
DAILY AVG.       0.13              0.08    0.05     0.15
DAYS >= .01         7               6.5     0.5        6
DAYS >= .10         4               4.0     0.0        5
DAYS >= .50         1               1.6    -0.6        3
DAYS >= 1.00        1               0.8     0.2        2
GREATEST
 24 HR. TOTAL    3.26   10/10 TO 10/10           10/23 TO 10/23
                                                          10/31 TO 10/31EATHER         OBSERVED          NORMAL  DEPART  LAST YEAR`S
                                                          10/31 TO 10/31EATHER         OBSERVED          NORMAL  DEPART  LAST YEAR`S

DEGREE_DAYS
HEATING TOTAL      50                73     -23       64
 SINCE 7/1         50                76     -26       67
COOLING TOTAL     225               118     107      210
 SINCE 1/1       2838              2340     498     2677
.................................................................

WIND (MPH)
AVERAGE WIND SPEED              5.4
HIGHEST WIND SPEED/DIRECTION    30/340    DATE  10/10
HIGHEST GUST SPEED/DIRECTION    41/340    DATE  10/10

SKY COVER
POSSIBLE SUNSHINE (PERCENT)   MM
AVERAGE SKY COVER           0.30
NUMBER OF DAYS FAIR           19
NUMBER OF DAYS PC              8
NUMBER OF DAYS CLOUDY          3

AVERAGE RH (PERCENT)     68

WEATHER CONDITIONS. NUMBER OF DAYS WITH
  0
  1
  0
  0
  0
  0
  0
HAZE                      0

-  INDICATES NEGATIVE NUMBERS.
R  INDICATES RECORD WAS SET OR TIED.
MM INDICATES DATA IS MISSING.
T  INDICATES TRACE AMOUNT.

$$
