792
CXUS52 KFFC 012213
CLMCSG


CLIMATE REPORT
NATIONAL WEATHER SERVICE PEACHTREE CITY GA
513 PM EST FRI FEB 1 2019

...................................

...THE COLUMBUS CLIMATE SUMMARY FOR THE MONTH OF JANUARY 2019...

CLIMATE NORMAL PERIOD 1981 TO 2010
CLIMATE RECORD PERIOD 1948 TO 2019

WEATHER         OBSERVED          NORMAL  DEPART  LAST YEAR`S
                 VALUE   DATE(S)  VALUE   FROM    VALUE  DATE(S)
                                          NORMAL
................................................................
TEMPERATURE (F)
RECORD
 HIGH              83   01/11/1949
 LOW               -2   01/21/1985
HIGHEST            73   01/23        82      -9       75  01/11
LOWEST             24   01/30        -2      26       18  01/18
AVG. MAXIMUM     59.7              57.5     2.2     55.7
AVG. MINIMUM     39.7              36.8     2.9     33.6
MEAN             49.7              47.2     2.5     44.7
DAYS MAX >= 90      0               0.0     0.0        0
DAYS MAX <= 32      0               0.1    -0.1        0
DAYS MIN <= 32     10              10.9    -0.9       17
DAYS MIN <= 0       0               0.0     0.0        0

PRECIPITATION (INCHES)
RECORD
 MAXIMUM        11.48   2017
 MINIMUM         0.72   1989
TOTALS           5.65              3.85    1.80     1.60
DAILY AVG.       0.18              0.12    0.06     0.05
DAYS >= .01        11              10.0     1.0        7
DAYS >= .10         7               7.1    -0.1        4
DAYS >= .50         3               2.9     0.1        2
DAYS >= 1.00        2               0.8     1.2        0
GREATEST
 24 HR. TOTAL    2.33   01/04 TO 01/04           01/28 TO 01/28
                                                          01/17 TO 01/17EATHER         OBSERVED          NORMAL  DEPART  LAST YEAR`S
                                                          01/17 TO 01/17EATHER         OBSERVED          NORMAL  DEPART  LAST YEAR`S

SNOWFALL (INCHES)
RECORDS
 TOTAL              T   2008
                        2001
 24 HR TOTAL      2.0   01/17/2018 TO 01/17/2018
TOTALS            0.0               0.2    -0.2      2.0
SINCE 7/1         0.0               0.3    -0.3      2.0
SNOWDEPTH AVG.      0                MM      MM        0
DAYS >= TRACE       0               0.2    -0.2        1
DAYS >= 1.0         0               0.2    -0.2        1
GREATEST
 24 HR TOTAL      0.0   01/31 TO 01/31           01/17 TO 01/17
                                                          01/17 TO 01/17EATHER         OBSERVED          NORMAL  DEPART  LAST YEAR`S
                                                          01/17 TO 01/17EATHER         OBSERVED          NORMAL  DEPART  LAST YEAR`S

DEGREE_DAYS
HEATING TOTAL     469               554     -85      626
 SINCE 7/1       1243              1383    -140     1319
COOLING TOTAL       3                 1       2        2
 SINCE 1/1          3                 0       3        2
.................................................................

WIND (MPH)
AVERAGE WIND SPEED              6.0
HIGHEST WIND SPEED/DIRECTION    28/170    DATE  01/23
HIGHEST GUST SPEED/DIRECTION    38/180    DATE  01/23

SKY COVER
POSSIBLE SUNSHINE (PERCENT)   MM
AVERAGE SKY COVER           0.40
NUMBER OF DAYS FAIR           14
NUMBER OF DAYS PC              8
NUMBER OF DAYS CLOUDY          9

AVERAGE RH (PERCENT)     67

WEATHER CONDITIONS. NUMBER OF DAYS WITH
  0
  5
  0
  0
  0
  0
  2
HAZE                      4

-  INDICATES NEGATIVE NUMBERS.
R  INDICATES RECORD WAS SET OR TIED.
MM INDICATES DATA IS MISSING.
T  INDICATES TRACE AMOUNT.

$$
