513
CXUS42 KFFC 150215
CLMCSG


CLIMATE REPORT
NATIONAL WEATHER SERVICE PEACHTREE CITY GA
1014 PM EDT TUE AUG 14 2018

...................................

...THE COLUMBUS CLIMATE SUMMARY FOR THE MONTH OF JULY 2018...

CLIMATE NORMAL PERIOD 1981 TO 2010
CLIMATE RECORD PERIOD 1948 TO 2018

WEATHER         OBSERVED          NORMAL  DEPART  LAST YEAR`S
                 VALUE   DATE(S)  VALUE   FROM    VALUE  DATE(S)
                                          NORMAL
................................................................
TEMPERATURE (F)
RECORD
 HIGH             105   07/01/2012
 LOW               59   07/15/1967
                        07/01/1958
                        07/02/1950
HIGHEST            97   07/11        MM      MM       98  07/21
                                                          07/20
LOWEST             70   07/29        MM      MM       69  07/31
                        07/22
AVG. MAXIMUM     91.5              92.2    -0.7     93.1
AVG. MINIMUM     73.3              72.9     0.4     74.2
MEAN             82.4              82.5    -0.1     83.6
DAYS MAX >= 90     24              22.5     1.5       26
DAYS MAX <= 32      0               0.0     0.0        0
DAYS MIN <= 32      0               0.0     0.0        0
DAYS MIN <= 0       0               0.0     0.0        0

PRECIPITATION (INCHES)
RECORD
 MAXIMUM        13.24   1971
 MINIMUM         0.96   2016
TOTALS           5.00              4.76    0.24     4.98
DAILY AVG.       0.16              0.15    0.01     0.16
DAYS >= .01        12              11.7     0.3       13
DAYS >= .10        11               7.7     3.3        8
DAYS >= .50         5               3.3     1.7        4
DAYS >= 1.00        1               1.1    -0.1        1
GREATEST
 24 HR. TOTAL    1.11   07/21 TO 07/21           07/29 TO 07/29
                                                          07/31 TO 07/31EATHER         OBSERVED          NORMAL  DEPART  LAST YEAR`S
                                                          07/31 TO 07/31EATHER         OBSERVED          NORMAL  DEPART  LAST YEAR`S

DEGREE_DAYS
HEATING TOTAL       0                 0       0        0
 SINCE 7/1          0                 0       0        0
COOLING TOTAL     547               544       3      586
 SINCE 1/1       1565              1348     217     1560
.................................................................

WIND (MPH)
AVERAGE WIND SPEED              4.5
HIGHEST WIND SPEED/DIRECTION    25/110    DATE  07/14
HIGHEST GUST SPEED/DIRECTION    35/210    DATE  07/07

SKY COVER
POSSIBLE SUNSHINE (PERCENT)   MM
AVERAGE SKY COVER           0.30
NUMBER OF DAYS FAIR           19
NUMBER OF DAYS PC             12
NUMBER OF DAYS CLOUDY          0

AVERAGE RH (PERCENT)     70

WEATHER CONDITIONS. NUMBER OF DAYS WITH
  0
 10
  0
  0
  0
  0
  0
HAZE                      1

-  INDICATES NEGATIVE NUMBERS.
R  INDICATES RECORD WAS SET OR TIED.
MM INDICATES DATA IS MISSING.
T  INDICATES TRACE AMOUNT.

$$
