000
CXUS51 KILN 011148
CLMCVG


CLIMATE REPORT
NATIONAL WEATHER SERVICE WILMINGTON OH
747 AM EDT SUN APR 1 2018

...................................

...THE CINCINNATI CLIMATE SUMMARY FOR THE MONTH OF MARCH 2018...

CLIMATE NORMAL PERIOD 1981 TO 2010
CLIMATE RECORD PERIOD 1869 TO 2018

WEATHER         OBSERVED          NORMAL  DEPART  LAST YEAR`S
                 VALUE   DATE(S)  VALUE   FROM    VALUE  DATE(S)
                                          NORMAL
................................................................
TEMPERATURE (F)
RECORD
 HIGH              88   03/25/1929
 LOW              -11   03/03/1980
HIGHEST            62   03/19        52      10       79  03/30
LOWEST             19   03/22        33     -14       16  03/16
AVG. MAXIMUM     48.7              53.2    -4.5     54.4
AVG. MINIMUM     31.1              34.0    -2.9     35.0
MEAN             39.9              43.6    -3.7     44.7
DAYS MAX >= 90      0               0.0     0.0        0
DAYS MAX <= 32      1               1.1    -0.1        0
DAYS MIN <= 32     22              13.7     8.3       14
DAYS MIN <= 0       0               0.0     0.0        0

PRECIPITATION (INCHES)
TOTALS           3.86              3.96   -0.10     4.81
DAILY AVG.       0.12              0.13   -0.01     0.16
DAYS >= .01        16              12.5     3.5       16
DAYS >= .10        10               8.2     1.8        8
DAYS >= .50         3               2.4     0.6        4
DAYS >= 1.00        0               0.9    -0.9        1
GREATEST
 24 HR. TOTAL    0.63   03/29 TO 03/29           03/01 TO 03/01
                                                          03/04 TO 03/04
                                                          03/04 TO 03/04
 STORM TOTAL       MM                                 MM
 (MM/DD(HH))            MM                    03/01(00) TO 03/01(00)
                                                 03/04(00) TO 03/04(00)4
                                                 03/04(00) TO 03/04(00)4

SNOWFALL (INCHES)
TOTALS            9.7               3.0     6.7      2.0
SINCE 7/1        21.3              21.6    -0.3     10.0
DAYS >= TRACE       9               2.4     6.6        6
DAYS >= 1.0         2               0.9     1.1        0
GREATEST
 24 HR TOTAL      3.5   03/24 TO 03/24           03/04 TO 03/04
                                                          03/04 TO 03/04
                                                          03/04 TO 03/04
 STORM TOTAL       MM                                 MM
 (MM/DD(HH))            MM                    03/04(00) TO 03/04(00)
                                                 03/04(00) TO 03/04(00)4
                                                 03/04(00) TO 03/04(00)4

DEGREE_DAYS
HEATING TOTAL     771               666     105      623
 SINCE 7/1       4458              4493     -35     3703
COOLING TOTAL       0                 0       0        1
 SINCE 1/1          5                 0       5        1
.....................................................

WIND (MPH)
AVERAGE WIND SPEED              10.8
RESULTANT WIND SPEED/DIRECTION   3/360
HIGHEST WIND SPEED/DIRECTION    37/300    DATE  03/01
HIGHEST GUST SPEED/DIRECTION    46/300    DATE  03/01

SKY COVER
AVERAGE SKY COVER           0.70

AVERAGE RH (PERCENT)     67

WEATHER CONDITIONS. NUMBER OF DAYS WITH
THUNDERSTORM              0     MIXED PRECIP               0
HEAVY RAIN                3     RAIN                       5
LIGHT RAIN               12     FREEZING RAIN              0
LT FREEZING RAIN          1     HAIL                       0
HEAVY SNOW                0     SNOW                       4
LIGHT SNOW                8     SLEET                      0
FOG                      16     FOG W/VIS <= 1/4 MILE      1
HAZE                      2

-  INDICATES NEGATIVE NUMBERS.
R  INDICATES RECORD WAS SET OR TIED.
MM INDICATES DATA IS MISSING.
T  INDICATES TRACE AMOUNT.

$$
