000
CXUS51 KILN 170527
CLMCVG


CLIMATE REPORT
NATIONAL WEATHER SERVICE WILMINGTON OH
127 AM EDT WED OCT 17 2018

...................................

...THE CINCINNATI CLIMATE SUMMARY FOR THE MONTH OF SEPTEMBER 2018...

CLIMATE NORMAL PERIOD 1981 TO 2010
CLIMATE RECORD PERIOD 1869 TO 2018

WEATHER         OBSERVED          NORMAL  DEPART  LAST YEAR`S
                 VALUE   DATE(S)  VALUE   FROM    VALUE  DATE(S)
                                          NORMAL
................................................................
TEMPERATURE (F)
RECORD
 HIGH             102   09/02/1953
                        09/01/1953
 LOW               31   09/30/1993
HIGHEST            93   09/04        78      15       90  09/27
                                                          09/24
                                                          09/23
LOWEST             45   09/28        56     -11       44  09/07
AVG. MAXIMUM     80.1              78.1     2.0     78.2
AVG. MINIMUM     63.4              57.0     6.4     57.1
MEAN             71.8              67.6     4.2     67.7
DAYS MAX >= 90      8               1.6     6.4        3
DAYS MAX <= 32      0               0.0     0.0        0
DAYS MIN <= 32      0               0.0     0.0        0
DAYS MIN <= 0       0               0.0     0.0        0

PRECIPITATION (INCHES)
TOTALS           6.76              2.63    4.13     2.41
DAILY AVG.       0.23              0.09    0.14     0.08
DAYS >= .01        11               7.7     3.3        7
DAYS >= .10         6               4.5     1.5        5
DAYS >= .50         3               1.7     1.3        1
DAYS >= 1.00        2               0.7     1.3        1
GREATEST
 24 HR. TOTAL    3.92   09/08 TO 09/08           09/01 TO 09/01
                                                          09/30 TO 09/30EATHER         OBSERVED          NORMAL  DEPART  LAST YEAR`S
                                                          09/30 TO 09/30EATHER         OBSERVED          NORMAL  DEPART  LAST YEAR`S
 STORM TOTAL       MM                                 MM
 (MM/DD(HH))            MM                    09/01(00) TO 09/01(00)
                                                 09/30(00) TO 09/30(00)0EATHER         OBSERVED          NORMAL  DEPART  LAST YEAR`S
                                                 09/30(00) TO 09/30(00)0EATHER         OBSERVED          NORMAL  DEPART  LAST YEAR`S

SNOWFALL (INCHES)
TOTALS            0.0               0.0     0.0      0.0
SINCE 7/1         0.0               0.0     0.0      0.0
DAYS >= TRACE       0               0.0     0.0        0
DAYS >= 1.0         0               0.0     0.0        0
GREATEST
 24 HR TOTAL      0.0   09/30 TO 09/30           09/30 TO 09/30
                                                          09/30 TO 09/30EATHER         OBSERVED          NORMAL  DEPART  LAST YEAR`S
                                                          09/30 TO 09/30EATHER         OBSERVED          NORMAL  DEPART  LAST YEAR`S
 STORM TOTAL       MM                                 MM
 (MM/DD(HH))            MM                    09/30(00) TO 09/30(00)
                                                 09/30(00) TO 09/30(00)0EATHER         OBSERVED          NORMAL  DEPART  LAST YEAR`S
                                                 09/30(00) TO 09/30(00)0EATHER         OBSERVED          NORMAL  DEPART  LAST YEAR`S

DEGREE_DAYS
HEATING TOTAL      29                58     -29       44
 SINCE 7/1         29                58     -29       45
COOLING TOTAL     241               137     104      132
 SINCE 1/1       1539              1105     434     1063
.................................................................

WIND (MPH)
AVERAGE WIND SPEED              6.9
RESULTANT WIND SPEED/DIRECTION   2/082
HIGHEST WIND SPEED/DIRECTION    31/070    DATE  09/08
HIGHEST GUST SPEED/DIRECTION    38/070    DATE  09/08

SKY COVER
AVERAGE SKY COVER           0.60

AVERAGE RH (PERCENT)     80

WEATHER CONDITIONS. NUMBER OF DAYS WITH
  0
  5
  0
  0
  0
  0
  0
HAZE                      5

-  INDICATES NEGATIVE NUMBERS.
R  INDICATES RECORD WAS SET OR TIED.
MM INDICATES DATA IS MISSING.
T  INDICATES TRACE AMOUNT.

$$
