599
CXUS51 KILN 011305
CLMCVG


CLIMATE REPORT
NATIONAL WEATHER SERVICE WILMINGTON OH
853 AM EDT SUN JUL 1 2018

...................................

...THE CINCINNATI CLIMATE SUMMARY FOR THE MONTH OF JUNE 2018...

CLIMATE NORMAL PERIOD 1981 TO 2010
CLIMATE RECORD PERIOD 1869 TO 2018

WEATHER         OBSERVED          NORMAL  DEPART  LAST YEAR`S
                 VALUE   DATE(S)  VALUE   FROM    VALUE  DATE(S)
                                          NORMAL
................................................................
TEMPERATURE (F)
RECORD
 HIGH             102   06/25/1988
                        06/28/1944
                        06/27/1944
 LOW               39   06/11/1972
HIGHEST            94   06/18        82      12       90  06/12
                        06/17
LOWEST             52   06/05        61      -9       50  06/09
                                                          06/02
                                                          06/01
AVG. MAXIMUM     85.1              82.1     3.0     82.2
AVG. MINIMUM     65.1              62.0     3.1     60.2
MEAN             75.1              72.1     3.0     71.2
DAYS MAX >= 90      9               2.6     6.4        1
DAYS MAX <= 32      0               0.0     0.0        0
DAYS MIN <= 32      0               0.0     0.0        0
DAYS MIN <= 0       0               0.0     0.0        0

PRECIPITATION (INCHES)
TOTALS           3.07              4.03   -0.96     5.25
DAILY AVG.       0.10              0.13   -0.03     0.17
DAYS >= .01        12              11.5     0.5       10
DAYS >= .10         5               7.4    -2.4        6
DAYS >= .50         2               2.7    -0.7        2
DAYS >= 1.00        1               0.9     0.1        2
GREATEST
 24 HR. TOTAL    1.36   06/26 TO 06/26

SNOWFALL (INCHES)
TOTALS            0.0               0.0     0.0      0.0
SINCE 7/1        23.8              22.1     1.7     10.0
DAYS >= TRACE       0               0.0     0.0        0
DAYS >= 1.0         0               0.0     0.0        0
GREATEST
 24 HR TOTAL      0.0   06/30 TO 06/30

DEGREE_DAYS
HEATING TOTAL       0                15     -15        7
 SINCE 7/1       4954              4975     -21     4017
COOLING TOTAL     308               226      82      201
 SINCE 1/1        568               320     248      335
.................................................................

WIND (MPH)
AVERAGE WIND SPEED              6.9
RESULTANT WIND SPEED/DIRECTION   3/236
HIGHEST WIND SPEED/DIRECTION    35/310    DATE  06/09
HIGHEST GUST SPEED/DIRECTION    41/310    DATE  06/09

SKY COVER
AVERAGE SKY COVER           0.60

AVERAGE RH (PERCENT)     71

WEATHER CONDITIONS. NUMBER OF DAYS WITH
THUNDERSTORM              9     MIXED PRECIP                0
HEAVY RAIN                3     RAIN                        5
LIGHT RAIN               13     FREEZING RAIN               0
LT FREEZING RAIN          0     HAIL                        0
HEAVY SNOW                0     SNOW                        0
LIGHT SNOW                0     SLEET                       0
FOG                      15     FOG W/VIS <= 1/4 MILE       1
HAZE                      2

-  INDICATES NEGATIVE NUMBERS.
R  INDICATES RECORD WAS SET OR TIED.
MM INDICATES DATA IS MISSING.
T  INDICATES TRACE AMOUNT.

$$
