000
CXUS53 KILX 031644 RRB
CLMDEC

CLIMATE REPORT
NATIONAL WEATHER SERVICE LINCOLN IL
1003 AM CST SAT DEC 1 2018

...................................

...THE DECATUR IL AIRPORT CLIMATE SUMMARY FOR THE MONTH OF NOVEMBER 2018...

CLIMATE NORMAL PERIOD 1981 TO 2010
CLIMATE RECORD PERIOD 9999 TO 9999

WEATHER         OBSERVED          NORMAL  DEPART  LAST YEAR`S
                 VALUE   DATE(S)  VALUE   FROM    VALUE
                                          NORMAL
.............................................................
TEMPERATURE (F)
RECORD
 HIGH              MM   MM
 LOW               MM   MM
HIGHEST            56   11/24        MM      MM       71
                        11/06
LOWEST             14   11/28        MM      MM       20
                        11/14
AVG. MAXIMUM     42.5              51.7    -9.2     53.3
AVG. MINIMUM     28.5              34.1    -5.6     33.1
MEAN             35.5              42.9    -7.4     43.2
DAYS MAX >= 90      0               0.0     0.0        0
DAYS MAX <= 32      5               0.8     4.2        0
DAYS MIN <= 32     20              13.8     6.2       17
DAYS MIN <= 0       0               0.0     0.0        0

PRECIPITATION (INCHES)
RECORD
 MAXIMUM           MM   MM
 MINIMUM           MM   MM
TOTALS           2.49              3.43   -0.94     0.57
DAILY AVG.       0.09              0.11   -0.02     0.02
DAYS >= .01        11                MM      MM        8
DAYS >= .10         6                MM      MM        2
DAYS >= .50         1                MM      MM        0
DAYS >= 1.00        0                MM      MM        0
GREATEST
 24 HR. TOTAL    0.89   11/01 TO 11/01              0.25

DEGREE_DAYS
HEATING TOTAL     878               663     215      645
 SINCE 7/1       1285              1081     204      942
COOLING TOTAL       0                 0       0        0
 SINCE 1/1       1472              1048     424     1120
..............................................................

WIND (MPH)
AVERAGE WIND SPEED              9.8
HIGHEST WIND SPEED/DIRECTION    33/340    DATE  11/26
HIGHEST GUST SPEED/DIRECTION    48/310    DATE  11/26

AVERAGE RH (PERCENT)     77

WEATHER CONDITIONS. NUMBER OF DAYS WITH
THUNDERSTORM              1     MIXED PRECIP               0
HEAVY RAIN                2     RAIN                       5
LIGHT RAIN               10     FREEZING RAIN              1
LT FREEZING RAIN          0     HAIL                       0
HEAVY SNOW                0     SNOW                       2
LIGHT SNOW                6     SLEET                      0
FOG                      22     FOG W/VIS <= 1/4 MILE      4
HAZE                     14

-  INDICATES NEGATIVE NUMBERS.
R  INDICATES RECORD WAS SET OR TIED.
MM INDICATES DATA IS MISSING.
T  INDICATES TRACE AMOUNT.

$$
