360
CXUS55 KCYS 011846
CLMDGW

CLIMATE REPORT
NATIONAL WEATHER SERVICE CHEYENNE WY
1246 PM MDT MON JUL 01 2024

...................................

...THE CONVERSE CO (DOUGLAS) WY ARPT CLIMATE SUMMARY FOR THE MONTH OF JUNE 2024...

CLIMATE NORMAL PERIOD 1991 TO 2020
CLIMATE RECORD PERIOD 1998 TO 2024

WEATHER         OBSERVED          NORMAL  DEPART   LAST YEAR`S
                VALUE   DATE(S)   VALUE   FROM     VALUE DATE(S)
                                          NORMAL
................................................................
TEMPERATURE (F)
RECORD
 HIGH            102   06/26/2012
                       06/24/2012
                       06/23/2012
 LOW              29   06/10/2019
                       06/08/2007
                       06/05/2001
HIGHEST          100   06/24         MM      MM       90
LOWEST            38   06/19         MM      MM       39
AVG. MAXIMUM    85.1               79.8     5.3     74.6
AVG. MINIMUM    48.8               47.5     1.3     48.3
MEAN            67.0               63.7     3.3     61.5
DAYS MAX >= 90     9                6.4     2.6        1
DAYS MAX <= 32     0                0.0     0.0        0
DAYS MIN <= 32     0                0.4    -0.4        0
DAYS MIN <= 0      0                0.0     0.0        0

PRECIPITATION (INCHES)
RECORD
 MAXIMUM        1.47   2023
TOTALS          0.61               1.63   -1.02     1.47
DAYS >= .01        7                8.6    -1.6       10
DAYS >= .10        2                3.8    -1.8        6
DAYS >= .50        0                0.6    -0.6        0
DAYS >= 1.00       0                0.1    -0.1        0
GREATEST
 24 HR. TOTAL   0.19   06/30 TO 06/30               0.39  06/15 TO 06/16


DEGREE DAYS
HEATING TOTAL     44                107     -63      109
 SINCE 7/1      6831               7302    -471       MM
COOLING TOTAL    109                 67      42       12
 SINCE 1/1       110                 74      36       MM
................................................................

WIND (MPH)
AVERAGE WIND SPEED              11.4
HIGHEST WIND SPEED/DIRECTION    43/230    DATE  06/15
HIGHEST GUST SPEED/DIRECTION    57/230    DATE  06/15

SKY COVER
POSSIBLE SUNSHINE (PERCENT)   MM
AVERAGE SKY COVER           0.13
NUMBER OF DAYS FAIR           28
NUMBER OF DAYS PC              2
NUMBER OF DAYS CLOUDY          0

AVERAGE RH (PERCENT)     54

WEATHER CONDITIONS. NUMBER OF DAYS WITH
THUNDERSTORM              8     MIXED PRECIP               0
HEAVY RAIN                1     RAIN                       3
LIGHT RAIN                8     FREEZING RAIN              0
LT FREEZING RAIN          0     HAIL                       0
HEAVY SNOW                0     SNOW                       0
LIGHT SNOW                0     SLEET                      0
FOG                       5     FOG W/VIS <= 1/4 MILE      2
HAZE                      1

-  INDICATES NEGATIVE NUMBERS.
R  INDICATES RECORD WAS SET OR TIED.
MM INDICATES DATA IS MISSING.
T  INDICATES TRACE AMOUNT.

$$