344
CXUS55 KVEF 011330
CLMDVF

CLIMATE REPORT
NATIONAL WEATHER SERVICE LAS VEGAS, NV
630 AM PDT MON JUL 01 2024

...................................

...THE DEATH VALLEY CA CLIMATE SUMMARY FOR THE MONTH OF JUNE 2024...

CLIMATE NORMAL PERIOD: 1991 TO 2020
CLIMATE RECORD PERIOD: 1911 TO 2024

WEATHER         OBSERVED          NORMAL  DEPART   LAST YEAR`S
                VALUE   DATE(S)   VALUE   FROM     VALUE DATE(S)
                                          NORMAL
................................................................
TEMPERATURE (F)
RECORD
 HIGH            128   06/17/2021
                       06/30/2013
                       06/30/1994
 LOW              49   06/02/1923
HIGHEST          122   06/06                         118  06/30
LOWEST            77   06/19                          67  06/07
AVG. MAXIMUM   114.5              111.1     3.4    105.4
AVG. MINIMUM    89.9               84.0     5.9     81.0
MEAN           102.2               97.5     4.7     93.2
DAYS MAX >= 90    29               29.6    -0.6       29
DAYS MAX >= 100   29                                  27
DAYS MIN <= 32     0                0.0     0.0        0
DAYS MIN >= 80    27                                  20

PRECIPITATION (INCHES)
RECORD
 MAXIMUM        0.60   1920
 MINIMUM        0.00   2024
TOTALS          0.00R              0.05   -0.05     0.13
DAILY AVG.      0.00               0.00   -0.00     0.00
DAYS >= .01        0                0.3    -0.3        3
DAYS >= .10        0                0.2    -0.2        0
DAYS >= .50        0                0.0     0.0        0
DAYS >= 1.00       0                0.0     0.0        0
GREATEST
 24 HR. TOTAL     MM                                0.08

SNOWFALL (INCHES)
RECORDS
 TOTAL            MM
TOTALS           0.0                                 0.0
SINCE 7/1        0.0
DAYS >= TRACE      0
DAYS >= 1.0        0

DEGREE DAYS
HEATING TOTAL      0                  0       0        0
 SINCE 7/1       833                953    -120       MM
COOLING TOTAL   1012                976      36      852
 SINCE 1/1      2236               2291     -55       MM
................................................................



-  INDICATES NEGATIVE NUMBERS.
R  INDICATES RECORD WAS SET OR TIED.
MM INDICATES DATA IS MISSING.
T  INDICATES TRACE AMOUNT.

$$