000
CXUS51 KRLX 012021
CLMEKN


CLIMATE REPORT
NATIONAL WEATHER SERVICE CHARLESTON WV
421 PM EDT MON OCT 1 2018

...................................

...THE ELKINS WV CLIMATE SUMMARY FOR THE MONTH OF SEPTEMBER 2018...

CLIMATE NORMAL PERIOD 1981 TO 2010
CLIMATE RECORD PERIOD 1899 TO 2018

WEATHER         OBSERVED          NORMAL  DEPART  LAST YEAR`S
                 VALUE   DATE(S)  VALUE   FROM    VALUE  DATE(S)
                                          NORMAL
................................................................
TEMPERATURE (F)
RECORD
 HIGH              97   09/03/1953
 LOW               26   09/29/1942
                        09/30/1899
HIGHEST            90   09/04                         88
LOWEST             50   09/30                         36
                        09/29
AVG. MAXIMUM     78.5              73.7     4.8     74.8
AVG. MINIMUM     60.8              50.7    10.1     51.7
MEAN             69.6              62.2     7.4     63.2
DAYS MAX >= 90      1               0.1     0.9        0
DAYS MAX <= 32      0               0.0     0.0
DAYS MIN <= 32      0               0.4    -0.4        0
DAYS MIN <= 0       0               0.0     0.0        0

PRECIPITATION (INCHES)
RECORD
 MAXIMUM         8.88   2000
 MINIMUM         0.32   1985
TOTALS           8.16              3.63    4.53     1.06
DAILY AVG.       0.27              0.12    0.15     0.04
DAYS >= .01        17              11.1     5.9        6
DAYS >= .10        13               7.0     6.0        2
DAYS >= .50         7               2.1     4.9        1
DAYS >= 1.00        3               0.9     2.1        0
GREATEST
 24 HR. TOTAL    1.43   09/27 TO 09/27           09/05 TO 09/05
                                                          09/30 TO 09/30EATHER         OBSERVED          NORMAL  DEPART  LAST YEAR`S
                                                          09/30 TO 09/30EATHER         OBSERVED          NORMAL  DEPART  LAST YEAR`S
 STORM TOTAL       MM                                 MM
 (MM/DD(HH))            MM                    09/05(00) TO 09/05(00)
                                                 09/30(00) TO 09/30(00)0EATHER         OBSERVED          NORMAL  DEPART  LAST YEAR`S
                                                 09/30(00) TO 09/30(00)0EATHER         OBSERVED          NORMAL  DEPART  LAST YEAR`S

SNOWFALL (INCHES)
RECORDS
 TOTAL             MM   MM
 24 HR TOTAL       MM
 SNOW DEPTH         0   MM
TOTALS            0.0               0.0     0.0      0.0
SINCE 7/1         0.0               0.0     0.0      0.0
SNOWDEPTH AVG.      0                                  0
DAYS >= 1.0         0               0.0     0.0        0
GREATEST
 SNOW DEPTH         0   MM                             0  MM
 24 HR TOTAL      0.0   09/30 TO 09/30           09/30 TO 09/30
                                                          09/30 TO 09/30EATHER         OBSERVED          NORMAL  DEPART  LAST YEAR`S
                                                          09/30 TO 09/30EATHER         OBSERVED          NORMAL  DEPART  LAST YEAR`S

DEGREE_DAYS
HEATING TOTAL      16               130    -114      103
 SINCE 7/1         20               160    -140      125
COOLING TOTAL     162                45     117       57
 SINCE 1/1        787               471     316      519
.................................................................

WIND (MPH)
AVERAGE WIND SPEED              2.5
HIGHEST WIND SPEED/DIRECTION    29/140    DATE  09/04
HIGHEST GUST SPEED/DIRECTION    40/130    DATE  09/04

SKY COVER
POSSIBLE SUNSHINE (PERCENT)   MM
AVERAGE SKY COVER           0.60
NUMBER OF DAYS FAIR            2
NUMBER OF DAYS PC             18
NUMBER OF DAYS CLOUDY         10

AVERAGE RH (PERCENT)     78

WEATHER CONDITIONS. NUMBER OF DAYS WITH
  0
 12
  0
  0
  0
  0
 14
HAZE                      1

-  INDICATES NEGATIVE NUMBERS.
R  INDICATES RECORD WAS SET OR TIED.
MM INDICATES DATA IS MISSING.
T  INDICATES TRACE AMOUNT.

$$
