000
CXUS53 KTOP 011430
CLMEMP


CLIMATE REPORT
NATIONAL WEATHER SERVICE TOPEKA KS
830 AM CST SAT DEC 1 2018

...................................

...THE EMPORIA KS CLIMATE SUMMARY FOR THE MONTH OF NOVEMBER 2018...

CLIMATE NORMAL PERIOD 1981 TO 2010
CLIMATE RECORD PERIOD 9999 TO 9999

WEATHER         OBSERVED          NORMAL  DEPART  LAST YEAR`S
                 VALUE   DATE(S)  VALUE   FROM    VALUE
                                          NORMAL
.............................................................
TEMPERATURE (F)
HIGHEST            67   11/24                         80
LOWEST             10   11/13                         17
AVG. MAXIMUM     48.4              55.9    -7.5     57.5
AVG. MINIMUM     27.3              33.3    -6.0     35.1
MEAN             37.9              44.6    -6.7     46.3
DAYS MAX >= 90      0               0.0     0.0        0
DAYS MAX <= 32      5               0.5     4.5        0
DAYS MIN <= 32     20              14.2     5.8       11
DAYS MIN <= 0       0               0.0     0.0        0

PRECIPITATION (INCHES)
TOTALS           1.47              2.16   -0.69     0.13
DAILY AVG.       0.05                               0.00
DAYS >= .01         7                                  4
DAYS >= .10         5                                  0
DAYS >= .50         1                                  0
DAYS >= 1.00        0                                  0
GREATEST
 24 HR. TOTAL    0.64   11/30 TO 11/30              0.07

DEGREE_DAYS
HEATING TOTAL     808               613     195      557
 SINCE 7/1       1145               940     205      819
COOLING TOTAL       0                 1      -1        0
 SINCE 1/1       1702              1403     299     1355
..............................................................

WIND (MPH)
AVERAGE WIND SPEED              9.1
HIGHEST WIND SPEED/DIRECTION    36/340    DATE  11/25
HIGHEST GUST SPEED/DIRECTION    55/350    DATE  11/25

SKY COVER
POSSIBLE SUNSHINE (PERCENT)   MM
AVERAGE SKY COVER           0.40
NUMBER OF DAYS FAIR           15
NUMBER OF DAYS PC             12
NUMBER OF DAYS CLOUDY          3

AVERAGE RH (PERCENT)     74


-  INDICATES NEGATIVE NUMBERS.
R  INDICATES RECORD WAS SET OR TIED.
MM INDICATES DATA IS MISSING.
T  INDICATES TRACE AMOUNT.

$$
