000
CXUS53 KTOP 011423
CLMEMP


CLIMATE REPORT
NATIONAL WEATHER SERVICE TOPEKA KS
914 AM CDT SAT SEP 1 2018

...................................

...THE EMPORIA KS CLIMATE SUMMARY FOR THE MONTH OF AUGUST 2018...

CLIMATE NORMAL PERIOD 1981 TO 2010
CLIMATE RECORD PERIOD 9999 TO 9999

WEATHER         OBSERVED          NORMAL  DEPART  LAST YEAR`S
                 VALUE   DATE(S)  VALUE   FROM    VALUE
                                          NORMAL
.............................................................
TEMPERATURE (F)
HIGHEST            97   08/06                         94
                        08/05
LOWEST             59   08/01                         54
AVG. MAXIMUM     87.6              89.5    -1.9     83.9
AVG. MINIMUM     66.6              65.7     0.9     61.8
MEAN             77.1              77.6    -0.5     72.8
DAYS MAX >= 90     17              14.6     2.4        4
DAYS MAX <= 32      0               0.0     0.0        0
DAYS MIN <= 32      0               0.0     0.0        0
DAYS MIN <= 0       0               0.0     0.0        0

PRECIPITATION (INCHES)
TOTALS           8.88              3.82    5.06     5.00
DAILY AVG.       0.29                               0.17
DAYS >= .01        10                                  7
DAYS >= .10         8                                  6
DAYS >= .50         7                                  2
DAYS >= 1.00        5                                  1
GREATEST
 24 HR. TOTAL    1.84   08/14 TO 08/14              3.09

DEGREE_DAYS
HEATING TOTAL       0                 1      -1        0
 SINCE 7/1          0                 1      -1        0
COOLING TOTAL     381               392     -11      248
 SINCE 1/1       1463              1208     255     1090
..............................................................

WIND (MPH)
AVERAGE WIND SPEED              9.5
HIGHEST WIND SPEED/DIRECTION    35/190    DATE  08/27
HIGHEST GUST SPEED/DIRECTION    49/190    DATE  08/27

SKY COVER
POSSIBLE SUNSHINE (PERCENT)    0
AVERAGE SKY COVER           0.20
NUMBER OF DAYS FAIR           21
NUMBER OF DAYS PC              8
NUMBER OF DAYS CLOUDY          2

AVERAGE RH (PERCENT)     68


-  INDICATES NEGATIVE NUMBERS.
R  INDICATES RECORD WAS SET OR TIED.
MM INDICATES DATA IS MISSING.
T  INDICATES TRACE AMOUNT.

$$
