478
CXUS51 KOKX 011604
CLMEWR

CLIMATE REPORT
NATIONAL WEATHER SERVICE NEW YORK, NY
1200 PM EDT SAT JUN 01 2024

...................................

...THE NEWARK NJ CLIMATE SUMMARY FOR THE MONTH OF MAY 2024...

CLIMATE NORMAL PERIOD 1991 TO 2020
CLIMATE RECORD PERIOD 1931 TO 2024

WEATHER         OBSERVED          NORMAL  DEPART   LAST YEAR`S
                VALUE   DATE(S)   VALUE   FROM     VALUE DATE(S)
                                          NORMAL
................................................................
TEMPERATURE (F)
RECORD
 HIGH             99   05/20/1996
 LOW              33   05/09/1947
HIGHEST           90   05/02         MM      MM       90  05/12
LOWEST            46   05/11         MM      MM       44  05/18
                       05/13
AVG. MAXIMUM    75.2               72.6     2.6     74.0
AVG. MINIMUM    57.6               53.9     3.7     53.1
MEAN            66.4               63.3     3.1     63.5
DAYS MAX >= 90     1                2.0    -1.0        1
DAYS MAX <= 32     0                0.0     0.0        0
DAYS MIN <= 32     0                0.0     0.0        0
DAYS MIN <= 0      0                0.0     0.0        0

PRECIPITATION (INCHES)
RECORD
 MAXIMUM       10.22   1984
 MINIMUM        0.52   1964
TOTALS          2.79               3.97   -1.18     0.89
DAILY AVG.      0.09               0.13   -0.04     0.03
DAYS >= .01       13               11.4     1.6        7
DAYS >= .10        7                7.3    -0.3        1
DAYS >= .50        1                2.7    -1.7        1
DAYS >= 1.00       0                0.9    -0.9        0
GREATEST
 24 HR. TOTAL   0.63   05/23 TO 05/23               2.33  04/30 TO 05/01
 STORM TOTAL    0.63                                0.66
 (MM/DD(HH))            MM

SNOWFALL (INCHES)
TOTALS           0.0                0.0     0.0      0.0
 LIQUID EQUIV   0.00               0.00    0.00     0.00
SINCE 7/1       12.2               31.5   -19.3       MM
 LIQUID 7/1     1.22               3.10   -1.88       MM
SNOWDEPTH AVG.     0                                   0
DAYS >= TRACE      0                0.0     0.0        0
DAYS >= 1.0        0                0.0     0.0        0
GREATEST
 SNOW DEPTH        0                                   0  MM
 24 HR TOTAL      MM                                  MM
 STORM TOTAL     0.0                                 0.0
 (MM/DD(HH))            MM

DEGREE DAYS
HEATING TOTAL     74                124     -50       90
 SINCE 7/1      3798               4687    -889       MM
COOLING TOTAL    124                 69      55       51
 SINCE 1/1       136                 84      52       MM
................................................................

WIND (MPH)
AVERAGE WIND SPEED              8.2
HIGHEST WIND SPEED/DIRECTION    35/240    DATE  05/29
HIGHEST GUST SPEED/DIRECTION    48/250    DATE  05/29


WEATHER CONDITIONS. NUMBER OF DAYS WITH
THUNDERSTORM              3     MIXED PRECIP               0
HEAVY RAIN                3     RAIN                       5
LIGHT RAIN               19     FREEZING RAIN              0
LT FREEZING RAIN          0     HAIL                       0
HEAVY SNOW                0     SNOW                       0
LIGHT SNOW                0     SLEET                      0
FOG                      16     FOG W/VIS <= 1/4 MILE      0
HAZE                      5

-  INDICATES NEGATIVE NUMBERS.
R  INDICATES RECORD WAS SET OR TIED.
MM INDICATES DATA IS MISSING.
T  INDICATES TRACE AMOUNT.

$$