991
CXUS51 KOKX 031609 RRA
CLMEWR

CLIMATE REPORT
NATIONAL WEATHER SERVICE NEW YORK NY
1232 PM EDT SUN JUL 1 2018

...................................

...THE NEWARK NJ CLIMATE SUMMARY FOR THE MONTH OF JUNE 2018...

CLIMATE NORMAL PERIOD 1981 TO 2010
CLIMATE RECORD PERIOD 1929 TO 2018

WEATHER         OBSERVED          NORMAL  DEPART  LAST YEAR`S
                 VALUE   DATE(S)  VALUE   FROM    VALUE  DATE(S)
                                          NORMAL
................................................................
TEMPERATURE (F)
RECORD
 HIGH             102   06/09/2011
                        06/19/1994
                        06/26/1952
 LOW               41   06/01/1938
HIGHEST            96   06/30        MM      MM       99  06/13
                        06/18
LOWEST             52   06/04        MM      MM       52  06/09
                        06/03                             06/07
AVG. MAXIMUM     81.5              81.5     0.0     82.1
AVG. MINIMUM     62.6              63.3    -0.7     63.3
MEAN             72.1              72.4    -0.3     72.7
DAYS MAX >= 90      5               4.6     0.4        5
DAYS MAX <= 32      0               0.0     0.0        0
DAYS MIN <= 32      0               0.0     0.0        0
DAYS MIN <= 0       0               0.0     0.0        0

PRECIPITATION (INCHES)
RECORD
 MAXIMUM        11.51   1903
 MINIMUM         0.07   1949
TOTALS           1.87              4.02   -2.15     5.29
DAILY AVG.       0.06              0.13   -0.07     0.18
DAYS >= .01        14              11.0     3.0       11
DAYS >= .10         8               6.6     1.4        7
DAYS >= .50         1               2.7    -1.7        3
DAYS >= 1.00        0               1.2    -1.2        3
GREATEST
 24 HR. TOTAL    0.50   06/28 TO 06/28           06/24 TO 06/24
                                                          06/30 TO 06/30EATHER         OBSERVED          NORMAL  DEPART  LAST YEAR`S
                                                          06/30 TO 06/30EATHER         OBSERVED          NORMAL  DEPART  LAST YEAR`S
 STORM TOTAL       MM                                 MM
 (MM/DD(HH))            MM                    06/24(00) TO 06/24(00)
                                                 06/30(00) TO 06/30(00)0EATHER         OBSERVED          NORMAL  DEPART  LAST YEAR`S
                                                 06/30(00) TO 06/30(00)0EATHER         OBSERVED          NORMAL  DEPART  LAST YEAR`S

DEGREE_DAYS
HEATING TOTAL       9                17      -8       18
 SINCE 7/1       4615              4872    -257     4233
COOLING TOTAL     228               239     -11      257
 SINCE 1/1        359               315      44      352
.................................................................

WIND (MPH)
AVERAGE WIND SPEED              8.5
HIGHEST WIND SPEED/DIRECTION    31/290    DATE  06/18
HIGHEST GUST SPEED/DIRECTION    38/290    DATE  06/18


WEATHER CONDITIONS. NUMBER OF DAYS WITH
THUNDERSTORM              5     MIXED PRECIP               0
HEAVY RAIN                3     RAIN                       6
LIGHT RAIN               15     FREEZING RAIN              0
LT FREEZING RAIN          0     HAIL                       0
HEAVY SNOW                0     SNOW                       0
LIGHT SNOW                0     SLEET                      0
FOG                      11     FOG W/VIS <= 1/4 MILE      0
HAZE                      3

-  INDICATES NEGATIVE NUMBERS.
R  INDICATES RECORD WAS SET OR TIED.
MM INDICATES DATA IS MISSING.
T  INDICATES TRACE AMOUNT.

$$
