000
CXUS51 KOKX 011555
CLMEWR

CLIMATE REPORT
NATIONAL WEATHER SERVICE NEW YORK NY
1054 AM EST TUE JAN 1 2019

...................................

...THE NEWARK NJ CLIMATE SUMMARY FOR THE MONTH OF DECEMBER 2018...

CLIMATE NORMAL PERIOD 1981 TO 2010
CLIMATE RECORD PERIOD 1929 TO 2018

WEATHER         OBSERVED          NORMAL  DEPART  LAST YEAR`S
                 VALUE   DATE(S)  VALUE   FROM    VALUE  DATE(S)
                                          NORMAL
................................................................
TEMPERATURE (F)
RECORD
 HIGH              76   12/07/1998
 LOW               -8   12/30/1933
HIGHEST            61   12/21        MM      MM       64  12/05
LOWEST             23   12/11        MM      MM        9  12/31
                        12/10
                        12/08
AVG. MAXIMUM     45.9              43.5     2.4     40.9
AVG. MINIMUM     32.8              29.6     3.2     28.4
MEAN             39.4              36.5     2.9     34.6
DAYS MAX >= 90      0               0.0     0.0        0
DAYS MAX <= 32      0               3.1    -3.1        7
DAYS MIN <= 32     17              18.7    -1.7       21
DAYS MIN <= 0       0               0.0     0.0        0

PRECIPITATION (INCHES)
RECORD
 MAXIMUM         9.47   1983
 MINIMUM         0.27   1955
TOTALS           7.09              3.81    3.28     1.64
DAILY AVG.       0.23              0.12    0.11     0.05
DAYS >= .01        11              10.6     0.4        8
DAYS >= .10         8               6.5     1.5        5
DAYS >= .50         5               2.9     2.1        1
DAYS >= 1.00        4               1.1     2.9        0
GREATEST
 24 HR. TOTAL    1.47   12/16 TO 12/16           12/23 TO 12/23
                                                          12/09 TO 12/09EATHER         OBSERVED          NORMAL  DEPART  LAST YEAR`S
                                                          12/09 TO 12/09EATHER         OBSERVED          NORMAL  DEPART  LAST YEAR`S
 STORM TOTAL       MM                                 MM
 (MM/DD(HH))            MM                    12/23(00) TO 12/23(00)
                                                 12/09(00) TO 12/09(00)9EATHER         OBSERVED          NORMAL  DEPART  LAST YEAR`S
                                                 12/09(00) TO 12/09(00)9EATHER         OBSERVED          NORMAL  DEPART  LAST YEAR`S

SNOWFALL (INCHES)
TOTALS              T               5.4    -5.4      7.7
 LIQUID EQUIV      MM              0.50      MM     0.77
SINCE 7/1         6.4               5.8     0.6      7.7
 LIQUID 7/1      0.64              0.60    0.04     0.77
SNOWDEPTH AVG.      0                MM      MM        0
DAYS >= TRACE       4               2.9     1.1        9
DAYS >= 1.0         0               1.1    -1.1        3
GREATEST
 SNOW DEPTH         0   MM                             4  12/10
 24 HR TOTAL        T   12/30 TO 12/30           12/09 TO 12/09
                                                          12/09 TO 12/09EATHER         OBSERVED          NORMAL  DEPART  LAST YEAR`S
                                                          12/09 TO 12/09EATHER         OBSERVED          NORMAL  DEPART  LAST YEAR`S
 STORM TOTAL       MM                                 MM
 (MM/DD(HH))            MM                    12/09(00) TO 12/09(00)
                                                 12/09(00) TO 12/09(00)9EATHER         OBSERVED          NORMAL  DEPART  LAST YEAR`S
                                                 12/09(00) TO 12/09(00)9EATHER         OBSERVED          NORMAL  DEPART  LAST YEAR`S

DEGREE_DAYS
HEATING TOTAL     786               882     -96      935
 SINCE 7/1       1731              1750     -19     1620
COOLING TOTAL       0                 0       0        0
 SINCE 1/1       1511              1192     319     1316
.................................................................

WIND (MPH)
AVERAGE WIND SPEED              9.3
HIGHEST WIND SPEED/DIRECTION    33/310    DATE  12/18
HIGHEST GUST SPEED/DIRECTION    44/290    DATE  12/17


WEATHER CONDITIONS. NUMBER OF DAYS WITH
THUNDERSTORM              0     MIXED PRECIP               0
HEAVY RAIN                4     RAIN                       6
LIGHT RAIN               15     FREEZING RAIN              0
LT FREEZING RAIN          0     HAIL                       0
HEAVY SNOW                0     SNOW                       1
LIGHT SNOW                3     SLEET                      0
FOG                      12     FOG W/VIS <= 1/4 MILE      1
HAZE                      6

-  INDICATES NEGATIVE NUMBERS.
R  INDICATES RECORD WAS SET OR TIED.
MM INDICATES DATA IS MISSING.
T  INDICATES TRACE AMOUNT.

$$
