000
CXUS51 KOKX 011347
CLMEWR

NYCCLMEWR 000
TTAA00 KOKX 011346


CLIMATE REPORT
NATIONAL WEATHER SERVICE NEW YORK NY
946 AM EDT MON OCT 1 2018

...................................

...THE NEWARK NJ CLIMATE SUMMARY FOR THE MONTH OF SEPTEMBER 2018...

CLIMATE NORMAL PERIOD 1981 TO 2010
CLIMATE RECORD PERIOD 1929 TO 2018

WEATHER         OBSERVED          NORMAL  DEPART  LAST YEAR`S
                 VALUE   DATE(S)  VALUE   FROM    VALUE  DATE(S)
                                          NORMAL
................................................................
TEMPERATURE (F)
RECORD
 HIGH             105   09/02/1953
 LOW               35   09/27/1947
HIGHEST            98   09/06        MM      MM       92  09/24
LOWEST             53   09/30        MM      MM       49  09/02
                        09/29
AVG. MAXIMUM     77.8              76.7     1.1     79.7
AVG. MINIMUM     64.9              59.7     5.2     62.1
MEAN             71.4              68.2     3.2     70.9
DAYS MAX >= 90      4               1.1     2.9        3
DAYS MAX <= 32      0               0.0     0.0        0
DAYS MIN <= 32      0               0.0     0.0        0
DAYS MIN <= 0       0               0.0     0.0        0

PRECIPITATION (INCHES)
RECORD
 MAXIMUM        17.66   1882
 MINIMUM         0.14   1941
TOTALS           5.64              3.82    1.82     1.72
DAILY AVG.       0.19              0.13    0.06     0.06
DAYS >= .01        14               8.6     5.4        7
DAYS >= .10         7               5.8     1.2        4
DAYS >= .50         4               2.7     1.3        1
DAYS >= 1.00        2               0.9     1.1        0
GREATEST
 24 HR. TOTAL    1.89   09/25 TO 09/25           09/02 TO 09/02
                                                          09/30 TO 09/30EATHER         OBSERVED          NORMAL  DEPART  LAST YEAR`S
                                                          09/30 TO 09/30EATHER         OBSERVED          NORMAL  DEPART  LAST YEAR`S
 STORM TOTAL       MM                                 MM
 (MM/DD(HH))            MM                    09/02(00) TO 09/02(00)
                                                 09/30(00) TO 09/30(00)0EATHER         OBSERVED          NORMAL  DEPART  LAST YEAR`S
                                                 09/30(00) TO 09/30(00)0EATHER         OBSERVED          NORMAL  DEPART  LAST YEAR`S

DEGREE_DAYS
HEATING TOTAL      24                44     -20       17
 SINCE 7/1         24                45     -21       17
COOLING TOTAL     222               140      82      202
 SINCE 1/1       1448              1174     274     1230
.................................................................

WIND (MPH)
AVERAGE WIND SPEED              8.1
HIGHEST WIND SPEED/DIRECTION    29/340    DATE  09/06
HIGHEST GUST SPEED/DIRECTION    35/270    DATE  09/26


WEATHER CONDITIONS. NUMBER OF DAYS WITH
THUNDERSTORM              3     MIXED PRECIP               0
HEAVY RAIN                4     RAIN                       8
LIGHT RAIN               21     FREEZING RAIN              0
LT FREEZING RAIN          0     HAIL                       0
HEAVY SNOW                0     SNOW                       0
LIGHT SNOW                0     SLEET                      0
FOG                      10     FOG W/VIS <= 1/4 MILE      0
HAZE                      2

-  INDICATES NEGATIVE NUMBERS.
R  INDICATES RECORD WAS SET OR TIED.
MM INDICATES DATA IS MISSING.
T  INDICATES TRACE AMOUNT.

$$
