000
CXAK59 PAFG 021914
CLMFAI


CLIMATE REPORT
NATIONAL WEATHER SERVICE FAIRBANKS, AK
1103 AM AKDT MON JUL 2 2018

...................................

...THE FAIRBANKS CLIMATE SUMMARY FOR THE MONTH OF JUNE 2018...

CLIMATE NORMAL PERIOD 1981 TO 2010
CLIMATE RECORD PERIOD 1904 TO 2018

WEATHER         OBSERVED          NORMAL  DEPART  LAST YEAR`S
                 VALUE   DATE(S)  VALUE   FROM    VALUE  DATE(S)
                                          NORMAL
................................................................
TEMPERATURE (F)
RECORD
 HIGH              96   06/15/1969
 LOW               28   06/29/1918
HIGHEST            86   06/21        84       2       90  06/09
LOWEST             36   06/12        38      -2       43  06/15

AVG. MAXIMUM     69.5              71.6    -2.1     73.3
AVG. MINIMUM     48.1              49.3    -1.2     52.3
MEAN             58.8              60.4    -1.6     62.8
DAYS MAX >= 90      0               0.2    -0.2        1
DAYS MAX <= 32      0               0.0     0.0        0
DAYS MIN <= 32      0               0.1    -0.1        0
DAYS MIN <= 0       0               0.0     0.0        0

PRECIPITATION (INCHES)
RECORD
 MAXIMUM         3.56   2014
 MINIMUM         0.19   1966
TOTALS           0.57              1.37   -0.80     1.73
DAILY AVG.       0.02              0.05   -0.03     0.06
DAYS >= .01        11              10.9     0.1        8
DAYS >= .10         2               4.1    -2.1        4
DAYS >= .50         0               0.4    -0.4        1
DAYS >= 1.00        0               0.1    -0.1        1
GREATEST
 24 HR. TOTAL    0.14   06/05 TO 06/05           06/11 TO 06/11

SNOWFALL (INCHES)
RECORDS
 TOTAL            1.2   1931
 24 HR TOTAL      1.2   06/02/1931 TO 06/02/1931
 SNOW DEPTH         0   MM
TOTALS            0.0               0.0     0.0      0.0
SINCE 7/1        85.7              65.0    20.7     83.1
SNOWDEPTH AVG.      0                MM      MM        0
DAYS >= TRACE       0               0.0     0.0        0
DAYS >= 1.0         0               0.0     0.0        0
GREATEST
 SNOW DEPTH         0   MM                             0  MM
 24 HR TOTAL      0.0   06/30 TO 06/30           06/30 TO 06/30

DEGREE_DAYS
HEATING TOTAL     187               160      27       94
 SINCE 7/1      12408             13669   -1261    13648
COOLING TOTAL      10                23     -13       35
 SINCE 1/1         10                24     -14       35
.................................................................

WIND (MPH)
AVERAGE WIND SPEED              4.6
HIGHEST WIND SPEED/DIRECTION    25/090    DATE  06/05
HIGHEST GUST SPEED/DIRECTION    31/290    DATE  06/10

SKY COVER
AVERAGE SKY COVER           0.70


-  INDICATES NEGATIVE NUMBERS.
R  INDICATES RECORD WAS SET OR TIED.
MM INDICATES DATA IS MISSING.
T  INDICATES TRACE AMOUNT.

$$
