402
CXAK59 PAFG 031754
CLMFAI

CLIMATE REPORT
NATIONAL WEATHER SERVICE FAIRBANKS AK
954 AM AKDT WED JUL 03 2024

...................................

...THE FAIRBANKS AK CLIMATE SUMMARY FOR THE MONTH OF JUNE 2024...

CLIMATE NORMAL PERIOD 1991 TO 2020
CLIMATE RECORD PERIOD 1904 TO 2024

WEATHER         OBSERVED          NORMAL  DEPART   LAST YEAR`S
                VALUE   DATE(S)   VALUE   FROM     VALUE DATE(S)
                                          NORMAL
................................................................
TEMPERATURE (F)
RECORD
 HIGH             96   06/15/1969
 LOW              28   06/29/1918
HIGHEST           85   06/27         84       1       80  06/06
                       06/30
                                                          06/24
LOWEST            45   06/04         38       7       33  06/01
                       06/07
AVG. MAXIMUM    76.7               71.8     4.9     70.3
AVG. MINIMUM    53.4               50.2     3.2     50.6
MEAN            65.1               61.0     4.1     60.5
DAYS MAX >= 90     0                0.2    -0.2        0
DAYS MAX <= 32     0                0.0     0.0        0
DAYS MIN <= 32     0                0.1    -0.1        0
DAYS MIN <= 0      0                0.0     0.0        0

PRECIPITATION (INCHES)
RECORD
 MAXIMUM        3.56   2014
 MINIMUM        0.19
TOTALS          0.51               1.48   -0.97     1.66
DAILY AVG.      0.02               0.05   -0.03     0.06
DAYS >= .01        6               10.8    -4.8       11
DAYS >= .10        1                4.5    -3.5        5
DAYS >= .50        0                0.4    -0.4        1
DAYS >= 1.00       0                0.1    -0.1        0
GREATEST
 24 HR. TOTAL   0.31   06/11 TO 06/11               0.69

SNOWFALL (INCHES)
RECORDS
 TOTAL           1.2   1931
 24 HR TOTAL     1.2   06/02/1931 TO 06/02/1931
 SNOW DEPTH        0   MM
TOTALS           0.0                0.0     0.0        T
SINCE 7/1       64.1               64.6    -0.5       MM
SNOWDEPTH AVG.     0                                   0
DAYS >= TRACE      0                0.0     0.0        1
DAYS >= 1.0        0                0.0     0.0        0
GREATEST
 SNOW DEPTH        0                                   0

DEGREE DAYS
HEATING TOTAL     44                147    -103      149
 SINCE 7/1     12713              13419    -706       MM
COOLING TOTAL     52                 27      25       20
 SINCE 1/1        52                 28      24       MM
................................................................

WIND (MPH)
AVERAGE WIND SPEED              4.8
HIGHEST WIND SPEED/DIRECTION    25/080    DATE  06/04
HIGHEST GUST SPEED/DIRECTION    35/080    DATE  06/27

SKY COVER
AVERAGE SKY COVER           0.67
NUMBER OF DAYS FAIR            2


WEATHER CONDITIONS. NUMBER OF DAYS WITH
THUNDERSTORM              5     MIXED PRECIP               0
HEAVY RAIN                0     RAIN                       1
LIGHT RAIN               15     FREEZING RAIN              0
LT FREEZING RAIN          0     HAIL                       0
HEAVY SNOW                0     SNOW                       0
LIGHT SNOW                0     SLEET                      0
FOG                       1     FOG W/VIS <= 1/4 MILE      0
HAZE                      9

-  INDICATES NEGATIVE NUMBERS.
R  INDICATES RECORD WAS SET OR TIED.
MM INDICATES DATA IS MISSING.
T  INDICATES TRACE AMOUNT.

$$