000
CXAK59 PAFG 030241
CLMFAI


CLIMATE REPORT
NATIONAL WEATHER SERVICE FAIRBANKS, AK
632 PM AKDT TUE OCT 2 2018

...................................

...THE FAIRBANKS CLIMATE SUMMARY FOR THE MONTH OF SEPTEMBER 2018...

CLIMATE NORMAL PERIOD 1981 TO 2010
CLIMATE RECORD PERIOD 1904 TO 2018

WEATHER         OBSERVED          NORMAL  DEPART  LAST YEAR`S
                 VALUE   DATE(S)  VALUE   FROM    VALUE  DATE(S)
                                          NORMAL
................................................................
TEMPERATURE (F)
RECORD
 HIGH              84   09/05/1957
 LOW                3   09/30/1992
HIGHEST            65   09/13        69      -4       70  09/04
LOWEST             27   09/30        22       5       32  09/30

AVG. MAXIMUM     56.4              54.6     1.8     57.2
AVG. MINIMUM     39.9              35.1     4.8     38.7
MEAN             48.2              44.9     3.3     48.0
DAYS MAX >= 90      0               0.0     0.0        0
DAYS MAX <= 32      0               0.3    -0.3        0
DAYS MIN <= 32      6               9.6    -3.6        3
DAYS MIN <= 0       0               0.0     0.0        0

PRECIPITATION (INCHES)
RECORD
 MAXIMUM         5.61   1925
 MINIMUM         0.09   1918
TOTALS           1.86              1.10    0.76     1.42
DAILY AVG.       0.06              0.04    0.02     0.05
DAYS >= .01        12              10.4     1.6       13
DAYS >= .10         6               3.5     2.5        4
DAYS >= .50         0               0.3    -0.3        1
DAYS >= 1.00        0               0.0     0.0        0
GREATEST
 24 HR. TOTAL    0.47   09/22 TO 09/22           09/28 TO 09/28

SNOWFALL (INCHES)
RECORDS
 TOTAL           24.4   1922
 24 HR TOTAL     11.2   09/29/2015 TO 09/29/2015
 SNOW DEPTH        13   09/18/1992
TOTALS            0.0               1.8    -1.8        T
SINCE 7/1         0.0               1.8    -1.8        T
SNOWDEPTH AVG.      0                MM      MM        0
DAYS >= TRACE       0               1.4    -1.4        1
DAYS >= 1.0         0               0.5    -0.5        0
GREATEST
 SNOW DEPTH         0   MM                             0  MM
 24 HR TOTAL      0.0   09/30 TO 09/30           09/29 TO 09/29

DEGREE_DAYS
HEATING TOTAL     498               605    -107      504
 SINCE 7/1        856               994    -138      727
COOLING TOTAL       0                 0       0        0
 SINCE 1/1         54                61      -7      104
.................................................................

WIND (MPH)
AVERAGE WIND SPEED              4.4
HIGHEST WIND SPEED/DIRECTION    22/260    DATE  09/01
HIGHEST GUST SPEED/DIRECTION    29/260    DATE  09/01

SKY COVER
AVERAGE SKY COVER           0.60


-  INDICATES NEGATIVE NUMBERS.
R  INDICATES RECORD WAS SET OR TIED.
MM INDICATES DATA IS MISSING.
T  INDICATES TRACE AMOUNT.

$$
