000
CXUS53 KFGF 011327
CLMFGF

CLIMATE REPORT
NATIONAL WEATHER SERVICE EASTERN NORTH DAKOTA/GRAND FORKS
826 AM CDT WED AUG 1 2018

...................................

...THE GRAND FORKS UNIV. (NWS) CLIMATE SUMMARY FOR THE MONTH OF JULY 2018...

CLIMATE NORMAL PERIOD 1981 TO 2010
CLIMATE RECORD PERIOD 1893 TO 2018

WEATHER         OBSERVED          NORMAL  DEPART  LAST YEAR`S
                 VALUE   DATE(S)  VALUE   FROM    VALUE
                                          NORMAL
.............................................................
TEMPERATURE (F)
RECORD
 HIGH             109   07/12/1936
 LOW               36   07/06/1908
HIGHEST            92   07/07        82      10
LOWEST             51   07/17        58      -7
AVG. MAXIMUM     82.1              81.2     0.9
AVG. MINIMUM     60.8              58.4     2.4
MEAN             71.5              69.8     1.7
DAYS MAX >= 90      3               2.9     0.1
DAYS MAX <= 32      0               0.0     0.0
DAYS MIN <= 32      0               0.0     0.0
DAYS MIN <= 0       0               0.0     0.0

PRECIPITATION (INCHES)
RECORD
 MAXIMUM         8.10   2001
 MINIMUM         0.38   1976
TOTALS           4.00              3.17    0.83
DAILY AVG.       0.13              0.10    0.03
DAYS >= .01         9               9.8    -0.8
DAYS >= .10         7               6.0     1.0
DAYS >= .50         3               2.0     1.0
DAYS >= 1.00        1               0.8     0.2
GREATEST
 24 HR. TOTAL    1.18   07/08 TO 07/08              0.45
 STORM TOTAL       MM                                 MM
 (MM/DD(HH))            MM

SNOWFALL (INCHES)
RECORDS
 TOTAL             MM   MM
TOTALS            0.0               0.0     0.0
 LIQUID EQUIV    0.00              0.00    0.00
SINCE 7/1         0.0               0.0     0.0
 LIQUID 7/1      0.00
DAYS >= TRACE       0               0.0     0.0
DAYS >= 1.0         0               0.0     0.0
GREATEST
 SNOW DEPTH         0   MM

DEGREE_DAYS
HEATING TOTAL       0                23     -23
 SINCE 7/1          0                23     -23
COOLING TOTAL     207               171      36
 SINCE 1/1        473               288     185
..............................................................

SKY COVER
POSSIBLE SUNSHINE (PERCENT)   MM
AVERAGE SKY COVER             MM
NUMBER OF DAYS FAIR            0
NUMBER OF DAYS PC              0
NUMBER OF DAYS CLOUDY          0


WEATHER CONDITIONS. NUMBER OF DAYS WITH
THUNDERSTORM              3     MIXED PRECIP               0
HEAVY RAIN                3     RAIN                       6
LIGHT RAIN                3     FREEZING RAIN              0
LT FREEZING RAIN          0     HAIL                       0
HEAVY SNOW                0     SNOW                       0
LIGHT SNOW                0     SLEET                      0
FOG                       0     FOG W/VIS <= 1/4 MILE      0
HAZE                      0

-  INDICATES NEGATIVE NUMBERS.
R  INDICATES RECORD WAS SET OR TIED.
MM INDICATES DATA IS MISSING.
T  INDICATES TRACE AMOUNT.

&&

THE MONTH OF JULY AT GRAND FORKS UNIV. (NWS) WAS SLIGHTLY ABOVE
NORMAL WITH RESPECT TO TEMPERATURES...BUT WETTER THAN NORMAL. THE
AVERAGE TEMPERATURE FOR THE MONTH WAS 71.5 DEGREES WHICH IS 1.7
DEGREES WARMER THAN NORMAL.

PRECIPITATION WAS ABOVE NORMAL AT 4.00 INCHES WHICH IS 0.83 INCHES
ABOVE THE NORMAL FOR THE MONTH.

REMEMBER...THIS DATA IS PROVISIONAL AND IS SUBJECT TO CHANGE. THE
FINAL AND OFFICIAL RECORDS WILL BE AVAILABLE FROM THE NATIONAL
CENTERS FOR ENVIRONMENTAL INFORMATION (FORMERLY THE NATIONAL
CLIMATIC DATA CENTER).

$$
