000
CXUS53 KIND 011624
CLMGEZ


CLIMATE REPORT
NATIONAL WEATHER SERVICE INDIANAPOLIS IN
1124 AM EST FRI FEB 1 2019

...................................

...THE SHELBYVILLE IN CLIMATE SUMMARY FOR THE MONTH OF JANUARY 2019...

CLIMATE NORMAL PERIOD 1981 TO 2010
CLIMATE RECORD PERIOD 9999 TO 9999

WEATHER         OBSERVED          NORMAL  DEPART  LAST YEAR`S
                 VALUE   DATE(S)  VALUE   FROM    VALUE  DATE(S)
                                          NORMAL
................................................................
TEMPERATURE (F)
HIGHEST            59   01/08                         59  01/11
LOWEST             -9   01/30                        -14  01/02
AVG. MAXIMUM     35.3              36.3    -1.0     34.4
AVG. MINIMUM     21.3              21.1     0.2     17.2
MEAN             28.3              28.7    -0.4     25.8
DAYS MAX >= 90      0               0.0     0.0        0
DAYS MAX <= 32     11              10.8     0.2       14
DAYS MIN <= 32     26              25.3     0.7       25
DAYS MIN <= 0       2               1.7     0.3        7

PRECIPITATION (INCHES)
TOTALS           2.97              2.39    0.58     2.71
DAILY AVG.       0.10              0.08    0.02     0.09
DAYS >= .01         8                MM      MM       11
DAYS >= .10         5                MM      MM        5
DAYS >= .50         3                MM      MM        3
DAYS >= 1.00        0                MM      MM        1
GREATEST
 24 HR. TOTAL    1.11   12/31 TO 01/01

DEGREE_DAYS
HEATING TOTAL    1130              1125       5     1209
 SINCE 7/1       3144              3229     -85     3171
COOLING TOTAL       0                 0       0        0
 SINCE 1/1          0                 0       0        0
.................................................................

WIND (MPH)
AVERAGE WIND SPEED              10.9
HIGHEST WIND SPEED/DIRECTION    35/290    DATE  01/09
HIGHEST GUST SPEED/DIRECTION    47/290    DATE  01/09

SKY COVER
POSSIBLE SUNSHINE (PERCENT)   MM
AVERAGE SKY COVER           0.60
NUMBER OF DAYS FAIR            6
NUMBER OF DAYS PC             10
NUMBER OF DAYS CLOUDY         15

AVERAGE RH (PERCENT)     74

WEATHER CONDITIONS. NUMBER OF DAYS WITH
THUNDERSTORM              0     MIXED PRECIP                0
HEAVY RAIN                2     RAIN                        3
LIGHT RAIN                8     FREEZING RAIN               0
LT FREEZING RAIN          2     HAIL                        0
HEAVY SNOW                0     SNOW                        1
LIGHT SNOW               15     SLEET                       0
FOG                      17     FOG W/VIS <= 1/4 MILE       4
HAZE                     12

-  INDICATES NEGATIVE NUMBERS.
R  INDICATES RECORD WAS SET OR TIED.
MM INDICATES DATA IS MISSING.
T  INDICATES TRACE AMOUNT.

$$
