000
CXUS53 KIND 011513
CLMGEZ


CLIMATE REPORT
NATIONAL WEATHER SERVICE INDIANAPOLIS IN
1113 AM EDT WED AUG 1 2018

...................................

...THE SHELBYVILLE IN CLIMATE SUMMARY FOR THE MONTH OF JULY 2018...

CLIMATE NORMAL PERIOD 1981 TO 2010
CLIMATE RECORD PERIOD 9999 TO 9999

WEATHER         OBSERVED          NORMAL  DEPART  LAST YEAR`S
                 VALUE   DATE(S)  VALUE   FROM    VALUE  DATE(S)
                                          NORMAL
................................................................
TEMPERATURE (F)
HIGHEST            93   07/04                         91  07/22
LOWEST             55   07/28                         56  07/30
                                                          07/09
AVG. MAXIMUM     85.3              84.5     0.8     85.3
AVG. MINIMUM     64.8              63.7     1.1     65.7
MEAN             75.1              74.1     1.0     75.5
DAYS MAX >= 90      8               4.0     4.0        4
DAYS MAX <= 32      0               0.0     0.0        0
DAYS MIN <= 32      0               0.0     0.0        0
DAYS MIN <= 0       0               0.0     0.0        0

PRECIPITATION (INCHES)
TOTALS           4.47              4.71   -0.24     6.29
DAILY AVG.       0.14              0.15   -0.01     0.20
DAYS >= .01        10                MM      MM       10
DAYS >= .10         8                MM      MM        6
DAYS >= .50         3                MM      MM        4
DAYS >= 1.00        2                MM      MM        2
GREATEST
 24 HR. TOTAL    1.47   07/31 TO 07/31

DEGREE_DAYS
HEATING TOTAL       0                 1      -1        0
 SINCE 7/1          0                 1      -1        0
COOLING TOTAL     320               283      37      336
 SINCE 1/1        925               573     352      744
.................................................................

WIND (MPH)
AVERAGE WIND SPEED              5.2
HIGHEST WIND SPEED/DIRECTION    29/340    DATE  07/05
HIGHEST GUST SPEED/DIRECTION    36/350    DATE  07/05

SKY COVER
POSSIBLE SUNSHINE (PERCENT)   MM
AVERAGE SKY COVER           0.30
NUMBER OF DAYS FAIR           21
NUMBER OF DAYS PC              7
NUMBER OF DAYS CLOUDY          3

AVERAGE RH (PERCENT)     72

WEATHER CONDITIONS. NUMBER OF DAYS WITH
THUNDERSTORM              7     MIXED PRECIP                0
HEAVY RAIN                6     RAIN                        6
LIGHT RAIN               12     FREEZING RAIN               0
LT FREEZING RAIN          0     HAIL                        0
HEAVY SNOW                0     SNOW                        0
LIGHT SNOW                0     SLEET                       0
FOG                      16     FOG W/VIS <= 1/4 MILE       2
HAZE                      8

-  INDICATES NEGATIVE NUMBERS.
R  INDICATES RECORD WAS SET OR TIED.
MM INDICATES DATA IS MISSING.
T  INDICATES TRACE AMOUNT.

$$
