747
CXUS53 KIND 011516
CLMGEZ

CLIMATE REPORT
NATIONAL WEATHER SERVICE INDIANAPOLIS IN
1116 AM EDT SAT JUN 01 2024

...................................

...THE SHELBYVILLE IN CLIMATE SUMMARY FOR THE MONTH OF MAY 2024...

CLIMATE NORMAL PERIOD 1991 TO 2020
CLIMATE RECORD PERIOD 9999 TO 9999

WEATHER         OBSERVED          NORMAL  DEPART   LAST YEAR`S
                VALUE   DATE(S)   VALUE   FROM     VALUE DATE(S)
                                          NORMAL
................................................................
TEMPERATURE (F)
HIGHEST           91   05/21                          91  05/29
                                                          05/31
LOWEST            47   05/12                          37  05/04
AVG. MAXIMUM    80.5               75.5     5.0     78.4
AVG. MINIMUM    60.3               54.7     5.6     53.6
MEAN            70.4               65.1     5.3     66.0
DAYS MAX >= 90     1                1.1    -0.1        3
DAYS MAX <= 32     0                0.0     0.0        0
DAYS MIN <= 32     0                0.1    -0.1        0
DAYS MIN <= 0      0                0.0     0.0        0

PRECIPITATION (INCHES)
TOTALS          7.55               4.62    2.93     1.60
DAILY AVG.      0.24               0.15    0.09     0.05
DAYS >= .01       11               13.9    -2.9        8
DAYS >= .10        6                9.0    -3.0        5
DAYS >= .50        4                3.2     0.8        1
DAYS >= 1.00       4                1.0     3.0        0
GREATEST
 24 HR. TOTAL   3.58   05/14 TO 05/15


DEGREE DAYS
HEATING TOTAL      5                107    -102       73
 SINCE 7/1      3901               5032   -1131       MM
COOLING TOTAL    178                110      68      112
 SINCE 1/1       238                131     107       MM
................................................................

WIND (MPH)
AVERAGE WIND SPEED              7.9
HIGHEST WIND SPEED/DIRECTION    30/170    DATE  05/26
HIGHEST GUST SPEED/DIRECTION    MM        DATE   MM

SKY COVER
AVERAGE SKY COVER           0.40

AVERAGE RH (PERCENT)     66

WEATHER CONDITIONS. NUMBER OF DAYS WITH
THUNDERSTORM              6     MIXED PRECIP               0
HEAVY RAIN                4     RAIN                       7
LIGHT RAIN               16     FREEZING RAIN              0
LT FREEZING RAIN          0     HAIL                       0
HEAVY SNOW                0     SNOW                       0
LIGHT SNOW                0     SLEET                      0
FOG                      13     FOG W/VIS <= 1/4 MILE      4
HAZE                      9

-  INDICATES NEGATIVE NUMBERS.
R  INDICATES RECORD WAS SET OR TIED.
MM INDICATES DATA IS MISSING.
T  INDICATES TRACE AMOUNT.

$$