000
CXUS51 KALY 010922
CLMGFL


CLIMATE REPORT
NATIONAL WEATHER SERVICE ALBANY NY
520 AM EDT SUN APR 1 2018

...................................

...THE GLENS FALLS NY CLIMATE SUMMARY FOR THE MONTH OF MARCH 2018...

CLIMATE NORMAL PERIOD 1981 TO 2010
CLIMATE RECORD PERIOD 1949 TO 2018

WEATHER         OBSERVED          NORMAL  DEPART  LAST YEAR`S
                 VALUE   DATE(S)  VALUE   FROM    VALUE  DATE(S)
                                          NORMAL
................................................................
TEMPERATURE (F)
HIGHEST            51   03/31                         67  03/01
LOWEST              5   03/18                          2  03/12
AVG. MAXIMUM     39.9              42.4    -2.5     39.3
AVG. MINIMUM     24.0              20.3     3.7     19.2
MEAN             32.0              31.3     0.7     29.2
DAYS MAX >= 90      0               0.0     0.0        0
DAYS MAX <= 32      1               4.4    -3.4        6
DAYS MIN <= 32     27              26.9     0.1       26
DAYS MIN <= 0       0               1.8    -1.8        0

PRECIPITATION (INCHES)
RECORD
 MAXIMUM         6.59   1994
 MINIMUM         0.40   1981
TOTALS           1.73              2.94   -1.21     2.54
DAILY AVG.       0.06              0.09   -0.03     0.08
DAYS >= .01         9              10.7    -1.7       11
DAYS >= .10         6               6.4    -0.4        5
DAYS >= .50         1               1.9    -0.9        2
DAYS >= 1.00        0               0.5    -0.5        0
GREATEST
 24 HR. TOTAL    0.59   03/02 TO 03/02

DEGREE_DAYS
HEATING TOTAL    1019              1043     -24     1068
 SINCE 7/1       6319              6663    -344     5590
COOLING TOTAL       0                 0       0        0
 SINCE 1/1          0                 0       0        0

FREEZE DATES
RECORD
 EARLIEST     08/29/1982
 LATEST       06/01/2009
EARLIEST                        09/29
LATEST                          05/13
.................................................................

WIND (MPH)
AVERAGE WIND SPEED              7.1
HIGHEST WIND SPEED/DIRECTION    29/010    DATE  03/17
HIGHEST GUST SPEED/DIRECTION    36/040    DATE  03/03

SKY COVER
AVERAGE SKY COVER           0.60

AVERAGE RH (PERCENT)     69

WEATHER CONDITIONS. NUMBER OF DAYS WITH
THUNDERSTORM              0     MIXED PRECIP               0
HEAVY RAIN                0     RAIN                       0
LIGHT RAIN                4     FREEZING RAIN              0
LT FREEZING RAIN          0     HAIL                       0
HEAVY SNOW                1     SNOW                       4
LIGHT SNOW                9     SLEET                      0
FOG                      13     FOG W/VIS <= 1/4 MILE      5
HAZE                      6

-  INDICATES NEGATIVE NUMBERS.
R  INDICATES RECORD WAS SET OR TIED.
MM INDICATES DATA IS MISSING.
T  INDICATES TRACE AMOUNT.

$$
