000
CXUS51 KALY 011152 RRA
CLMGFL

CLIMATE REPORT
NATIONAL WEATHER SERVICE ALBANY NY
749 AM EDT MON OCT 1 2018

...................................

...THE GLENS FALLS NY CLIMATE SUMMARY FOR THE MONTH OF SEPTEMBER 2018...

CLIMATE NORMAL PERIOD 1981 TO 2010
CLIMATE RECORD PERIOD 1893 TO 2018

WEATHER         OBSERVED          NORMAL  DEPART  LAST YEAR`S
                 VALUE   DATE(S)  VALUE   FROM    VALUE  DATE(S)
                                          NORMAL
................................................................
TEMPERATURE (F)
HIGHEST            90   09/03                         90  09/25
LOWEST             37   09/30                         34  09/02
                        09/23
AVG. MAXIMUM     72.7              70.6     2.1     74.9
AVG. MINIMUM     53.8              46.4     7.4     50.3
MEAN             63.2              58.5     4.7     62.6
DAYS MAX >= 90      1               0.1     0.9        1
DAYS MAX <= 32      0               0.0     0.0        0
DAYS MIN <= 32      0               1.3    -1.3        0
DAYS MIN <= 0       0               0.0     0.0        0

PRECIPITATION (INCHES)
RECORD
 MAXIMUM         7.75   1987
 MINIMUM         0.10   1964
TOTALS           2.91              3.38   -0.47     2.32
DAILY AVG.       0.10              0.11   -0.01     0.08
DAYS >= .01        10               9.3     0.7        6
DAYS >= .10         6               6.2    -0.2        5
DAYS >= .50         2               2.2    -0.2        1
DAYS >= 1.00        0               0.8    -0.8        1
GREATEST
 24 HR. TOTAL    0.95   09/11 TO 09/11

DEGREE_DAYS
HEATING TOTAL     141               219     -78      132
 SINCE 7/1        150               285    -135      199
COOLING TOTAL      95                24      71       67
 SINCE 1/1        590               351     239      381

FREEZE DATES
RECORD
 EARLIEST     08/29/1982
 LATEST       06/01/2009

.................................................................

WIND (MPH)
AVERAGE WIND SPEED              4.1
HIGHEST WIND SPEED/DIRECTION    24/290    DATE  09/06
HIGHEST GUST SPEED/DIRECTION    37/290    DATE  09/06

SKY COVER
AVERAGE SKY COVER           0.50

AVERAGE RH (PERCENT)     81

-  INDICATES NEGATIVE NUMBERS.
R  INDICATES RECORD WAS SET OR TIED.
MM INDICATES DATA IS MISSING.
T  INDICATES TRACE AMOUNT.

$$
