000
CXUS51 KALY 010939
CLMGFL


CLIMATE REPORT
NATIONAL WEATHER SERVICE ALBANY NY
532 AM EDT SUN JUL 1 2018

...................................

...THE GLENS FALLS NY CLIMATE SUMMARY FOR THE MONTH OF JUNE 2018...

CLIMATE NORMAL PERIOD 1981 TO 2010
CLIMATE RECORD PERIOD 1949 TO 2018

WEATHER         OBSERVED          NORMAL  DEPART  LAST YEAR`S
                 VALUE   DATE(S)  VALUE   FROM    VALUE  DATE(S)
                                          NORMAL
................................................................
TEMPERATURE (F)
HIGHEST            91   06/30                         92  06/12
                        06/18
LOWEST             41   06/26                         38  06/03
                        06/22
                        06/12
AVG. MAXIMUM     75.5              76.6    -1.1     76.4
AVG. MINIMUM     50.7              52.0    -1.3     52.7
MEAN             63.1              64.3    -1.2     64.6
DAYS MAX >= 90      2               1.2     0.8        2
DAYS MAX <= 32      0               0.0     0.0        0
DAYS MIN <= 32      0               0.0     0.0        0
DAYS MIN <= 0       0               0.0     0.0        0

PRECIPITATION (INCHES)
RECORD
 MAXIMUM         8.20   1998
 MINIMUM         0.37   1949
TOTALS           3.69              3.55    0.14     3.74
DAILY AVG.       0.12              0.12    0.00     0.12
DAYS >= .01         9              12.0    -3.0       14
DAYS >= .10         7               7.4    -0.4        7
DAYS >= .50         2               2.6    -0.6        3
DAYS >= 1.00        1               0.6     0.4        0
GREATEST
 24 HR. TOTAL    1.37   06/01 TO 06/01

DEGREE_DAYS
HEATING TOTAL      99                90       9       93
 SINCE 7/1       7374              7676    -302     6410
COOLING TOTAL      47                69     -22       88
 SINCE 1/1         72                81      -9      109

FREEZE DATES
RECORD
 EARLIEST     08/29/1982
 LATEST       06/01/2009
EARLIEST      10/01             09/29
LATEST        05/13             05/13
.................................................................

WIND (MPH)
AVERAGE WIND SPEED              5.1
HIGHEST WIND SPEED/DIRECTION    24/330    DATE  06/01
HIGHEST GUST SPEED/DIRECTION    33/320    DATE  06/01

SKY COVER
AVERAGE SKY COVER           0.40

AVERAGE RH (PERCENT)     73


-  INDICATES NEGATIVE NUMBERS.
R  INDICATES RECORD WAS SET OR TIED.
MM INDICATES DATA IS MISSING.
T  INDICATES TRACE AMOUNT.

$$
