000
CXUS51 KALY 010914
CLMGFL


CLIMATE REPORT
NATIONAL WEATHER SERVICE ALBANY NY
409 AM EST TUE JAN 1 2019

...................................

...THE GLENS FALLS NY CLIMATE SUMMARY FOR THE MONTH OF DECEMBER 2018...

CLIMATE NORMAL PERIOD 1981 TO 2010
CLIMATE RECORD PERIOD 1893 TO 2018

WEATHER         OBSERVED          NORMAL  DEPART  LAST YEAR`S
                 VALUE   DATE(S)  VALUE   FROM    VALUE  DATE(S)
                                          NORMAL
................................................................
TEMPERATURE (F)
HIGHEST            55   12/22                         52  12/06
                                                          12/05
LOWEST             10   12/11                        -21  12/30
AVG. MAXIMUM     37.1              34.0     3.1     29.5
AVG. MINIMUM     20.4              16.0     4.4     11.4
MEAN             28.7              25.0     3.7     20.4
DAYS MAX >= 90      0               0.0     0.0        0
DAYS MAX <= 32     11              12.7    -1.7       16
DAYS MIN <= 32     28              28.8    -0.8       30
DAYS MIN <= 0       0               3.4    -3.4        9

PRECIPITATION (INCHES)
RECORD
 MAXIMUM         7.61   1973
 MINIMUM         0.60   1943
TOTALS           4.25              3.05    1.20     2.32
DAILY AVG.       0.14              0.10    0.04     0.07
DAYS >= .01         7              11.3    -4.3        8
DAYS >= .10         7               6.3     0.7        5
DAYS >= .50         3               2.1     0.9        2
DAYS >= 1.00        1               0.6     0.4        0
GREATEST
 24 HR. TOTAL    1.27   12/21 TO 12/21

DEGREE_DAYS
HEATING TOTAL    1117              1240    -123     1374
 SINCE 7/1       2747              2938    -191     2785
COOLING TOTAL       0                 0       0        0
 SINCE 1/1        600               352     248      388

FREEZE DATES
RECORD
 EARLIEST     08/29/1982
 LATEST       06/01/2009
EARLIEST      12/01             09/29
LATEST                          05/13
.................................................................

WIND (MPH)
AVERAGE WIND SPEED              4.2
HIGHEST WIND SPEED/DIRECTION    29/330    DATE  12/18
HIGHEST GUST SPEED/DIRECTION    40/310    DATE  12/18

SKY COVER
AVERAGE SKY COVER           0.60

AVERAGE RH (PERCENT)     72



-  INDICATES NEGATIVE NUMBERS.
R  INDICATES RECORD WAS SET OR TIED.
MM INDICATES DATA IS MISSING.
T  INDICATES TRACE AMOUNT.

$$
