000
CXUS54 KHGX 011520
CLMGLS

CLIMATE REPORT
NATIONAL WEATHER SERVICE HOUSTON/GALVESTON TX
957 AM CDT SUN JUL 1 2018

...................................

...THE GALVESTON CLIMATE SUMMARY FOR THE MONTH OF JUNE 2018...

CLIMATE NORMAL PERIOD 1981 TO 2010
CLIMATE RECORD PERIOD 1875 TO 2018

WEATHER         OBSERVED          NORMAL  DEPART  LAST YEAR`S
                 VALUE   DATE(S)  VALUE   FROM    VALUE  DATE(S)
                                          NORMAL
................................................................
TEMPERATURE (F)
RECORD
 HIGH             100   06/25/2012
 LOW               57   06/14/1903
                        06/13/1903
HIGHEST            91   06/16                         92  06/20
                        06/12
                        06/11
LOWEST             75   06/19                         71  06/04
AVG. MAXIMUM     89.3              88.2     1.1     86.1
AVG. MINIMUM     80.2              77.5     2.7     77.6
MEAN             84.7              82.9     1.8     81.8
DAYS MAX >= 90     18               6.6    11.4        2
DAYS MAX <= 32      0               0.0     0.0        0
DAYS MIN <= 32      0               0.0     0.0        0
DAYS MIN <= 0       0               0.0     0.0        0

PRECIPITATION (INCHES)
RECORD
 MAXIMUM        15.49   1919
 MINIMUM            T   1907
TOTALS           5.00              5.69   -0.69    10.24
DAILY AVG.       0.17              0.19   -0.02     0.34
DAYS >= .01         8                                 15
DAYS >= .10         4                                 11
DAYS >= .50         2                                  8
DAYS >= 1.00        2                                  4

DEGREE_DAYS
HEATING TOTAL       0                 0       0        0
 SINCE 7/1        816              1009    -193      328
COOLING TOTAL     600               535      65      512
 SINCE 1/1       1503              1170     333     1632
.................................................................

WIND (MPH)
AVERAGE WIND SPEED              13.0
HIGHEST WIND SPEED/DIRECTION    32/150    DATE  06/19
HIGHEST GUST SPEED/DIRECTION    40/130    DATE  06/19

SKY COVER
AVERAGE SKY COVER           0.40

AVERAGE RH (PERCENT)     79

WEATHER CONDITIONS. NUMBER OF DAYS WITH
THUNDERSTORM              4     MIXED PRECIP               0
HEAVY RAIN                2     RAIN                       2
LIGHT RAIN                8     FREEZING RAIN              0
LT FREEZING RAIN          0     HAIL                       0
HEAVY SNOW                0     SNOW                       0
LIGHT SNOW                0     SLEET                      0
FOG                       7     FOG W/VIS <= 1/4 MILE      0
HAZE                      3

-  INDICATES NEGATIVE NUMBERS.
R  INDICATES RECORD WAS SET OR TIED.
MM INDICATES DATA IS MISSING.
T  INDICATES TRACE AMOUNT.

$$
