764
CXUS54 KJAN 031543
CLMGWO


CLIMATE REPORT
NATIONAL WEATHER SERVICE JACKSON MS
930 AM CST MON DEC 3 2018

...................................

...THE GREENWOOD CLIMATE SUMMARY FOR THE MONTH OF NOVEMBER 2018...

CLIMATE NORMAL PERIOD 1981 TO 2010
CLIMATE RECORD PERIOD 1948 TO 2018

WEATHER         OBSERVED          NORMAL  DEPART  LAST YEAR`S
                 VALUE   DATE(S)  VALUE   FROM    VALUE  DATE(S)
                                          NORMAL
................................................................
TEMPERATURE (F)
RECORD
 HIGH              88   11/10/2002
 LOW               15   11/25/1950
HIGHEST            75   11/06        MM      MM       84  11/03
LOWEST             26   11/27        MM      MM       23  11/23
AVG. MAXIMUM     59.6              66.2    -6.6     69.6
AVG. MINIMUM     41.1              42.5    -1.4     43.4
MEAN             50.3              54.3    -4.0     56.5
DAYS MAX >= 90      0               0.0     0.0        0
DAYS MAX <= 32      0               0.0     0.0        0
DAYS MIN <= 32      7               5.2     1.8        8
DAYS MIN <= 0       0               0.0     0.0        0

PRECIPITATION (INCHES)
RECORD
 MAXIMUM        15.43   1948
 MINIMUM         0.11   1949
TOTALS           6.12              4.52    1.60     1.83
DAILY AVG.       0.20              0.15    0.05     0.06
DAYS >= .01        14               8.1     5.9        7
DAYS >= .10        10               5.6     4.4        3
DAYS >= .50         5               3.2     1.8        2
DAYS >= 1.00        2               1.5     0.5        0
GREATEST
 24 HR. TOTAL    1.51   11/12 TO 11/12              0.91

SNOWFALL (INCHES)
TOTALS            0.0

DEGREE_DAYS
HEATING TOTAL     436               337      99      292
 SINCE 7/1        536               468      68      414
COOLING TOTAL       2                17     -15       43
 SINCE 1/1       2584              2159     425     2341
.................................................................

WIND (MPH)
AVERAGE WIND SPEED              5.9
HIGHEST WIND SPEED/DIRECTION    26/200    DATE  11/05
HIGHEST GUST SPEED/DIRECTION    34/160    DATE  11/30

SKY COVER
POSSIBLE SUNSHINE (PERCENT)   MM
AVERAGE SKY COVER           0.50
NUMBER OF DAYS FAIR           14
NUMBER OF DAYS PC              6
NUMBER OF DAYS CLOUDY         10

AVERAGE RH (PERCENT)     76

WEATHER CONDITIONS. NUMBER OF DAYS WITH
THUNDERSTORM              4     MIXED PRECIP               0
HEAVY RAIN                7     RAIN                      10
LIGHT RAIN               15     FREEZING RAIN              0
LT FREEZING RAIN          0     HAIL                       0
HEAVY SNOW                0     SNOW                       0
LIGHT SNOW                1     SLEET                      0
FOG                      18     FOG W/VIS <= 1/4 MILE      6
HAZE                      1

-  INDICATES NEGATIVE NUMBERS.
R  INDICATES RECORD WAS SET OR TIED.
MM INDICATES DATA IS MISSING.
T  INDICATES TRACE AMOUNT.

$$
