000
CXUS54 KJAN 021232
CLMGWO


CLIMATE REPORT
NATIONAL WEATHER SERVICE JACKSON MS
723 AM CDT SAT JUN 2 2018

...................................

...THE GREENWOOD CLIMATE SUMMARY FOR THE MONTH OF MAY 2018...

CLIMATE NORMAL PERIOD 1981 TO 2010
CLIMATE RECORD PERIOD 1948 TO 2018

WEATHER         OBSERVED          NORMAL  DEPART  LAST YEAR`S
                 VALUE   DATE(S)  VALUE   FROM    VALUE  DATE(S)
                                          NORMAL
................................................................
TEMPERATURE (F)
RECORD
 HIGH             100   05/31/1951
 LOW               35   05/04/2013
HIGHEST            94   05/15        MM      MM       90  05/19
                        05/14
LOWEST             52   05/01        MM      MM       46  05/06
AVG. MAXIMUM     88.2              82.8     5.4     81.7
AVG. MINIMUM     65.7              60.8     4.9     59.9
MEAN             76.9              71.8     5.1     70.8
DAYS MAX >= 90     15               3.1    11.9        1
DAYS MAX <= 32      0               0.0     0.0        0
DAYS MIN <= 32      0               0.0     0.0        0
DAYS MIN <= 0       0               0.0     0.0        0

PRECIPITATION (INCHES)
RECORD
 MAXIMUM        14.18   1991
 MINIMUM         0.55   1977
TOTALS           5.57              4.95    0.62     3.23
DAILY AVG.       0.18              0.16    0.02     0.10
DAYS >= .01        13               9.7     3.3       12
DAYS >= .10        10               6.9     3.1        6
DAYS >= .50         4               3.3     0.7        3
DAYS >= 1.00        2               1.9     0.1        0
GREATEST
 24 HR. TOTAL    1.23   05/05 TO 05/05              1.10

SNOWFALL (INCHES)
TOTALS            0.0

DEGREE_DAYS
HEATING TOTAL       0                17     -17       22
 SINCE 7/1       2501              2688    -187     1780
COOLING TOTAL     376               228     148      210
 SINCE 1/1        461               330     131      444
.................................................................

WIND (MPH)
AVERAGE WIND SPEED              4.6
HIGHEST WIND SPEED/DIRECTION    32/210    DATE  05/20
HIGHEST GUST SPEED/DIRECTION    38/200    DATE  05/20

SKY COVER
POSSIBLE SUNSHINE (PERCENT)   MM
AVERAGE SKY COVER           0.20
NUMBER OF DAYS FAIR           25
NUMBER OF DAYS PC              6
NUMBER OF DAYS CLOUDY          0

AVERAGE RH (PERCENT)     70

      WEATHER CONDITIONS. NUMBER OF DAYS WITH
THUNDERSTORM             13     MIXED PRECIP               0
HEAVY RAIN                8     RAIN                       9
LIGHT RAIN               13     FREEZING RAIN              0
LT FREEZING RAIN          0     HAIL                       0
HEAVY SNOW                0     SNOW                       0
LIGHT SNOW                0     SLEET                      0
FOG                      20     FOG W/VIS <= 1/4 MILE      0
HAZE                      4

-  INDICATES NEGATIVE NUMBERS.
R  INDICATES RECORD WAS SET OR TIED.
MM INDICATES DATA IS MISSING.
T  INDICATES TRACE AMOUNT.

$$
