000
CXUS54 KJAN 012053
CLMGWO


CLIMATE REPORT
NATIONAL WEATHER SERVICE JACKSON MS
346 PM CDT SAT SEP 1 2018

...................................

...THE GREENWOOD CLIMATE SUMMARY FOR THE MONTH OF AUGUST 2018...

CLIMATE NORMAL PERIOD 1981 TO 2010
CLIMATE RECORD PERIOD 1948 TO 2018

WEATHER         OBSERVED          NORMAL  DEPART  LAST YEAR`S
                 VALUE   DATE(S)  VALUE   FROM    VALUE  DATE(S)
                                          NORMAL
................................................................
TEMPERATURE (F)
RECORD
 HIGH             106   08/15/2007
                        08/30/2000
 LOW               52   08/14/2004
                        08/13/2004
                        08/29/1986
HIGHEST            97   08/16        MM      MM       96  08/19
LOWEST             64   08/23        MM      MM       64  08/25
AVG. MAXIMUM     91.4              92.2    -0.8     88.9
AVG. MINIMUM     70.8              69.7     1.1     71.1
MEAN             81.1              81.0     0.1     80.0
DAYS MAX >= 90     23              22.3     0.7       17
DAYS MAX <= 32      0               0.0     0.0        0
DAYS MIN <= 32      0               0.0     0.0        0
DAYS MIN <= 0       0               0.0     0.0        0

PRECIPITATION (INCHES)
RECORD
 MAXIMUM         7.69   1964
 MINIMUM         0.09   1990
TOTALS           6.07              2.83    3.24     6.31
DAILY AVG.       0.20              0.09    0.11     0.20
DAYS >= .01         7               7.1    -0.1       16
DAYS >= .10         6               4.5     1.5        8
DAYS >= .50         4               1.8     2.2        5
DAYS >= 1.00        2               0.8     1.2        2
GREATEST
 24 HR. TOTAL    2.12   08/17 TO 08/17              1.72

SNOWFALL (INCHES)
TOTALS            0.0

DEGREE_DAYS
HEATING TOTAL       0                 0       0        0
 SINCE 7/1          0                 0       0        0
COOLING TOTAL     507               494      13      472
 SINCE 1/1       1983              1742     241     1835
.................................................................

WIND (MPH)
AVERAGE WIND SPEED              3.8
HIGHEST WIND SPEED/DIRECTION    23/180    DATE  08/29
HIGHEST GUST SPEED/DIRECTION    30/230    DATE  08/29

SKY COVER
POSSIBLE SUNSHINE (PERCENT)   MM
AVERAGE SKY COVER           0.20
NUMBER OF DAYS FAIR           26
NUMBER OF DAYS PC              5
NUMBER OF DAYS CLOUDY          0

AVERAGE RH (PERCENT)     72

WEATHER CONDITIONS. NUMBER OF DAYS WITH
THUNDERSTORM              9     MIXED PRECIP               0
HEAVY RAIN                5     RAIN                       6
LIGHT RAIN               10     FREEZING RAIN              0
LT FREEZING RAIN          0     HAIL                       0
HEAVY SNOW                0     SNOW                       0
LIGHT SNOW                0     SLEET                      0
FOG                      18     FOG W/VIS <= 1/4 MILE      2
HAZE                      4

-  INDICATES NEGATIVE NUMBERS.
R  INDICATES RECORD WAS SET OR TIED.
MM INDICATES DATA IS MISSING.
T  INDICATES TRACE AMOUNT.

$$
