000
CXUS56 KSEW 011031
CLMHQM


CLIMATE REPORT
NATIONAL WEATHER SERVICE SEATTLE WA
230 AM PST TUE JAN 1 2019

...................................

...THE HOQUIAM WA AIRPORT CLIMATE SUMMARY FOR THE MONTH OF DECEMBER 2018...

CLIMATE NORMAL PERIOD 1981 TO 2010
CLIMATE RECORD PERIOD 1953 TO 2018

WEATHER         OBSERVED          NORMAL  DEPART  LAST YEAR`S
                 VALUE   DATE(S)  VALUE   FROM    VALUE  DATE(S)
                                          NORMAL
................................................................
TEMPERATURE (F)
RECORD
 HIGH              60   12/10/2014
                        12/18/2004
                        02/28/1990
 LOW                9   12/08/1972
HIGHEST            57   12/14        MM      MM       56  12/07
LOWEST             30   12/31        MM      MM       27  12/21
                        12/27
                        12/06
AVG. MAXIMUM     49.5              46.2     3.3     46.8
AVG. MINIMUM     39.5              36.9     2.6     35.5
MEAN             44.5              41.6     2.9     41.2
DAYS MAX >= 90      0               0.0     0.0        0
DAYS MAX <= 32      0               0.7    -0.7        0
DAYS MIN <= 32      4               6.3    -2.3        8
DAYS MIN <= 0       0               0.0     0.0        0

PRECIPITATION (INCHES)
RECORD
 MAXIMUM        19.64   1996
 MINIMUM         2.11   1985
TOTALS          12.42              9.96    2.46     7.82
DAILY AVG.       0.40              0.32    0.08     0.25
DAYS >= .01        23              21.2     1.8       14
DAYS >= .10        17              16.0     1.0       11
DAYS >= .50         9               6.4     2.6        5
DAYS >= 1.00        5               2.8     2.2        3
GREATEST
 24 HR. TOTAL    1.91   12/11 TO 12/11

DEGREE_DAYS
HEATING TOTAL     628               727     -99      732
COOLING TOTAL       0                 0       0        0
 SINCE 1/1         23                23       0       77
.................................................................

WIND (MPH)
AVERAGE WIND SPEED              11.0
HIGHEST WIND SPEED/DIRECTION    46/160    DATE  12/20
HIGHEST GUST SPEED/DIRECTION    62/150    DATE  12/20

SKY COVER
POSSIBLE SUNSHINE (PERCENT)   MM
AVERAGE SKY COVER           0.70
NUMBER OF DAYS FAIR            4
NUMBER OF DAYS PC             13
NUMBER OF DAYS CLOUDY         14

AVERAGE RH (PERCENT)     85

WEATHER CONDITIONS. NUMBER OF DAYS WITH
  0
 12
  0
  0
  0
  0
  5
HAZE                      3

-  INDICATES NEGATIVE NUMBERS.
R  INDICATES RECORD WAS SET OR TIED.
MM INDICATES DATA IS MISSING.
T  INDICATES TRACE AMOUNT.

$$
