000
CXUS56 KSEW 011035
CLMHQM


CLIMATE REPORT
NATIONAL WEATHER SERVICE SEATTLE WA
335 AM PDT SUN JUL 1 2018

...................................

...THE HOQUIAM WA AIRPORT CLIMATE SUMMARY FOR THE MONTH OF JUNE 2018...

CLIMATE NORMAL PERIOD 1981 TO 2010
CLIMATE RECORD PERIOD 1953 TO 2018

WEATHER         OBSERVED          NORMAL  DEPART  LAST YEAR`S
                 VALUE   DATE(S)  VALUE   FROM    VALUE  DATE(S)
                                          NORMAL
................................................................
TEMPERATURE (F)
RECORD
 HIGH              96   06/18/1982
 LOW               36   06/21/1956
HIGHEST            79   06/17        MM      MM       91  06/24
LOWEST             41   06/11        MM      MM       43  06/05
AVG. MAXIMUM     64.9              63.2     1.7     65.2
AVG. MINIMUM     52.0              50.5     1.5     51.5
MEAN             58.4              56.8     1.6     58.4
DAYS MAX >= 90      0               0.1    -0.1        1
DAYS MAX <= 32      0               0.0     0.0        0
DAYS MIN <= 32      0               0.0     0.0        0
DAYS MIN <= 0       0               0.0     0.0        0

PRECIPITATION (INCHES)
RECORD
 MAXIMUM         5.25   1956
 MINIMUM         0.33   2009
TOTALS           1.92              2.24   -0.32     1.99
DAILY AVG.       0.06              0.07   -0.01     0.07
DAYS >= .01        11              12.0    -1.0       12
DAYS >= .10         6               5.7     0.3        5
DAYS >= .50         1               1.0     0.0        1
DAYS >= 1.00        0               0.2    -0.2        0
GREATEST
 24 HR. TOTAL    0.52   06/08 TO 06/08

DEGREE_DAYS
HEATING TOTAL     189               246     -57      204
COOLING TOTAL       0                 2      -2       13
 SINCE 1/1          0                 3      -3       13
.................................................................

WIND (MPH)
AVERAGE WIND SPEED              8.2
HIGHEST WIND SPEED/DIRECTION    23/180    DATE  06/10
HIGHEST GUST SPEED/DIRECTION    28/260    DATE  06/24

SKY COVER
POSSIBLE SUNSHINE (PERCENT)   MM
AVERAGE SKY COVER           0.60
NUMBER OF DAYS FAIR            8
NUMBER OF DAYS PC             11
NUMBER OF DAYS CLOUDY         11

AVERAGE RH (PERCENT)     79

WEATHER CONDITIONS. NUMBER OF DAYS WITH
  0
  4
  0
  0
  0
  0
  2
HAZE                      2

-  INDICATES NEGATIVE NUMBERS.
R  INDICATES RECORD WAS SET OR TIED.
MM INDICATES DATA IS MISSING.
T  INDICATES TRACE AMOUNT.

$$
