000
CXUS53 KUNR 011603
CLMICR


CLIMATE REPORT
NATIONAL WEATHER SERVICE RAPID CITY SD
1002 AM MDT SUN JUL 1 2018

...................................

...THE WINNER REGIONAL AIRPORT SD CLIMATE SUMMARY FOR THE MONTH OF JUNE 2018...

CLIMATE NORMAL PERIOD 1981 TO 2010
CLIMATE RECORD PERIOD 9999 TO 9999

WEATHER         OBSERVED          NORMAL  DEPART  LAST YEAR`S
                 VALUE   DATE(S)  VALUE   FROM    VALUE  DATE(S)
                                          NORMAL
................................................................
TEMPERATURE (F)
HIGHEST            96   06/05                         98  06/21
LOWEST             51   06/13                         44  06/25
                        06/03                             06/24
AVG. MAXIMUM     82.1              80.1     2.0     86.9
AVG. MINIMUM     61.5              56.0     5.5     57.3
MEAN             71.8              68.1     3.7     72.1
DAYS MAX >= 90      5                                 12
DAYS MAX <= 32      0                                  0
DAYS MIN <= 32      0                                  0
DAYS MIN <= 0       0                                  0

PRECIPITATION (INCHES)
TOTALS           5.73              3.65    2.08     0.25
DAILY AVG.       0.19              0.12    0.07     0.01
DAYS >= .01        13                                  4
DAYS >= .10         8                                  1
DAYS >= .50         7                                  0
DAYS >= 1.00        1                                  0
GREATEST
 24 HR. TOTAL    1.07   06/18 TO 06/18              0.19

DEGREE_DAYS
HEATING TOTAL       2                54     -52        8
 SINCE 7/1       6625              6699     -74     5553
COOLING TOTAL     214               145      69      230
 SINCE 1/1        350               175     175      258
.................................................................

WIND (MPH)
AVERAGE WIND SPEED              10.7
HIGHEST WIND SPEED/DIRECTION    46/280    DATE  06/11
HIGHEST GUST SPEED/DIRECTION    62/270    DATE  06/11

AVERAGE RH (PERCENT)     68

WEATHER CONDITIONS. NUMBER OF DAYS WITH
THUNDERSTORM             11     MIXED PRECIP               0
HEAVY RAIN                9     RAIN                      10
LIGHT RAIN               15     FREEZING RAIN              0
LT FREEZING RAIN          0     HAIL                       0
HEAVY SNOW                0     SNOW                       0
LIGHT SNOW                0     SLEET                      0
FOG                      12     FOG W/VIS <= 1/4 MILE      3
HAZE                      3

-  INDICATES NEGATIVE NUMBERS.
R  INDICATES RECORD WAS SET OR TIED.
MM INDICATES DATA IS MISSING.
T  INDICATES TRACE AMOUNT.

$$
