000
CXUS53 KDVN 010852
CLMIOW


CLIMATE REPORT
NATIONAL WEATHER SERVICE QUAD CITIES IA IL
245 AM CST THU FEB 1 2018

...................................

...THE IOWA CITY IA CLIMATE SUMMARY FOR THE MONTH OF JANUARY 2018...

CLIMATE NORMAL PERIOD 1981 TO 2010
CLIMATE RECORD PERIOD 9999 TO 9999

WEATHER         OBSERVED          NORMAL  DEPART
                 VALUE   DATE(S)  VALUE   FROM
                                          NORMAL
................................................
TEMPERATURE (F)
HIGHEST            57   01/26        31      26
LOWEST            -20   01/02        14     -34
                        01/01
AVG. MAXIMUM     32.0              30.0     2.0
AVG. MINIMUM     12.2              14.3    -2.1
MEAN             22.1              22.1     0.0
DAYS MAX >= 90      0
DAYS MAX <= 32     13
DAYS MIN <= 32     28
DAYS MIN <= 0       9

PRECIPITATION (INCHES)
TOTALS           0.29              0.92   -0.63
DAILY AVG.       0.01              0.03   -0.02
DAYS >= .01         5
DAYS >= .10         0
DAYS >= .50         0
DAYS >= 1.00        0
GREATEST
 24 HR. TOTAL    0.17   01/21 TO 01/22

DEGREE_DAYS
HEATING TOTAL    1322              1328      -6
 SINCE 7/1       3604              3867    -263
COOLING TOTAL       0                 0       0
 SINCE 1/1          0                 0       0
.................................................

WIND (MPH)
AVERAGE WIND SPEED              8.7
HIGHEST WIND SPEED/DIRECTION    32/190    DATE  01/26
HIGHEST GUST SPEED/DIRECTION    40/190    DATE  01/26

SKY COVER
POSSIBLE SUNSHINE (PERCENT)   MM
AVERAGE SKY COVER           0.40
NUMBER OF DAYS FAIR           17
NUMBER OF DAYS PC              8
NUMBER OF DAYS CLOUDY          6

AVERAGE RH (PERCENT)     69

WEATHER CONDITIONS. NUMBER OF DAYS WITH
THUNDERSTORM              2     HAIL                       0
SLEET                     0     FOG                       12
FOG W/VIS <= 1/4 MILE     2     HAZE                      10

-  INDICATES NEGATIVE NUMBERS.
R  INDICATES RECORD WAS SET OR TIED.
MM INDICATES DATA IS MISSING.
T  INDICATES TRACE AMOUNT.

NOTE: SUPPLEMENTAL CLIMATE DATA WAS USED FROM A NEARBY
CLIMATOLOGICALLY REPRESENTATIVE STATION.

$$
