703
CXUS53 KDVN 010704
CLMIOW

CLIMATE REPORT
NATIONAL WEATHER SERVICE QUAD CITIES IA IL
204 AM CDT MON JUL 01 2024

...................................

...THE IOWA CITY IA CLIMATE SUMMARY FOR THE MONTH OF JUNE 2024...

CLIMATE NORMAL PERIOD 1991 TO 2020
CLIMATE RECORD PERIOD 9999 TO 9999

WEATHER         OBSERVED          NORMAL  DEPART   LAST YEAR`S
                VALUE   DATE(S)   VALUE   FROM     VALUE
                                          NORMAL
..............................................................
TEMPERATURE (F)
HIGHEST           94   06/17         84      10
LOWEST            50   06/11         57      -7
AVG. MAXIMUM    84.7               82.6     2.1
AVG. MINIMUM    63.5               62.1     1.4
MEAN            74.1               72.4     1.7
DAYS MAX >= 90     9
DAYS MAX <= 32     0
DAYS MIN <= 32     0
DAYS MIN <= 0      0

PRECIPITATION (INCHES)
TOTALS          5.09               5.29   -0.20
DAILY AVG.      0.17               0.18   -0.01
DAYS >= .01        8
DAYS >= .10        6
DAYS >= .50        4
DAYS >= 1.00       1
GREATEST
 24 HR. TOTAL   2.57   06/19 TO 06/20


DEGREE DAYS
HEATING TOTAL      0                 13     -13
 SINCE 7/1      5092               6112   -1020
COOLING TOTAL    282                233      49
 SINCE 1/1       358                314      44
..............................................................

WIND (MPH)
AVERAGE WIND SPEED              8.4
HIGHEST WIND SPEED/DIRECTION    33/310    DATE  06/25
HIGHEST GUST SPEED/DIRECTION    68/010    DATE  06/25

SKY COVER
POSSIBLE SUNSHINE (PERCENT)   MM
AVERAGE SKY COVER           0.27
NUMBER OF DAYS FAIR           23
NUMBER OF DAYS PC              4
NUMBER OF DAYS CLOUDY          3

AVERAGE RH (PERCENT)     66

WEATHER CONDITIONS. NUMBER OF DAYS WITH
THUNDERSTORM              7     HAIL                       0
SLEET                     0     FOG                        9
FOG W/VIS <= 1/4 MILE     2     HAZE                       1

-  INDICATES NEGATIVE NUMBERS.
R  INDICATES RECORD WAS SET OR TIED.
MM INDICATES DATA IS MISSING.
T  INDICATES TRACE AMOUNT.

$$