000
CXUS53 KDVN 011025
CLMIOW


CLIMATE REPORT
NATIONAL WEATHER SERVICE QUAD CITIES IA IL
525 AM CDT SUN JUL 1 2018

...................................

...THE IOWA CITY IA CLIMATE SUMMARY FOR THE MONTH OF JUNE 2018...

CLIMATE NORMAL PERIOD 1981 TO 2010
CLIMATE RECORD PERIOD 9999 TO 9999

WEATHER         OBSERVED          NORMAL  DEPART
                 VALUE   DATE(S)  VALUE   FROM
                                          NORMAL
................................................
TEMPERATURE (F)
HIGHEST            95   06/17        84      11
LOWEST             52   06/04        57      -5
AVG. MAXIMUM     85.0              81.6     3.4
AVG. MINIMUM     65.0              61.3     3.7
MEAN             75.0              71.5     3.5
DAYS MAX >= 90     10
DAYS MAX <= 32      0
DAYS MIN <= 32      0
DAYS MIN <= 0       0

PRECIPITATION (INCHES)
TOTALS           7.70              4.61    3.09
DAILY AVG.       0.26              0.15    0.11
DAYS >= .01        12
DAYS >= .10         7
DAYS >= .50         4
DAYS >= 1.00        3
GREATEST
 24 HR. TOTAL    3.32   06/09 TO 06/10

DEGREE_DAYS
HEATING TOTAL       0                17     -17
 SINCE 7/1       6260              6378    -118
COOLING TOTAL     307               211      96
 SINCE 1/1        485               272     213
.................................................

WIND (MPH)
AVERAGE WIND SPEED              7.7
HIGHEST WIND SPEED/DIRECTION    45/280    DATE  06/09
HIGHEST GUST SPEED/DIRECTION    68/290    DATE  06/09

SKY COVER
POSSIBLE SUNSHINE (PERCENT)   MM
AVERAGE SKY COVER           0.30
NUMBER OF DAYS FAIR           19
NUMBER OF DAYS PC              7
NUMBER OF DAYS CLOUDY          4

AVERAGE RH (PERCENT)     72

WEATHER CONDITIONS. NUMBER OF DAYS WITH
THUNDERSTORM              9     HAIL                       0
SLEET                     0     FOG                       12
FOG W/VIS <= 1/4 MILE     1     HAZE                       2

-  INDICATES NEGATIVE NUMBERS.
R  INDICATES RECORD WAS SET OR TIED.
MM INDICATES DATA IS MISSING.
T  INDICATES TRACE AMOUNT.

$$
