000
CXCA52 TJSJ 010451
CLMIST

CLIMATE REPORT
NATIONAL WEATHER SERVICE SAN JUAN, PR
1243 AM AST FRI MAY 1 2020

...................................

...THE CYRIL E. KING AP/ST THOMAS  CLIMATE SUMMARY FOR THE MONTH OF APRIL 2020...

CLIMATE NORMAL PERIOD 1981 TO 2010
CLIMATE RECORD PERIOD 1953 TO 2020

WEATHER         OBSERVED          NORMAL  DEPART  LAST YEAR`S
                 VALUE   DATE(S)  VALUE   FROM    VALUE  DATE(S)
                                          NORMAL
................................................................
TEMPERATURE (F)
RECORD
 HIGH              96   04/04/1996
                        04/29/1994
                        04/30/1992
 LOW               62   04/10/1984
                        04/11/1972
HIGHEST            91   04/26        87       4       88  04/17
                                                          04/13
LOWEST             73   04/04        74      -1       72  04/24
                        04/02
AVG. MAXIMUM     86.6              87.0    -0.4     85.4
AVG. MINIMUM     76.8              74.3     2.5     75.4
MEAN             81.7              80.6     1.1     80.4
DAYS MAX >= 90      1               5.4    -4.4        0
DAYS MAX <= 32      0               0.0     0.0        0
DAYS MIN <= 32      0               0.0     0.0        0
DAYS MIN <= 0       0               0.0     0.0        0

PRECIPITATION (INCHES)
RECORD
 MAXIMUM        11.20   2003
 MINIMUM         0.23   1953
TOTALS           0.92              2.74   -1.82     1.03
DAILY AVG.       0.03              0.10   -0.07     0.03
DAYS >= .01         8              10.9    -2.9       11
DAYS >= .10         4               4.8    -0.8        3
DAYS >= .50         0               1.2    -1.2        0
DAYS >= 1.00        0               0.4    -0.4        0
GREATEST
 24 HR. TOTAL    0.31   04/30 TO 04/30

SNOWFALL (INCHES)
TOTALS            0.0               0.0     0.0      0.0

DEGREE_DAYS
HEATING TOTAL       0                 0       0        0
COOLING TOTAL     493               469      24      472
.................................................................

WIND (MPH)
AVERAGE WIND SPEED              9.4
HIGHEST WIND SPEED/DIRECTION    24/120    DATE  04/26
HIGHEST GUST SPEED/DIRECTION    31/130    DATE  04/25

SKY COVER
AVERAGE SKY COVER           0.30

AVERAGE RH (PERCENT)     69

WEATHER CONDITIONS. NUMBER OF DAYS WITH
THUNDERSTORM              0     MIXED PRECIP                0
HEAVY RAIN                3     RAIN                        2
LIGHT RAIN               11     FREEZING RAIN               0
LT FREEZING RAIN          0     HAIL                        0
HEAVY SNOW                0     SNOW                        0
LIGHT SNOW                0     SLEET                       0
FOG                       4     FOG W/VIS <= 1/4 MILE       0
HAZE                      3

-  INDICATES NEGATIVE NUMBERS.
R  INDICATES RECORD WAS SET OR TIED.
MM INDICATES DATA IS MISSING.
T  INDICATES TRACE AMOUNT.

$$
