244
CXCA52 TJSJ 010457
CLMIST


CLIMATE REPORT
NATIONAL WEATHER SERVICE SAN JUAN, PR
1250 AM AST FRI FEB 1 2019

...................................

...THE CYRIL E. KING AP/ST THOMAS  CLIMATE SUMMARY FOR THE MONTH OF JANUARY 2019...

CLIMATE NORMAL PERIOD 1981 TO 2010
CLIMATE RECORD PERIOD 1953 TO 2019

WEATHER         OBSERVED          NORMAL  DEPART  LAST YEAR`S
                 VALUE   DATE(S)  VALUE   FROM    VALUE  DATE(S)
                                          NORMAL
................................................................
TEMPERATURE (F)
RECORD
 HIGH              93   01/05/1996
                        01/03/1996
 LOW               63   01/29/1996
                        01/08/1956
HIGHEST            87   01/13        85       2       86  01/01
LOWEST             70   01/15        73      -3       70  01/31
AVG. MAXIMUM     84.3              85.1    -0.8     83.8
AVG. MINIMUM     73.3              72.5     0.8     73.7
MEAN             78.8              78.8     0.0     78.8
DAYS MAX >= 90      0               1.3    -1.3        0
DAYS MAX <= 32      0               0.0     0.0        0
DAYS MIN <= 32      0               0.0     0.0        0
DAYS MIN <= 0       0               0.0     0.0        0

PRECIPITATION (INCHES)
RECORD
 MAXIMUM         4.83   2006
 MINIMUM         0.48   2013
TOTALS           1.83              2.38   -0.55     3.37
DAILY AVG.       0.06              0.08   -0.02     0.11
DAYS >= .01        10              14.7    -4.7       21
DAYS >= .10         8               5.6     2.4       10
DAYS >= .50         1               0.9     0.1        3
DAYS >= 1.00        0               0.3    -0.3        0
GREATEST
 24 HR. TOTAL    0.53   01/25 TO 01/25

SNOWFALL (INCHES)
TOTALS            0.0               0.0     0.0      0.0

DEGREE_DAYS
HEATING TOTAL       0                 0       0        0
COOLING TOTAL     435               428       7      435
.................................................................

WIND (MPH)
AVERAGE WIND SPEED              9.7
HIGHEST WIND SPEED/DIRECTION    24/080    DATE  01/25
HIGHEST GUST SPEED/DIRECTION    32/070    DATE  01/23

SKY COVER
AVERAGE SKY COVER           0.30

AVERAGE RH (PERCENT)     72

WEATHER CONDITIONS. NUMBER OF DAYS WITH

THUNDERSTORM              0     MIXED PRECIP                0
HEAVY RAIN                3     RAIN                        5
LIGHT RAIN                9     FREEZING RAIN               0
LT FREEZING RAIN          0     HAIL                        0
HEAVY SNOW                0     SNOW                        0
LIGHT SNOW                0     SLEET                       0
FOG                      10     FOG W/VIS <= 1/4 MILE       0
HAZE                      5


-  INDICATES NEGATIVE NUMBERS.
R  INDICATES RECORD WAS SET OR TIED.
MM INDICATES DATA IS MISSING.
T  INDICATES TRACE AMOUNT.

$$
