386
CXCA52 TJSJ 010441
CLMIST


CLIMATE REPORT
NATIONAL WEATHER SERVICE SAN JUAN, PR
1230 AM AST WED AUG 1 2018

...................................

...THE CYRIL E. KING AP/ST THOMAS  CLIMATE SUMMARY FOR THE MONTH OF JULY 2018...

CLIMATE NORMAL PERIOD 1981 TO 2010
CLIMATE RECORD PERIOD 1953 TO 2018

WEATHER         OBSERVED          NORMAL  DEPART  LAST YEAR`S
                 VALUE   DATE(S)  VALUE   FROM    VALUE  DATE(S)
                                          NORMAL
................................................................
TEMPERATURE (F)
RECORD
 HIGH              98   07/27/1994
 LOW               66   07/22/1999
HIGHEST            93   07/08        90       3       94  07/20
LOWEST             77   07/12        78      -1       75  07/13
                        07/09
AVG. MAXIMUM     89.4              90.0    -0.6     89.6
AVG. MINIMUM     79.5              78.0     1.5     79.3
MEAN             84.5              84.0     0.5     84.4
DAYS MAX >= 90     15              14.4     0.6       15
DAYS MAX <= 32      0               0.0     0.0        0
DAYS MIN <= 32      0               0.0     0.0        0
DAYS MIN <= 0       0               0.0     0.0        0

PRECIPITATION (INCHES)
RECORD
 MAXIMUM         7.41   1958
 MINIMUM         0.03   2007
TOTALS           1.54              2.85   -1.31     4.68
DAILY AVG.       0.05              0.09   -0.04     0.15
DAYS >= .01         8              14.8    -6.8       19
DAYS >= .10         3               6.5    -3.5        9
DAYS >= .50         1               1.6    -0.6        3
DAYS >= 1.00        0               0.4    -0.4        1
GREATEST
 24 HR. TOTAL    0.86   07/09 TO 07/09

SNOWFALL (INCHES)
TOTALS            0.0               0.0     0.0      0.0

DEGREE_DAYS
HEATING TOTAL       0                 0       0        0
COOLING TOTAL     612               589      23      608
.................................................................

WIND (MPH)
AVERAGE WIND SPEED              12.2
HIGHEST WIND SPEED/DIRECTION    35/110    DATE  07/09
HIGHEST GUST SPEED/DIRECTION    47/110    DATE  07/09

SKY COVER
AVERAGE SKY COVER           0.30

AVERAGE RH (PERCENT)     70

WEATHER CONDITIONS. NUMBER OF DAYS WITH

THUNDERSTORM              0     MIXED PRECIP                0
HEAVY RAIN                1     RAIN                        0
LIGHT RAIN               10     FREEZING RAIN               0
LT FREEZING RAIN          0     HAIL                        0
HEAVY SNOW                0     SNOW                        0
LIGHT SNOW                0     SLEET                       0
FOG                       4     FOG W/VIS <= 1/4 MILE       0
HAZE                      3


-  INDICATES NEGATIVE NUMBERS.
R  INDICATES RECORD WAS SET OR TIED.
MM INDICATES DATA IS MISSING.
T  INDICATES TRACE AMOUNT.

$$
