000
CXCA52 TJSJ 010406
CLMIST


CLIMATE REPORT
NATIONAL WEATHER SERVICE SAN JUAN, PR
1205 AM AST SUN SEP 1 2019

...................................

...THE CYRIL E. KING AP/ST THOMAS  CLIMATE SUMMARY FOR THE MONTH OF AUGUST 2019...

CLIMATE NORMAL PERIOD 1981 TO 2010
CLIMATE RECORD PERIOD 1953 TO 2019

WEATHER         OBSERVED          NORMAL  DEPART  LAST YEAR`S
                 VALUE   DATE(S)  VALUE   FROM    VALUE  DATE(S)
                                          NORMAL
................................................................
TEMPERATURE (F)
RECORD
 HIGH              99   08/04/1994
                        08/08/1979
 LOW               65   08/07/2001
HIGHEST            92   08/27        90       2       93  08/12
                        08/21
LOWEST             75   08/28        78      -3       73  08/30
AVG. MAXIMUM     89.0              90.2    -1.2     89.5
AVG. MINIMUM     79.4              78.2     1.2     79.3
MEAN             84.2              84.2     0.0     84.4
DAYS MAX >= 90     12              15.4    -3.4       15
DAYS MAX <= 32      0               0.0     0.0        0
DAYS MIN <= 32      0               0.0     0.0        0
DAYS MIN <= 0       0               0.0     0.0        0

PRECIPITATION (INCHES)
RECORD
 MAXIMUM         9.14   2011
 MINIMUM         0.70   1993
TOTALS           6.24              3.74    2.50     4.15
DAILY AVG.       0.20              0.13    0.07     0.13
DAYS >= .01        22              14.5     7.5       23
DAYS >= .10         7               6.9     0.1        5
DAYS >= .50         3               2.2     0.8        1
DAYS >= 1.00        3               0.8     2.2        1
GREATEST
 24 HR. TOTAL    4.88   07/31 TO 08/01
                        08/01 TO 08/02
                        08/02 TO 08/03

SNOWFALL (INCHES)
TOTALS            0.0               0.0     0.0      0.0

DEGREE_DAYS
HEATING TOTAL       0                 0       0        0
COOLING TOTAL     605               595      10      608
.................................................................

WIND (MPH)
AVERAGE WIND SPEED              11.0
HIGHEST WIND SPEED/DIRECTION    53/170    DATE  08/28
HIGHEST GUST SPEED/DIRECTION    75/080    DATE  08/28

SKY COVER
AVERAGE SKY COVER           0.20

AVERAGE RH (PERCENT)     77

WEATHER CONDITIONS. NUMBER OF DAYS WITH
  0
  5
  0
  0
  0
  0
  0
HAZE                      6

-  INDICATES NEGATIVE NUMBERS.
R  INDICATES RECORD WAS SET OR TIED.
MM INDICATES DATA IS MISSING.
T  INDICATES TRACE AMOUNT.

$$
