000
CXCA52 TJSJ 011412
CLMISX


CLIMATE REPORT
NATIONAL WEATHER SERVICE SAN JUAN, PR
1011 AM AST SAT FEB 1 2020

...................................

...THE HENRY E. ROHLSEN AP/ST CROIX CLIMATE SUMMARY FOR THE MONTH OF JANUARY 2020...

CLIMATE NORMAL PERIOD 1981 TO 2010
CLIMATE RECORD PERIOD 1951 TO 2020

WEATHER         OBSERVED          NORMAL  DEPART  LAST YEAR`S
                 VALUE   DATE(S)  VALUE   FROM    VALUE  DATE(S)
                                          NORMAL
................................................................
TEMPERATURE (F)
RECORD
 HIGH              92   01/30/1973
 LOW               61   01/19/2017
                        01/21/2000
                        01/20/2000
HIGHEST            87   01/10        87       0       87  01/31
                        01/09                             01/30
                        01/06                             01/26
LOWEST             70   01/18        75      -5       68  01/29
                        01/17                             01/26
                        01/16
AVG. MAXIMUM     85.0              84.0     1.0     85.3
AVG. MINIMUM     72.7              72.4     0.3     71.7
MEAN             78.8              78.2     0.6     78.5
DAYS MAX >= 90      0               0.0     0.0        0
DAYS MAX <= 32      0               0.0     0.0        0
DAYS MIN <= 32      0               0.0     0.0        0
DAYS MIN <= 0       0               0.0     0.0        0

PRECIPITATION (INCHES)
RECORD
 MAXIMUM         7.35   1963
 MINIMUM         0.39   2018
TOTALS           2.83              2.14    0.69     0.40
DAILY AVG.       0.09              0.07    0.02     0.02
DAYS >= .01        19              15.8     3.2        4
DAYS >= .10         8               6.5     1.5        1
DAYS >= .50         1               0.7     0.3        0
DAYS >= 1.00        0               0.2    -0.2        0
GREATEST
 24 HR. TOTAL    0.67   01/02 TO 01/02

SNOWFALL (INCHES)
TOTALS            0.0               0.0     0.0      0.0

DEGREE_DAYS
HEATING TOTAL       0                 0       0        0
COOLING TOTAL     423               409      14      425
.................................................................

WIND (MPH)
AVERAGE WIND SPEED              9.8
HIGHEST WIND SPEED/DIRECTION    32/090    DATE  01/14
HIGHEST GUST SPEED/DIRECTION    40/090    DATE  01/14

SKY COVER
AVERAGE SKY COVER           0.40

AVERAGE RH (PERCENT)     75

WEATHER CONDITIONS. NUMBER OF DAYS WITH
THUNDERSTORM              0     MIXED PRECIP                0
HEAVY RAIN                3     RAIN                        5
LIGHT RAIN               13     FREEZING RAIN               0
LT FREEZING RAIN          0     HAIL                        0
HEAVY SNOW                0     SNOW                        0
LIGHT SNOW                0     SLEET                       0
FOG                      13     FOG W/VIS <= 1/4 MILE       0
HAZE                     17

-  INDICATES NEGATIVE NUMBERS.
R  INDICATES RECORD WAS SET OR TIED.
MM INDICATES DATA IS MISSING.
T  INDICATES TRACE AMOUNT.

$$
