057
CXHW53 PHFO 011615
CLMITO


CLIMATE REPORT
NATIONAL WEATHER SERVICE HONOLULU HI
614 AM HST WED AUG 1 2018

...................................

...THE HILO HI CLIMATE SUMMARY FOR THE MONTH OF JULY 2018...

CLIMATE NORMAL PERIOD 1981 TO 2010
CLIMATE RECORD PERIOD 1946 TO 2018

WEATHER         OBSERVED          NORMAL  DEPART  LAST YEAR`S
                 VALUE   DATE(S)  VALUE   FROM    VALUE  DATE(S)
                                          NORMAL
................................................................
TEMPERATURE (F)
RECORD
 HIGH              91   07/24/2004
                        07/17/2004
 LOW               62   07/11/1970
HIGHEST            86   07/31        83       3       88  07/13
                        07/30
                        07/29
LOWEST             68   07/01        69      -1       67  07/08
                                                          07/07
AVG. MAXIMUM     84.9              82.8     2.1     84.4
AVG. MINIMUM     72.2              69.3     2.9     70.2
MEAN             78.5              76.1     2.4     77.3
DAYS MAX >= 90      0               0.0     0.0        0
DAYS MAX <= 32      0               0.0     0.0        0
DAYS MIN <= 32      0               0.0     0.0        0
DAYS MIN <= 0       0               0.0     0.0        0

PRECIPITATION (INCHES)
RECORD
 MAXIMUM        28.59   1982
 MINIMUM         3.54   1999
TOTALS           6.83             10.81   -3.98     7.14
DAILY AVG.       0.22              0.35   -0.13     0.24
DAYS >= .01        26              26.8    -0.8       24
DAYS >= .10        18              19.5    -1.5       17
DAYS >= .50         5               6.1    -1.1        2
DAYS >= 1.00        0               2.2    -2.2        1
GREATEST
 24 HR. TOTAL    0.91   07/25 TO 07/25              1.98

SNOWFALL (INCHES)
RECORDS
 TOTAL             MM   5
TOTALS            0.0               0.0     0.0      0.0
SINCE 7/1         0.0               0.0     0.0      0.0
SNOWDEPTH AVG.     MM                MM      MM       MM
DAYS >= 1.0         0               0.0     0.0        0
GREATEST
 SNOW DEPTH        MM                                 MM  MM
 24 HR TOTAL      0.0   07/31 TO 07/31               0.0

DEGREE_DAYS
HEATING TOTAL       0                 0       0        0
 SINCE 7/1          0                 0       0        0
COOLING TOTAL     427               343      84      377
 SINCE 1/1       2164              1717     447     2033
.................................................................

WIND (MPH)
AVERAGE WIND SPEED              5.9
HIGHEST WIND SPEED/DIRECTION    20/100    DATE  07/23
HIGHEST GUST SPEED/DIRECTION    25/120    DATE  07/18

SKY COVER
POSSIBLE SUNSHINE (PERCENT)   MM
AVERAGE SKY COVER             MM
NUMBER OF DAYS FAIR            0
NUMBER OF DAYS PC              0
NUMBER OF DAYS CLOUDY          0

AVERAGE RH (PERCENT)     MM

WEATHER CONDITIONS. NUMBER OF DAYS WITH
THUNDERSTORM              0     MIXED PRECIP               0
HEAVY RAIN                0     RAIN                       0
LIGHT RAIN                0     FREEZING RAIN              0
LT FREEZING RAIN          0     HAIL                       0
HEAVY SNOW                0     SNOW                       0
LIGHT SNOW                0     SLEET                      0
FOG                      25     FOG W/VIS <= 1/4 MILE      0
HAZE                     13

-  INDICATES NEGATIVE NUMBERS.
R  INDICATES RECORD WAS SET OR TIED.
MM INDICATES DATA IS MISSING.
T  INDICATES TRACE AMOUNT.

$$
