000
CXUS52 KJAX 111244
CLMJAX

CLIMATE REPORT
NATIONAL WEATHER SERVICE JACKSONVILLE FL
926 AM EDT SUN JUL 1 2018

...................................

...THE JACKSONVILLE CLIMATE SUMMARY FOR THE MONTH OF JUNE 2018...

CLIMATE NORMAL PERIOD 1981 TO 2010
CLIMATE RECORD PERIOD 1871 TO 2018

WEATHER         OBSERVED          NORMAL  DEPART  LAST YEAR`S
                 VALUE   DATE(S)  VALUE   FROM    VALUE  DATE(S)
                                          NORMAL
................................................................
TEMPERATURE (F)
RECORD
 HIGH             103   06/19/1998
 LOW               47   06/01/1984
HIGHEST            98   06/21        89       9       95  06/25
LOWEST             66   06/05        69      -3       60  06/09
AVG. MAXIMUM     91.5              89.9     1.6     87.6
AVG. MINIMUM     72.0              70.0     2.0     71.3
MEAN             81.7              79.9     1.8     79.4
DAYS MAX >= 90     22              15.2     6.8       10
DAYS MAX <= 32      0               0.0     0.0        0
DAYS MIN <= 32      0               0.0     0.0        0
DAYS MIN <= 0       0               0.0     0.0        0

PRECIPITATION (INCHES)
RECORD
 MAXIMUM        23.32   1932
 MINIMUM         1.25   1879
TOTALS           9.77              6.45    3.32    11.88
DAILY AVG.       0.33              0.21    0.12     0.40
DAYS >= .01        12              13.9    -1.9       20
DAYS >= .10         9               9.3    -0.3       13
DAYS >= .50         7               4.2     2.8        9
DAYS >= 1.00        4               1.8     2.2        5
GREATEST
 24 HR. TOTAL    2.22

SNOWFALL (INCHES)
RECORDS
 TOTAL             MM   MM
TOTALS            0.0               0.0     0.0      0.0
SINCE 7/1           T                 T     0.0      0.0
SNOWDEPTH AVG.      0                MM      MM        0
DAYS >= 1.0         0               0.0     0.0        0
GREATEST
 SNOW DEPTH         0   MM                             0  MM
 24 HR TOTAL      0.0

DEGREE_DAYS
HEATING TOTAL       0                 0       0        0
 SINCE 7/1       1103              1349    -246      782
COOLING TOTAL     510               449      61      439
 SINCE 1/1       1106               933     173     1095
.................................................................

WIND (MPH)
AVERAGE WIND SPEED              5.4
HIGHEST WIND SPEED/DIRECTION    35/240    DATE  06/11
HIGHEST GUST SPEED/DIRECTION    42/360    DATE  06/02

SKY COVER
POSSIBLE SUNSHINE (PERCENT)   MM
AVERAGE SKY COVER           0.60
NUMBER OF DAYS FAIR            2
NUMBER OF DAYS PC             20
NUMBER OF DAYS CLOUDY          8

AVERAGE RH (PERCENT)     76

WEATHER CONDITIONS. NUMBER OF DAYS WITH
  0
  9
  0
  0
  0
  0
  0
HAZE                      6

-  INDICATES NEGATIVE NUMBERS.
R  INDICATES RECORD WAS SET OR TIED.
MM INDICATES DATA IS MISSING.
T  INDICATES TRACE AMOUNT.

$$
