000
CXUS52 KJAX 020112
CLMJAX

CLIMATE REPORT
NATIONAL WEATHER SERVICE JACKSONVILLE FL
810 PM EST FRI FEB 1 2019

...................................

...THE JACKSONVILLE CLIMATE SUMMARY FOR THE MONTH OF JANUARY 2019...

CLIMATE NORMAL PERIOD 1981 TO 2010
CLIMATE RECORD PERIOD 1871 TO 2019

WEATHER         OBSERVED          NORMAL  DEPART  LAST YEAR`S
                 VALUE   DATE(S)  VALUE   FROM    VALUE  DATE(S)
                                          NORMAL
................................................................
TEMPERATURE (F)
RECORD
 HIGH              85   01/30/2013
 LOW                7   01/21/1985
HIGHEST            83   01/01        64      19       81  01/22
LOWEST             30   01/31        42     -12       25  01/18
AVG. MAXIMUM     66.4              64.8     1.6     61.6
AVG. MINIMUM     43.4              41.4     2.0     39.3
MEAN             54.9              53.1     1.8     50.5
DAYS MAX >= 90      0               0.0     0.0        0
DAYS MAX <= 32      0               0.0     0.0        0
DAYS MIN <= 32      3               6.3    -3.3       12
DAYS MIN <= 0       0               0.0     0.0        0

PRECIPITATION (INCHES)
RECORD
 MAXIMUM        10.20   1991
 MINIMUM         0.01   1950
TOTALS           4.37              3.30    1.07     3.64
DAILY AVG.       0.14              0.11    0.03     0.12
DAYS >= .01         6               8.3    -2.3        8
DAYS >= .10         5               5.4    -0.4        7
DAYS >= .50         3               2.3     0.7        3
DAYS >= 1.00        1               1.1    -0.1        2
GREATEST
 24 HR. TOTAL    2.16

SNOWFALL (INCHES)
RECORDS
 TOTAL            0.5   1852
TOTALS            0.0               0.0     0.0      0.0
SINCE 7/1         0.0                 T     0.0      0.0
SNOWDEPTH AVG.      0                MM      MM        0
DAYS >= 1.0         0               0.0     0.0        0
GREATEST
 SNOW DEPTH         0   MM                             0  MM
 24 HR TOTAL      0.0

DEGREE_DAYS
HEATING TOTAL     324               380     -56      452
 SINCE 7/1        720               876    -156      798
COOLING TOTAL      20                11       9       10
 SINCE 1/1         20                 0      20       10
.................................................................

WIND (MPH)
AVERAGE WIND SPEED              6.7
HIGHEST WIND SPEED/DIRECTION    32/280    DATE  01/20
HIGHEST GUST SPEED/DIRECTION    38/270    DATE  01/20

SKY COVER
POSSIBLE SUNSHINE (PERCENT)   MM
AVERAGE SKY COVER           0.50
NUMBER OF DAYS FAIR            6
NUMBER OF DAYS PC             17
NUMBER OF DAYS CLOUDY          8

AVERAGE RH (PERCENT)     69

WEATHER CONDITIONS. NUMBER OF DAYS WITH
  0
  4
  0
  0
  0
  0
  3
HAZE                      0

-  INDICATES NEGATIVE NUMBERS.
R  INDICATES RECORD WAS SET OR TIED.
MM INDICATES DATA IS MISSING.
T  INDICATES TRACE AMOUNT.

$$
