836
CXUS52 KMLB 101701
CLMMCO


CLIMATE REPORT
NATIONAL WEATHER SERVICE MELBOURNE FL
101 PM EDT THU MAY 10 2018

...................................

...THE ORLANDO INTL CLIMATE SUMMARY FOR THE MONTH OF APRIL 2018...

CLIMATE NORMAL PERIOD 1981 TO 2010
CLIMATE RECORD PERIOD 1892 TO 2018

WEATHER         OBSERVED          NORMAL  DEPART  LAST YEAR`S
                 VALUE   DATE(S)  VALUE   FROM    VALUE
                                          NORMAL
.............................................................
TEMPERATURE (F)
RECORD
 HIGH              98   04/26/1908
 LOW               37   04/02/1919
HIGHEST            90   04/15        83       7       96
                        04/14
LOWEST             50   04/18        60     -10       46
                        04/17
AVG. MAXIMUM     84.5              82.5     2.0     87.1
AVG. MINIMUM     61.6              60.0     1.6     61.6
MEAN             73.1              71.2     1.9     74.4
DAYS MAX >= 90      2               2.0     0.0        9
DAYS MAX <= 32      0               0.0     0.0        0
DAYS MIN <= 32      0               0.0     0.0        0
DAYS MIN <= 0       0               0.0     0.0        0

PRECIPITATION (INCHES)
RECORD
 MAXIMUM         9.10   1992
 MINIMUM         0.00   1896
TOTALS           2.14              2.68   -0.54        T
DAYS >= .01         8               6.2     1.8        0
DAYS >= .10         4               3.9     0.1        0
DAYS >= .50         1               1.8    -0.8        0
DAYS >= 1.00        1               0.6     0.4        0
GREATEST
 24 HR. TOTAL    1.37   04/10 TO 04/10

SNOWFALL (INCHES)
TOTALS            0.0               0.0     0.0      0.0
SINCE 7/1         0.0               0.0     0.0      0.0
DAYS >= TRACE       0                                  0

DEGREE_DAYS
HEATING TOTAL       0                12     -12        3
 SINCE 7/1        467               570    -103      209
COOLING TOTAL     248               199      49      290
 SINCE 1/1        588               421     167      654
..............................................................

WIND (MPH)
AVERAGE WIND SPEED              9.2
HIGHEST WIND SPEED/DIRECTION    36/210    DATE  04/15
HIGHEST GUST SPEED/DIRECTION    48/200    DATE  04/15

SKY COVER
POSSIBLE SUNSHINE (PERCENT)   MM
AVERAGE SKY COVER           0.50
NUMBER OF DAYS FAIR           12
NUMBER OF DAYS PC             10
NUMBER OF DAYS CLOUDY          8

AVERAGE RH (PERCENT)     69

WEATHER CONDITIONS. NUMBER OF DAYS WITH
  0
  5
  0
  0
 10
  2

-  INDICATES NEGATIVE NUMBERS.
R  INDICATES RECORD WAS SET OR TIED.
MM INDICATES DATA IS MISSING.
T  INDICATES TRACE AMOUNT.

$$
