000
CXUS52 KMLB 011748
CLMMCO


CLIMATE REPORT
NATIONAL WEATHER SERVICE MELBOURNE FL
1200 PM EST FRI FEB 1 2019

...................................

...THE ORLANDO INTL CLIMATE SUMMARY FOR THE MONTH OF JANUARY 2019...

CLIMATE NORMAL PERIOD 1981 TO 2010
CLIMATE RECORD PERIOD 1892 TO 2019

WEATHER         OBSERVED          NORMAL  DEPART  LAST YEAR`S
                 VALUE   DATE(S)  VALUE   FROM    VALUE
                                          NORMAL
.............................................................
TEMPERATURE (F)
MONTHLY RECORD
 HOTTEST         71.6   1974
 COLDEST         50.6   1977
DAILY RECORD
 HIGH              88   01/30/1923
                        01/06/1921
 LOW               19   01/21/1985
JANUARY 2019
HIGHEST            83   01/04                         83
                        01/03
                        01/02
LOWEST             38   01/21                         27
AVG. MAXIMUM     71.1              71.2    -0.1     68.8
AVG. MINIMUM     50.1              49.2     0.9     47.2
MEAN             60.6              60.2     0.4     58.0
DAYS MAX >= 90      0               0.0     0.0        0
DAYS MAX <= 32      0               0.0     0.0        0
DAYS MIN <= 32      0               1.4    -1.4        3
DAYS MIN <= 0       0               0.0     0.0        0

PRECIPITATION (INCHES)
MONTHLY RECORD
 MAXIMUM         8.54   1912
 MINIMUM         0.02   1907
DAILY RECORD
 MAXIMUM         4.17   01/10/1986
JANUARY 2019
TOTALS           3.50              2.35    1.15     2.10
DAYS >= .01         5               6.6    -1.6        7
DAYS >= .10         5               3.8     1.2        3
DAYS >= .50         2               1.5     0.5        1
DAYS >= 1.00        1               0.6     0.4        1
GREATEST
 24 HR. TOTAL    2.01   01/27 TO 01/27

SNOWFALL (INCHES)
TOTALS            0.0               0.0     0.0      0.0
SINCE 7/1         0.0               0.0     0.0      0.0
DAYS >= TRACE       0                                  0

DEGREE_DAYS
HEATING TOTAL     177               193     -16      253
 SINCE 7/1        344               384     -40      378
COOLING TOTAL      45                45       0       44
 SINCE 1/1         45                38       7       44
..............................................................

WIND (MPH)
AVERAGE WIND SPEED              8.7
HIGHEST WIND SPEED/DIRECTION    30/260    DATE  01/20
HIGHEST GUST SPEED/DIRECTION    38/280    DATE  01/20

SKY COVER
POSSIBLE SUNSHINE (PERCENT)   MM
AVERAGE SKY COVER           0.50
NUMBER OF DAYS FAIR            5
NUMBER OF DAYS PC             23
NUMBER OF DAYS CLOUDY          3

AVERAGE RH (PERCENT)     68

WEATHER CONDITIONS. NUMBER OF DAYS WITH
THUNDERSTORM              1     MIXED PRECIP                0
HEAVY RAIN                3     RAIN                        4
LIGHT RAIN                6     LT FREEZING RAIN            0
HAIL                      0     LIGHT SNOW                  0
SLEET                     0     FOG                        11
FOG W/VIS <= 1/4 MILE     1     HAZE                        0

-  INDICATES NEGATIVE NUMBERS.
R  INDICATES RECORD WAS SET OR TIED.
MM INDICATES DATA IS MISSING.
T  INDICATES TRACE AMOUNT.

$$
