000
CXUS52 KMLB 011657
CLMMCO


CLIMATE REPORT
NATIONAL WEATHER SERVICE MELBOURNE FL
1201 PM EDT WED AUG 1 2018

...................................

...THE ORLANDO CLIMATE SUMMARY FOR THE MONTH OF JULY 2018...

CLIMATE NORMAL PERIOD 1981 TO 2010
CLIMATE RECORD PERIOD 1892 TO 2018

WEATHER         OBSERVED          NORMAL  DEPART  LAST YEAR`S
                 VALUE   DATE(S)  VALUE   FROM    VALUE
                                          NORMAL
.............................................................
TEMPERATURE (F)
MONTHLY RECORD
 HOTTEST         85.2   2016
 COOLEST         78.4   1893
DAILY RECORD
 HIGH             101   07/02/1998
                        07/28/1936
 LOW               64   07/01/1981
                        07/03/1937
                        07/30/1893
JULY 2018
HIGHEST            95   07/12                         95
LOWEST             70   07/23                         70
                        07/22
                        07/04
AVG. MAXIMUM     91.0              91.8    -0.8     91.2
AVG. MINIMUM     73.6              73.6     0.0     73.4
MEAN             82.3              82.7    -0.4     82.3
DAYS MAX >= 90     24              23.1     0.9       24
DAYS MAX <= 32      0               0.0     0.0        0
DAYS MIN <= 32      0               0.0     0.0        0
DAYS MIN <= 0       0               0.0     0.0        0

PRECIPITATION (INCHES)
MONTHLY RECORD
 MAXIMUM        19.57   1960
 MINIMUM         1.63   1892
DAILY RECORD
 MAXIMUM         8.19   07/25/1960
JULY 2018
TOTALS           9.24              7.27    1.97    10.60
DAYS >= .01        21              16.3     4.7       18
DAYS >= .10        15              11.1     3.9       12
DAYS >= .50         7               5.0     2.0        8
DAYS >= 1.00        3               2.1     0.9        2
GREATEST
 24 HR. TOTAL    2.43   07/22 TO 07/22

SNOWFALL (INCHES)
TOTALS            0.0               0.0     0.0      0.0
SINCE 7/1         0.0               0.0     0.0      0.0
DAYS >= TRACE       0                                  0

DEGREE_DAYS
HEATING TOTAL       0                 0       0        0
 SINCE 7/1          0                 0       0        0
COOLING TOTAL     545               549      -4      543
 SINCE 1/1       2024              1840     184     2028
..............................................................

WIND (MPH)
AVERAGE WIND SPEED              5.6
HIGHEST WIND SPEED/DIRECTION    37/140    DATE  07/04
HIGHEST GUST SPEED/DIRECTION    44/130    DATE  07/04

SKY COVER
POSSIBLE SUNSHINE (PERCENT)   MM
AVERAGE SKY COVER           0.60
NUMBER OF DAYS FAIR            0
NUMBER OF DAYS PC             26
NUMBER OF DAYS CLOUDY          5

AVERAGE RH (PERCENT)     78

WEATHER CONDITIONS. NUMBER OF DAYS WITH
THUNDERSTORM             27     MIXED PRECIP                0
HEAVY RAIN               15     RAIN                       16
LIGHT RAIN               27     FREEZING RAIN               0
LT FREEZING RAIN          0     HAIL                        0
HEAVY SNOW                0     SNOW                        0
LIGHT SNOW                0     SLEET                       0
FOG                      15     FOG W/VIS <= 1/4 MILE       0
HAZE                      4

-  INDICATES NEGATIVE NUMBERS.
R  INDICATES RECORD WAS SET OR TIED.
MM INDICATES DATA IS MISSING.
T  INDICATES TRACE AMOUNT.

$$
