000
CXUS52 KMLB 011546
CLMMCO


CLIMATE REPORT
NATIONAL WEATHER SERVICE MELBOURNE FL
1117 AM EDT THU NOV 1 2018

...................................

...THE ORLANDO INTL CLIMATE SUMMARY FOR THE MONTH OF OCTOBER 2018...

CLIMATE NORMAL PERIOD 1981 TO 2010
CLIMATE RECORD PERIOD 1892 TO 2018

WEATHER         OBSERVED          NORMAL  DEPART  LAST YEAR`S
                 VALUE   DATE(S)  VALUE   FROM    VALUE
                                          NORMAL
.............................................................
TEMPERATURE (F)
MONTHLY RECORD
 WARMEST         80.2   1919
 COOLEST         70.3   1938
DAILY RECORD
 HIGH              98   10/08/1919
                        10/07/1919
                        10/05/1919
                        10/04/1919
                        10/01/1904
 LOW               38   10/25/1937
                        10/24/1937
OCTOBER 2018
HIGHEST            92   10/17                         92
                        10/16
LOWEST             51   10/29                         47
AVG. MAXIMUM     86.9              84.6     2.3     83.1
AVG. MINIMUM     69.3              66.4     2.9     68.0
MEAN             78.1              75.5     2.6     75.5
DAYS MAX >= 90     10               3.1     6.9        5
DAYS MAX <= 32      0               0.0     0.0        0
DAYS MIN <= 32      0               0.0     0.0        0
DAYS MIN <= 0       0               0.0     0.0        0

PRECIPITATION (INCHES)
MONTHLY RECORD
 MAXIMUM        19.10   1915
 MINIMUM         0.00   2010
DAILY RECORD
 MAXIMUM         8.02   10/18/1910
OCTOBER 2018
TOTALS           2.24              3.31   -1.07     3.59
DAYS >= .01         7               8.0    -1.0       15
DAYS >= .10         5               5.1    -0.1        9
DAYS >= .50         2               2.2    -0.2        2
DAYS >= 1.00        0               1.0    -1.0        0
GREATEST
 24 HR. TOTAL    0.67   10/19 TO 10/19

SNOWFALL (INCHES)
TOTALS            0.0               0.0     0.0      0.0
SINCE 7/1         0.0               0.0     0.0      0.0
DAYS >= TRACE       0                                  0

DEGREE_DAYS
HEATING TOTAL       0                 5      -5       18
 SINCE 7/1          0                 5      -5       18
COOLING TOTAL     417               331      86      355
 SINCE 1/1       3564              3207     357     3442
..............................................................

WIND (MPH)
AVERAGE WIND SPEED              7.8
HIGHEST WIND SPEED/DIRECTION    32/100    DATE  10/08
HIGHEST GUST SPEED/DIRECTION    47/100    DATE  10/08

SKY COVER
POSSIBLE SUNSHINE (PERCENT)   MM
AVERAGE SKY COVER           0.40
NUMBER OF DAYS FAIR           15
NUMBER OF DAYS PC             11
NUMBER OF DAYS CLOUDY          5

AVERAGE RH (PERCENT)     73

WEATHER CONDITIONS. NUMBER OF DAYS WITH
THUNDERSTORM              5     MIXED PRECIP                0
HEAVY RAIN                2     RAIN                        3
LIGHT RAIN               12     FREEZING RAIN               0
LT FREEZING RAIN          0     HAIL                        0
HEAVY SNOW                0     SNOW                        0
LIGHT SNOW                0     SLEET                       0
FOG                      12     FOG W/VIS <= 1/4 MILE       0
HAZE                      3

-  INDICATES NEGATIVE NUMBERS.
R  INDICATES RECORD WAS SET OR TIED.
MM INDICATES DATA IS MISSING.
T  INDICATES TRACE AMOUNT.

$$

RODRIGUEZ
