000
CXUS54 KMEG 021457
CLMMEM


CLIMATE REPORT
NATIONAL WEATHER SERVICE MEMPHIS TN
854 AM CST SAT FEB 2 2019

...................................

...THE MEMPHIS CLIMATE SUMMARY FOR THE MONTH OF JANUARY 2019...

CLIMATE NORMAL PERIOD 1981 TO 2010
CLIMATE RECORD PERIOD 1872 TO 2019

WEATHER         OBSERVED          NORMAL  DEPART  LAST YEAR`S
                 VALUE   DATE(S)  VALUE   FROM    VALUE  DATE(S)
                                          NORMAL
................................................................
TEMPERATURE (F)
RECORD
 HIGH              79   01/31/2002
                        01/12/1890
 LOW               -8   01/12/1918
                        01/09/1886
HIGHEST            68   01/08        49      19       68  01/21
LOWEST             20   01/31        31     -11        7  01/17
AVG. MAXIMUM     49.6              49.8    -0.2     46.2
AVG. MINIMUM     34.0              32.6     1.4     28.6
MEAN             41.8              41.2     0.6     37.4
DAYS MAX >= 90      0               0.0     0.0        0
DAYS MAX <= 32      0               2.0    -2.0        7
DAYS MIN <= 32     14              14.5    -0.5       19
DAYS MIN <= 0       0               0.0     0.0        0

PRECIPITATION (INCHES)
RECORD
 MAXIMUM        17.56   1937
 MINIMUM         0.57   1986
TOTALS           4.75              3.98    0.77     4.02
DAILY AVG.       0.15              0.13    0.02     0.13
DAYS >= .01        11               9.5     1.5       10
DAYS >= .10         7               6.4     0.6        5
DAYS >= .50         4               2.6     1.4        4
DAYS >= 1.00        2               1.0     1.0        1
GREATEST
 24 HR. TOTAL    2.11   12/31 TO 01/01
                        01/01 TO 01/02
                        01/02 TO 01/03

SNOWFALL (INCHES)
RECORDS
 TOTAL           15.1   1948
TOTALS            0.2               1.9    -1.7      2.5
SINCE 7/1         0.8               2.1    -1.3      2.5
SNOWDEPTH AVG.      0                MM      MM        0
DAYS >= 1.0         0               0.6    -0.6        1
GREATEST
 SNOW DEPTH         0   MM                             2  01/16
 24 HR TOTAL      0.2   01/19 TO 01/19

DEGREE_DAYS
HEATING TOTAL     712               738     -26      847
 SINCE 7/1       1954              1902      52     1986
COOLING TOTAL       0                 1      -1        0
 SINCE 1/1          0                 0       0        0
.................................................................

WIND (MPH)
AVERAGE WIND SPEED              8.7
HIGHEST WIND SPEED/DIRECTION    38/300    DATE  01/19
HIGHEST GUST SPEED/DIRECTION    50/270    DATE  01/19

SKY COVER
POSSIBLE SUNSHINE (PERCENT)   MM
AVERAGE SKY COVER           0.60
NUMBER OF DAYS FAIR            5
NUMBER OF DAYS PC             12
NUMBER OF DAYS CLOUDY         14

AVERAGE RH (PERCENT)     72

WEATHER CONDITIONS. NUMBER OF DAYS WITH
  0
  9
  0
  0
  0
  0
  0
HAZE                      1

-  INDICATES NEGATIVE NUMBERS.
R  INDICATES RECORD WAS SET OR TIED.
MM INDICATES DATA IS MISSING.
T  INDICATES TRACE AMOUNT.

$$
