000
CXUS54 KMEG 011555
CLMMEM


CLIMATE REPORT
NATIONAL WEATHER SERVICE MEMPHIS TN
1044 AM CDT MON OCT 1 2018

...................................

...THE MEMPHIS CLIMATE SUMMARY FOR THE MONTH OF SEPTEMBER 2018...

CLIMATE NORMAL PERIOD 1981 TO 2010
CLIMATE RECORD PERIOD 1872 TO 2018

WEATHER         OBSERVED          NORMAL  DEPART  LAST YEAR`S
                 VALUE   DATE(S)  VALUE   FROM    VALUE  DATE(S)
                                          NORMAL
................................................................
TEMPERATURE (F)
RECORD
 HIGH             103   09/05/1954
                        09/07/1925
                        09/06/1925
 LOW               36   09/30/1949
                        09/29/1942
HIGHEST            95   09/20        84      11       93  09/22
                        09/19
LOWEST             58   09/29        65      -7       55  09/07
AVG. MAXIMUM     85.5              85.1     0.4     84.8
AVG. MINIMUM     70.1              65.2     4.9     65.9
MEAN             77.8              75.2     2.6     75.4
DAYS MAX >= 90     14               7.7     6.3       10
DAYS MAX <= 32      0               0.0     0.0        0
DAYS MIN <= 32      0               0.0     0.0        0
DAYS MIN <= 0       0               0.0     0.0        0

PRECIPITATION (INCHES)
RECORD
 MAXIMUM        12.34   2002
 MINIMUM         0.00   1897
TOTALS           5.27              3.09    2.18     1.61
DAILY AVG.       0.18              0.10    0.08     0.05
DAYS >= .01        11               7.3     3.7        6
DAYS >= .10         7               4.4     2.6        3
DAYS >= .50         4               2.0     2.0        1
DAYS >= 1.00        1               1.0     0.0        1
GREATEST
 24 HR. TOTAL    1.26   09/24 TO 09/24

SNOWFALL (INCHES)
RECORDS
 TOTAL            0.0   2002
                        2001
                        2000
TOTALS            0.0               0.0     0.0      0.0
SINCE 7/1         0.0               0.0     0.0      0.0
SNOWDEPTH AVG.      0                MM      MM        0
DAYS >= 1.0         0               0.0     0.0        0
GREATEST
 SNOW DEPTH         0   MM                             0  MM
 24 HR TOTAL      0.0   09/30 TO 09/30

DEGREE_DAYS
HEATING TOTAL       1                11     -10        3
 SINCE 7/1          1                11     -10        3
COOLING TOTAL     395               316      79      321
 SINCE 1/1       2409              2151     258     2137
.................................................................

WIND (MPH)
AVERAGE WIND SPEED              6.6
HIGHEST WIND SPEED/DIRECTION    23/200    DATE  09/07
HIGHEST GUST SPEED/DIRECTION    30/220    DATE  09/07

SKY COVER
POSSIBLE SUNSHINE (PERCENT)   MM
AVERAGE SKY COVER           0.50
NUMBER OF DAYS FAIR           10
NUMBER OF DAYS PC              7
NUMBER OF DAYS CLOUDY         13

AVERAGE RH (PERCENT)     76

WEATHER CONDITIONS. NUMBER OF DAYS WITH
  0
  6
  0
  0
  0
  0
  0
HAZE                      1

-  INDICATES NEGATIVE NUMBERS.
R  INDICATES RECORD WAS SET OR TIED.
MM INDICATES DATA IS MISSING.
T  INDICATES TRACE AMOUNT.

$$
