000
CXUS54 KMEG 011554
CLMMEM


CLIMATE REPORT
NATIONAL WEATHER SERVICE MEMPHIS TN
1052 AM CDT SUN JUL 1 2018

...................................

...THE MEMPHIS CLIMATE SUMMARY FOR THE MONTH OF JUNE 2018...

CLIMATE NORMAL PERIOD 1981 TO 2010
CLIMATE RECORD PERIOD 1872 TO 2018

WEATHER         OBSERVED          NORMAL  DEPART  LAST YEAR`S
                 VALUE   DATE(S)  VALUE   FROM    VALUE  DATE(S)
                                          NORMAL
................................................................
TEMPERATURE (F)
RECORD
 HIGH             104   06/28/1954
                        06/28/1952
 LOW               48   06/01/1966
HIGHEST            96   06/16        89       7       92  06/20
                        06/15                             06/14
LOWEST             64   06/04        69      -5       59  06/09
AVG. MAXIMUM     91.6              88.9     2.7     87.4
AVG. MINIMUM     72.1              70.3     1.8     69.5
MEAN             81.9              79.6     2.3     78.4
DAYS MAX >= 90     20              13.9     6.1        8
DAYS MAX <= 32      0               0.0     0.0        0
DAYS MIN <= 32      0               0.0     0.0        0
DAYS MIN <= 0       0               0.0     0.0        0

PRECIPITATION (INCHES)
RECORD
 MAXIMUM        18.16   1877
 MINIMUM         0.04   1953
TOTALS           2.06              3.63   -1.57     4.61
DAILY AVG.       0.07              0.12   -0.05     0.15
DAYS >= .01         9               9.0     0.0       10
DAYS >= .10         5               5.8    -0.8        7
DAYS >= .50         1               2.5    -1.5        3
DAYS >= 1.00        0               1.2    -1.2        2
GREATEST
 24 HR. TOTAL    0.66   06/23 TO 06/23

SNOWFALL (INCHES)
RECORDS
 TOTAL            0.0   2002
                        2001
                        2000
TOTALS            0.0               0.0     0.0      0.0
SINCE 7/1         2.5               3.8    -1.3      2.0
SNOWDEPTH AVG.      0                MM      MM        0
DAYS >= 1.0         0               0.0     0.0        0
GREATEST
 SNOW DEPTH         0   MM                             0  MM
 24 HR TOTAL      0.0   06/30 TO 06/30

DEGREE_DAYS
HEATING TOTAL       0                 0       0        0
 SINCE 7/1       3018              2964      54     2059
COOLING TOTAL     513               438      75      410
 SINCE 1/1        933               759     174      790
.................................................................

WIND (MPH)
AVERAGE WIND SPEED              7.3
HIGHEST WIND SPEED/DIRECTION    37/240    DATE  06/23
HIGHEST GUST SPEED/DIRECTION    50/230    DATE  06/23

SKY COVER
POSSIBLE SUNSHINE (PERCENT)   MM
AVERAGE SKY COVER           0.40
NUMBER OF DAYS FAIR           12
NUMBER OF DAYS PC             16
NUMBER OF DAYS CLOUDY          2

AVERAGE RH (PERCENT)     69

WEATHER CONDITIONS. NUMBER OF DAYS WITH
  0
  4
  0
  0
  0
  0
  0
HAZE                      1

-  INDICATES NEGATIVE NUMBERS.
R  INDICATES RECORD WAS SET OR TIED.
MM INDICATES DATA IS MISSING.
T  INDICATES TRACE AMOUNT.

$$
