571
CXUS54 KMEG 011603
CLMMEM

CLIMATE REPORT
NATIONAL WEATHER SERVICE MEMPHIS TN
1103 AM CDT WED MAY 01 2024

...................................

...THE MEMPHIS CLIMATE SUMMARY FOR THE MONTH OF APRIL 2024...

CLIMATE NORMAL PERIOD 1991 TO 2020
CLIMATE RECORD PERIOD 1872 TO 2024

WEATHER         OBSERVED          NORMAL  DEPART   LAST YEAR`S
                VALUE   DATE(S)   VALUE   FROM     VALUE DATE(S)
                                          NORMAL
................................................................
TEMPERATURE (F)
RECORD
 HIGH             94   04/21/1987
 LOW              27   04/02/1881
                       04/01/1881
HIGHEST           85   04/26         73      12       87  04/04
                       04/30
LOWEST            41   04/05         52     -11       40  04/24
                       04/22
AVG. MAXIMUM    73.8               73.4     0.4     70.8
AVG. MINIMUM    56.3               53.0     3.3     51.8
MEAN            65.1               63.2     1.9     61.3
DAYS MAX >= 90     0                0.1    -0.1        0
DAYS MAX <= 32     0                0.0     0.0        0
DAYS MIN <= 32     0                0.2    -0.2        0
DAYS MIN <= 0      0                0.0     0.0        0

PRECIPITATION (INCHES)
RECORD
 MAXIMUM       17.13   1991
 MINIMUM        0.89   1925
TOTALS          3.32               5.87   -2.55     6.38
DAILY AVG.      0.11               0.20   -0.09     0.21
DAYS >= .01       14                9.6     4.4       11
DAYS >= .10        6                7.2    -1.2        7
DAYS >= .50        3                4.1    -1.1        4
DAYS >= 1.00       0                2.1    -2.1        2
GREATEST
 24 HR. TOTAL   0.76   04/02 TO 04/02

SNOWFALL (INCHES)
RECORDS
 TOTAL             T   2008
TOTALS           0.0                0.0     0.0      0.0
SINCE 7/1        3.4                2.7     0.7       MM
SNOWDEPTH AVG.     0                                   0
DAYS >= 1.0        0                0.0     0.0        0
GREATEST
 SNOW DEPTH        0                                   0  MM
 24 HR TOTAL      MM

DEGREE DAYS
HEATING TOTAL     93                130     -37      133
 SINCE 7/1      2445               2853    -408       MM
COOLING TOTAL    102                 76      26       32
 SINCE 1/1       128                 97      31       MM
................................................................

WIND (MPH)
AVERAGE WIND SPEED              10.4
HIGHEST WIND SPEED/DIRECTION    29/190    DATE  04/08
HIGHEST GUST SPEED/DIRECTION    45/190    DATE  04/29

SKY COVER
POSSIBLE SUNSHINE (PERCENT)   MM
AVERAGE SKY COVER           0.59
NUMBER OF DAYS FAIR            7
NUMBER OF DAYS PC             11
NUMBER OF DAYS CLOUDY         12

AVERAGE RH (PERCENT)     65

WEATHER CONDITIONS. NUMBER OF DAYS WITH
THUNDERSTORM              7     MIXED PRECIP               0
HEAVY RAIN                2     RAIN                       7
LIGHT RAIN               18     FREEZING RAIN              0
LT FREEZING RAIN          0     HAIL                       0
HEAVY SNOW                0     SNOW                       0
LIGHT SNOW                0     SLEET                      0
FOG                      11     FOG W/VIS <= 1/4 MILE      0
HAZE                      4

-  INDICATES NEGATIVE NUMBERS.
R  INDICATES RECORD WAS SET OR TIED.
MM INDICATES DATA IS MISSING.
T  INDICATES TRACE AMOUNT.

$$