000
CXUS53 KIND 011610
CLMMIE


CLIMATE REPORT
NATIONAL WEATHER SERVICE INDIANAPOLIS IN
1110 AM EST THU FEB 1 2018

...................................

...THE MUNCIE IN CLIMATE SUMMARY FOR THE MONTH OF JANUARY 2018...

CLIMATE NORMAL PERIOD 1981 TO 2010
CLIMATE RECORD PERIOD 9999 TO 9999

WEATHER         OBSERVED          NORMAL  DEPART  LAST YEAR`S
                 VALUE   DATE(S)  VALUE   FROM    VALUE  DATE(S)
                                          NORMAL
................................................................
TEMPERATURE (F)
HIGHEST            59   01/11                         65  01/21
LOWEST            -10   01/02                         -1  01/07
                        01/01
AVG. MAXIMUM     33.9              34.0    -0.1     41.7
AVG. MINIMUM     18.8              18.9    -0.1     28.4
MEAN             26.4              26.5    -0.1     35.0
DAYS MAX >= 90      0               0.0     0.0        0
DAYS MAX <= 32     14              13.1     0.9        9
DAYS MIN <= 32     25              26.6    -1.6       17
DAYS MIN <= 0       6               2.7     3.3        1

PRECIPITATION (INCHES)
TOTALS           1.24              2.23   -0.99     4.73
DAILY AVG.       0.04              0.07   -0.03     0.15
DAYS >= .01        10               9.5     0.5       13
DAYS >= .10         5               4.9     0.1        9
DAYS >= .50         0               0.9    -0.9        4
DAYS >= 1.00        0               0.2    -0.2        1
GREATEST
 24 HR. TOTAL    0.38   01/12 TO 01/12

DEGREE_DAYS
HEATING TOTAL    1192              1195      -3      919
 SINCE 7/1       3190              3393    -203     2679
COOLING TOTAL       0                 0       0        0
 SINCE 1/1          0                 0       0        0
.................................................................

WIND (MPH)
AVERAGE WIND SPEED              10.6
HIGHEST WIND SPEED/DIRECTION    33/250    DATE  01/22
HIGHEST GUST SPEED/DIRECTION    52/270    DATE  01/22

SKY COVER
POSSIBLE SUNSHINE (PERCENT)   MM
AVERAGE SKY COVER           0.50
NUMBER OF DAYS FAIR           10
NUMBER OF DAYS PC             11
NUMBER OF DAYS CLOUDY         10

AVERAGE RH (PERCENT)     70

WEATHER CONDITIONS. NUMBER OF DAYS WITH
THUNDERSTORM              0     MIXED PRECIP               0
HEAVY RAIN                1     RAIN                       0
LIGHT RAIN                9     FREEZING RAIN              1
LT FREEZING RAIN          2     HAIL                       0
HEAVY SNOW                0     SNOW                       2
LIGHT SNOW               13     SLEET                      0
FOG                      15     FOG W/VIS <= 1/4 MILE      1
HAZE                     16

-  INDICATES NEGATIVE NUMBERS.
R  INDICATES RECORD WAS SET OR TIED.
MM INDICATES DATA IS MISSING.
T  INDICATES TRACE AMOUNT.

$$
