001
CXUS53 KIND 011703
CLMMIE


CLIMATE REPORT
NATIONAL WEATHER SERVICE INDIANAPOLIS IN
1152 AM EST TUE JAN 1 2019

...................................

...THE MUNCIE IN CLIMATE SUMMARY FOR THE MONTH OF DECEMBER 2018...

CLIMATE NORMAL PERIOD 1981 TO 2010
CLIMATE RECORD PERIOD 9999 TO 9999

WEATHER         OBSERVED          NORMAL  DEPART  LAST YEAR`S
                 VALUE   DATE(S)  VALUE   FROM    VALUE  DATE(S)
                                          NORMAL
................................................................
TEMPERATURE (F)
HIGHEST            62   12/31                         62  12/04
LOWEST             13   12/10                         -4  12/27
AVG. MAXIMUM     43.3              37.9     5.4     37.5
AVG. MINIMUM     29.5              23.5     6.0     22.0
MEAN             36.4              30.7     5.7     29.7
DAYS MAX >= 90      0               0.0     0.0        0
DAYS MAX <= 32      4               9.5    -5.5       10
DAYS MIN <= 32     19              24.2    -5.2       25
DAYS MIN <= 0       0               1.2    -1.2        5

PRECIPITATION (INCHES)
TOTALS           3.48              2.88    0.60     0.97
DAILY AVG.       0.11              0.09    0.02     0.03
DAYS >= .01        12              12.8    -0.8        9
DAYS >= .10         7               7.1    -0.1        4
DAYS >= .50         2               1.9     0.1        1
DAYS >= 1.00        1               0.3     0.7        0
GREATEST
 24 HR. TOTAL    1.39   12/31 TO 12/31

DEGREE_DAYS
HEATING TOTAL     879              1063    -184     1086
 SINCE 7/1       2062              2198    -136     1998
COOLING TOTAL       0                 0       0        0
 SINCE 1/1       1539               956     583     1090
.................................................................

WIND (MPH)
AVERAGE WIND SPEED              8.7
HIGHEST WIND SPEED/DIRECTION    36/130    DATE  12/27
HIGHEST GUST SPEED/DIRECTION    52/240    DATE  12/31

SKY COVER
POSSIBLE SUNSHINE (PERCENT)   MM
AVERAGE SKY COVER           0.50
NUMBER OF DAYS FAIR           10
NUMBER OF DAYS PC              8
NUMBER OF DAYS CLOUDY         13

AVERAGE RH (PERCENT)     75

WEATHER CONDITIONS. NUMBER OF DAYS WITH
THUNDERSTORM              0     MIXED PRECIP                0
HEAVY RAIN                2     RAIN                        4
LIGHT RAIN               13     FREEZING RAIN               0
LT FREEZING RAIN          0     HAIL                        0
HEAVY SNOW                0     SNOW                        1
LIGHT SNOW                3     SLEET                       0
FOG                      21     FOG W/VIS <= 1/4 MILE       1
HAZE                     11

-  INDICATES NEGATIVE NUMBERS.
R  INDICATES RECORD WAS SET OR TIED.
MM INDICATES DATA IS MISSING.
T  INDICATES TRACE AMOUNT.

$$
