170
CXUS53 KIND 011525
CLMMIE

CLIMATE REPORT
NATIONAL WEATHER SERVICE INDIANAPOLIS IN
1125 AM EDT MON JUL 01 2024

...................................

...THE MUNCIE IN CLIMATE SUMMARY FOR THE MONTH OF JUNE 2024...

CLIMATE NORMAL PERIOD 1991 TO 2020
CLIMATE RECORD PERIOD 9999 TO 9999

WEATHER         OBSERVED          NORMAL  DEPART   LAST YEAR`S
                VALUE   DATE(S)   VALUE   FROM     VALUE DATE(S)
                                          NORMAL
................................................................
TEMPERATURE (F)
HIGHEST           94   06/17                          94  06/03
LOWEST            45R  06/11                          50  06/05
                                                          06/08
AVG. MAXIMUM    84.0               83.0     1.0     81.6
AVG. MINIMUM    63.8               63.6     0.2     59.0
MEAN            73.9               73.3     0.6     70.3
DAYS MAX >= 90     6                4.1     1.9        3
DAYS MAX <= 32     0                0.0     0.0        0
DAYS MIN <= 32     0                0.0     0.0        0
DAYS MIN <= 0      0                0.0     0.0        0

PRECIPITATION (INCHES)
TOTALS          3.53               4.81   -1.28     2.48
DAILY AVG.      0.12               0.16   -0.04     0.08
DAYS >= .01        9               12.7    -3.7        7
DAYS >= .10        7                8.5    -1.5        4
DAYS >= .50        4                3.4     0.6        3
DAYS >= 1.00       0                1.2    -1.2        0
GREATEST
 24 HR. TOTAL   0.75   06/05 TO 06/05


DEGREE DAYS
HEATING TOTAL      7                 14      -7       14
 SINCE 7/1      4253               5258   -1005       MM
COOLING TOTAL    279                263      16      181
 SINCE 1/1       433                390      43       MM
................................................................

WIND (MPH)
AVERAGE WIND SPEED              7.4
HIGHEST WIND SPEED/DIRECTION    26/360    DATE  06/25
HIGHEST GUST SPEED/DIRECTION    35/320    DATE  06/07

SKY COVER
AVERAGE SKY COVER           0.23

AVERAGE RH (PERCENT)     63

WEATHER CONDITIONS. NUMBER OF DAYS WITH
THUNDERSTORM              8     MIXED PRECIP               0
HEAVY RAIN                4     RAIN                       7
LIGHT RAIN               12     FREEZING RAIN              0
LT FREEZING RAIN          0     HAIL                       0
HEAVY SNOW                0     SNOW                       0
LIGHT SNOW                0     SLEET                      0
FOG                      10     FOG W/VIS <= 1/4 MILE      2
HAZE                      1

-  INDICATES NEGATIVE NUMBERS.
R  INDICATES RECORD WAS SET OR TIED.
MM INDICATES DATA IS MISSING.
T  INDICATES TRACE AMOUNT.

$$