733
CXUS51 KBTV 011516
CLMMVL

CLIMATE REPORT
NATIONAL WEATHER SERVICE BURLINGTON VT
1116 AM EDT WED MAY 01 2024

...................................

...THE MORRISVILLE VT CLIMATE SUMMARY FOR THE MONTH OF APRIL 2024...

CLIMATE NORMAL PERIOD: 1991 TO 2020
CLIMATE RECORD PERIOD: 9999 TO 9999

WEATHER         OBSERVED          NORMAL  DEPART   LAST YEAR`S
                VALUE   DATE(S)   VALUE   FROM     VALUE DATE(S)
                                          NORMAL
................................................................
TEMPERATURE (F)
RECORD
 HIGH             88
 LOW               7
HIGHEST           68   04/09         MM      MM       85  04/13
                       04/23
                       04/27
LOWEST            19   04/25         MM      MM       16  04/03
AVG. MAXIMUM    54.2               52.5     1.7     58.2
AVG. MINIMUM    32.4               29.0     3.4     33.7
MEAN            43.3               40.8     2.5     46.0
DAYS MAX >= 90     0                0.0     0.0        0
DAYS MAX <= 32     0                0.6    -0.6        0
DAYS MIN <= 32    15               19.0    -4.0       10
DAYS MIN <= 0      0                0.0     0.0        0

PRECIPITATION (INCHES)
RECORD
 MAXIMUM        5.41   2011
 MINIMUM        0.74   1999
TOTALS          3.23               2.80    0.43     4.29
DAILY AVG.      0.12               0.09    0.03     0.14
DAYS >= .01       13               13.2    -0.2       13
DAYS >= .10        9                6.9     2.1        9
DAYS >= .50        2                1.6     0.4        2
DAYS >= 1.00       0                0.1    -0.1        1
GREATEST
 24 HR. TOTAL   0.97   04/11 TO 04/12               1.98  04/23 TO 04/23
 STORM TOTAL    0.92                                1.98
 (MM/DD(HH))            MM


DEGREE DAYS
HEATING TOTAL    644                728     -84      567
 SINCE 7/1      6534               7914   -1380       MM
COOLING TOTAL      0                  1      -1        0
 SINCE 1/1         0                  1      -1       MM
................................................................

WIND (MPH)
AVERAGE WIND SPEED              5.7
HIGHEST WIND SPEED/DIRECTION    32/140    DATE  04/12
HIGHEST GUST SPEED/DIRECTION    47/140    DATE  04/12

SKY COVER
POSSIBLE SUNSHINE (PERCENT)   MM
AVERAGE SKY COVER           0.57
NUMBER OF DAYS FAIR            9
NUMBER OF DAYS PC             11
NUMBER OF DAYS CLOUDY         10

AVERAGE RH (PERCENT)     66

WEATHER CONDITIONS. NUMBER OF DAYS WITH
THUNDERSTORM              1     MIXED PRECIP               0
HEAVY RAIN                2     RAIN                       6
LIGHT RAIN               15     FREEZING RAIN              0
LT FREEZING RAIN          0     HAIL                       0
HEAVY SNOW                1     SNOW                       1
LIGHT SNOW                8     SLEET                      0
FOG                      13     FOG W/VIS <= 1/4 MILE      3
HAZE                      0

-  INDICATES NEGATIVE NUMBERS.
R  INDICATES RECORD WAS SET OR TIED.
MM INDICATES DATA IS MISSING.
T  INDICATES TRACE AMOUNT.

$$