000
CXUS56 KOTX 012214 CCA
CLMMWH

CLIMATE REPORT
NATIONAL WEATHER SERVICE SPOKANE, WA
419 AM PDT SUN JUL 1 2018

...................................

...THE MOSES LAKE WA AIRPORT CLIMATE SUMMARY FOR THE MONTH OF JUNE 2018...

CLIMATE NORMAL PERIOD 1981 TO 2010
CLIMATE RECORD PERIOD 9999 TO 9999

WEATHER         OBSERVED          NORMAL  DEPART  LAST YEAR`S
                 VALUE   DATE(S)  VALUE   FROM    VALUE  DATE(S)
                                          NORMAL
................................................................
TEMPERATURE (F)
RECORD
 HIGH              MM   MM
 LOW               MM   MM
HIGHEST            91   06/21        MM      MM      101  06/26
                        06/20
LOWEST             40   06/12        MM      MM       39  06/05
AVG. MAXIMUM     81.1              80.1     1.0     82.6
AVG. MINIMUM     51.1              51.9    -0.8     51.8
MEAN             66.1              66.0     0.1     67.2
DAYS MAX >= 90      3               3.2    -0.2        7
DAYS MAX <= 32      0               0.0     0.0        0
DAYS MIN <= 32      0               0.0     0.0        0
DAYS MIN <= 0       0               0.0     0.0        0

PRECIPITATION (INCHES)
RECORD
 MAXIMUM           MM   MM
 MINIMUM           MM   MM
TOTALS           0.11              0.75   -0.64     0.29
DAILY AVG.       0.00              0.03   -0.03     0.01
DAYS >= .01         2                MM      MM        3
DAYS >= .10         0                MM      MM        1
DAYS >= .50         0                MM      MM        0
DAYS >= 1.00        0                MM      MM        0
GREATEST
 24 HR. TOTAL    0.06   06/09 TO 06/09              0.21

DEGREE_DAYS
HEATING TOTAL      43                55     -12       48
 SINCE 7/1       5439              5882    -443     6176
COOLING TOTAL      82                85      -3      121
 SINCE 1/1        141               110      31      164
.................................................................

WIND (MPH)
AVERAGE WIND SPEED              8.6
HIGHEST WIND SPEED/DIRECTION    31/250    DATE  06/13
HIGHEST GUST SPEED/DIRECTION    40/120    DATE  06/16

SKY COVER
POSSIBLE SUNSHINE (PERCENT)   MM
AVERAGE SKY COVER           0.10
NUMBER OF DAYS FAIR           27
NUMBER OF DAYS PC              3
NUMBER OF DAYS CLOUDY          0

AVERAGE RH (PERCENT)     44

WEATHER CONDITIONS. NUMBER OF DAYS WITH
THUNDERSTORM              1     MIXED PRECIP               0
HEAVY RAIN                0     RAIN                       0
LIGHT RAIN                5     FREEZING RAIN              0
LT FREEZING RAIN          0     HAIL                       0
HEAVY SNOW                0     SNOW                       0
LIGHT SNOW                0     SLEET                      0
FOG                       0     FOG W/VIS <= 1/4 MILE      0
HAZE                      0

-  INDICATES NEGATIVE NUMBERS.
R  INDICATES RECORD WAS SET OR TIED.
MM INDICATES DATA IS MISSING.
T  INDICATES TRACE AMOUNT.

$$
