000
CXUS56 KOTX 011722
CLMMWH


CLIMATE REPORT
NATIONAL WEATHER SERVICE SPOKANE, WA
854 AM PST TUE JAN 1 2019

...................................

...THE MOSES LAKE WA AIRPORT CLIMATE SUMMARY FOR THE MONTH OF DECEMBER 2018...

CLIMATE NORMAL PERIOD 1981 TO 2010
CLIMATE RECORD PERIOD 9999 TO 9999

WEATHER         OBSERVED          NORMAL  DEPART  LAST YEAR`S
                 VALUE   DATE(S)  VALUE   FROM    VALUE  DATE(S)
                                          NORMAL
................................................................
TEMPERATURE (F)
RECORD
 HIGH              MM   MM
 LOW               MM   MM
HIGHEST            52   12/18        MM      MM       46  12/18
                                                          12/03
LOWEST             18   12/07        MM      MM        2  12/24
                        12/06
AVG. MAXIMUM     39.7              34.7     5.0     33.4
AVG. MINIMUM     28.3              22.6     5.7     23.2
MEAN             34.0              28.6     5.4     28.3
DAYS MAX >= 90      0               0.0     0.0        0
DAYS MAX <= 32      6              10.7    -4.7       17
DAYS MIN <= 32     22              27.3    -5.3       30
DAYS MIN <= 0       0               0.5    -0.5        0

PRECIPITATION (INCHES)
RECORD
 MAXIMUM           MM   MM
 MINIMUM           MM   MM
TOTALS           0.88              1.44   -0.56     0.47
DAILY AVG.       0.03              0.05   -0.02     0.02
DAYS >= .01        10                MM      MM        8
DAYS >= .10         4                MM      MM        1
DAYS >= .50         0                MM      MM        0
DAYS >= 1.00        0                MM      MM        0
GREATEST
 24 HR. TOTAL    0.28   12/16 TO 12/16              0.26

DEGREE_DAYS
HEATING TOTAL     952              1126    -174     1131
 SINCE 7/1       2389              2587    -198     2550
COOLING TOTAL       0                 0       0        0
 SINCE 1/1        730               615     115      886
.................................................................

WIND (MPH)
AVERAGE WIND SPEED              6.0
HIGHEST WIND SPEED/DIRECTION    31/220    DATE  12/29
HIGHEST GUST SPEED/DIRECTION    44/220    DATE  12/29

SKY COVER
POSSIBLE SUNSHINE (PERCENT)   MM
AVERAGE SKY COVER           0.60
NUMBER OF DAYS FAIR            7
NUMBER OF DAYS PC             10
NUMBER OF DAYS CLOUDY         14

AVERAGE RH (PERCENT)     80

WEATHER CONDITIONS. NUMBER OF DAYS WITH
THUNDERSTORM              0     MIXED PRECIP               0
HEAVY RAIN                0     RAIN                       0
LIGHT RAIN                5     FREEZING RAIN              0
LT FREEZING RAIN          0     HAIL                       0
HEAVY SNOW                0     SNOW                       1
LIGHT SNOW                7     SLEET                      0
FOG                      18     FOG W/VIS <= 1/4 MILE      9
HAZE                      0

-  INDICATES NEGATIVE NUMBERS.
R  INDICATES RECORD WAS SET OR TIED.
MM INDICATES DATA IS MISSING.
T  INDICATES TRACE AMOUNT.

$$
